{"id":132,"date":"2014-04-03T09:44:22","date_gmt":"2014-04-03T09:44:22","guid":{"rendered":"http:\/\/wordpress.educom.pt\/TIC-Portugal-14\/?page_id=132"},"modified":"2014-04-16T12:19:39","modified_gmt":"2014-04-16T12:19:39","slug":"informacoes-uteis-em-evora","status":"publish","type":"page","link":"https:\/\/wordpress.educom.pt\/TIC-Portugal-14\/?page_id=132","title":{"rendered":"Informa\u00e7\u00f5es \u00fateis em \u00c9vora"},"content":{"rendered":"<div>\n<h3>Contacto<\/h3>\n<p><span class=\"Apple-style-span\" style=\"font-weight: normal;\">Telefone\u00a0<\/span><strong><span class=\"Apple-style-span\" style=\"font-weight: normal;\"><strong>\u00a0266768050<\/strong><\/span><\/strong><\/p>\n<p>Email\u00a0\u00a0<strong>minerva@uevora.pt<\/strong><a href=\"mailto:cctic@ese.ipsantarem.pt\"><br \/>\n<\/a><\/p>\n<p>&nbsp;<\/p>\n<h3>Localiza\u00e7\u00e3o<\/h3>\n<p>LOCAL &#8211; ESPA\u00c7OS DO ENCONTRO<\/p>\n<p><strong>\u00c9VORA<\/strong><\/p>\n<div>\n<p>Col\u00e9gio do Esp\u00edrito Santo &#8211; Universidade de \u00c9vora<\/p>\n<\/div>\n<div><\/div>\n<p><iframe loading=\"lazy\" src=\"https:\/\/maps.google.com\/maps?client=safari&amp;oe=UTF-8&amp;ie=UTF8&amp;q=Universidade+de+%C3%89vora&amp;fb=1&amp;hq=&amp;cid=11628905694793117131&amp;hnear=&amp;ll=38.57331,-7.903919&amp;spn=0.006295,0.006295&amp;t=m&amp;output=embed\" height=\"350\" width=\"425\" frameborder=\"0\" marginwidth=\"0\" marginheight=\"0\" scrolling=\"no\"><\/iframe><br \/>\n<small><a style=\"color: #0000ff; text-align: left;\" href=\"https:\/\/maps.google.com\/maps?client=safari&amp;oe=UTF-8&amp;ie=UTF8&amp;q=Universidade+de+%C3%89vora&amp;fb=1&amp;hq=&amp;cid=11628905694793117131&amp;hnear=&amp;ll=38.57331,-7.903919&amp;spn=0.006295,0.006295&amp;t=m&amp;source=embed\">Ver mapa maior<\/a><\/small><\/p>\n<div>\n<h3><a href=\"https:\/\/wordpress.educom.pt\/TIC-Portugal-14\/wp-content\/uploads\/2014\/04\/ccticue_novo_logo.jpg\"><img decoding=\"async\" loading=\"lazy\" alt=\"ccticue_novo_logo\" src=\"https:\/\/wordpress.educom.pt\/TIC-Portugal-14\/wp-content\/uploads\/2014\/04\/ccticue_novo_logo-300x99.jpg\" width=\"300\" height=\"99\" \/><\/a><\/h3>\n<\/div>\n<\/div>\n","protected":false},"excerpt":{"rendered":"<p>Contacto Telefone\u00a0\u00a0266768050 Email\u00a0\u00a0minerva@uevora.pt &nbsp; Localiza\u00e7\u00e3o LOCAL &#8211; ESPA\u00c7OS DO ENCONTRO \u00c9VORA Col\u00e9gio do Esp\u00edrito Santo &#8211; Universidade de \u00c9vora Ver mapa maior<\/p>\n","protected":false},"author":6,"featured_media":0,"parent":0,"menu_order":0,"comment_status":"closed","ping_status":"open","template":"","meta":[],"_links":{"self":[{"href":"https:\/\/wordpress.educom.pt\/TIC-Portugal-14\/index.php?rest_route=\/wp\/v2\/pages\/132"}],"collection":[{"href":"https:\/\/wordpress.educom.pt\/TIC-Portugal-14\/index.php?rest_route=\/wp\/v2\/pages"}],"about":[{"href":"https:\/\/wordpress.educom.pt\/TIC-Portugal-14\/index.php?rest_route=\/wp\/v2\/types\/page"}],"author":[{"embeddable":true,"href":"https:\/\/wordpress.educom.pt\/TIC-Portugal-14\/index.php?rest_route=\/wp\/v2\/users\/6"}],"replies":[{"embeddable":true,"href":"https:\/\/wordpress.educom.pt\/TIC-Portugal-14\/index.php?rest_route=%2Fwp%2Fv2%2Fcomments&post=132"}],"version-history":[{"count":8,"href":"https:\/\/wordpress.educom.pt\/TIC-Portugal-14\/index.php?rest_route=\/wp\/v2\/pages\/132\/revisions"}],"predecessor-version":[{"id":289,"href":"https:\/\/wordpress.educom.pt\/TIC-Portugal-14\/index.php?rest_route=\/wp\/v2\/pages\/132\/revisions\/289"}],"wp:attachment":[{"href":"https:\/\/wordpress.educom.pt\/TIC-Portugal-14\/index.php?rest_route=%2Fwp%2Fv2%2Fmedia&parent=132"}],"curies":[{"name":"wp","href":"https:\/\/api.w.org\/{rel}","templated":true}]}}