{"id":136,"date":"2014-04-03T10:04:13","date_gmt":"2014-04-03T10:04:13","guid":{"rendered":"http:\/\/wordpress.educom.pt\/TIC-Portugal-14\/?page_id=136"},"modified":"2014-04-16T12:32:26","modified_gmt":"2014-04-16T12:32:26","slug":"informacoes-uteis-em-santarem","status":"publish","type":"page","link":"https:\/\/wordpress.educom.pt\/TIC-Portugal-14\/?page_id=136","title":{"rendered":"Informa\u00e7\u00f5es \u00fateis em Santar\u00e9m"},"content":{"rendered":"<h3>Contacto<\/h3>\n<p><b><\/b>Centro de Compet\u00eancia TIC da E.S.E. de Santar\u00e9m<\/p>\n<p>Complexo Andaluz, Apartado 131\u00a0 *\u00a0 2001-902 Santar\u00e9m &#8211; Portugal<\/p>\n<p>Tel\u00a0<strong>243 309 180; 243 309 180\u00a0<\/strong> * Fax\u00a0<strong>243 309 187<\/strong><\/p>\n<p>Email\u00a0<strong>cctic@ese.ipsantarem.pt\u00a0 \u00a0<\/strong><\/p>\n<p><a href=\"http:\/\/cctic.ese.ipsantarem.pt\/cctic\/\">http:\/\/cctic.ese.ipsantarem.pt\/cctic\/<\/a><\/p>\n<p>&nbsp;<\/p>\n<p><span class=\"Apple-style-span\" style=\"font-family: Bitter, Georgia, serif; font-size: 22px; font-weight: bold; line-height: 28px;\">Localiza\u00e7\u00e3o<\/span><\/p>\n<p>LOCAL &#8211; ESPA\u00c7OS DO ENCONTRO<\/p>\n<p><b>SANTAR\u00c9M<\/b><\/p>\n<div>Audit\u00f3rio 1, da Escola Superior de Educa\u00e7\u00e3o de Santar\u00e9m<\/div>\n<div><\/div>\n<div><\/div>\n<p><iframe loading=\"lazy\" src=\"https:\/\/maps.google.com\/maps\/ms?ie=UTF8&amp;hl=en&amp;msa=0&amp;msid=211121909403503120437.00044cab7985577b5df5c&amp;source=embed&amp;t=h&amp;ll=39.221864,-8.688791&amp;spn=0.002909,0.00456&amp;output=embed\" height=\"350\" width=\"425\" frameborder=\"0\" marginwidth=\"0\" marginheight=\"0\" scrolling=\"no\"><\/iframe><br \/>\n<small>View <a style=\"color: #0000ff; text-align: left;\" href=\"https:\/\/maps.google.com\/maps\/ms?ie=UTF8&amp;hl=en&amp;msa=0&amp;msid=211121909403503120437.00044cab7985577b5df5c&amp;source=embed&amp;t=h&amp;ll=39.221864,-8.688791&amp;spn=0.002909,0.00456\">CC TIC ESES<\/a> in a larger map<\/small><\/p>\n<p>&nbsp;<\/p>\n<p><a href=\"https:\/\/wordpress.educom.pt\/TIC-Portugal-14\/wp-content\/uploads\/2014\/04\/logo_cctic.png\"><img decoding=\"async\" loading=\"lazy\" class=\"alignnone size-full wp-image-280\" alt=\"logo_cctic\" src=\"https:\/\/wordpress.educom.pt\/TIC-Portugal-14\/wp-content\/uploads\/2014\/04\/logo_cctic.png\" width=\"195\" height=\"95\" \/><\/a><\/p>\n","protected":false},"excerpt":{"rendered":"<p>Contacto Centro de Compet\u00eancia TIC da E.S.E. de Santar\u00e9m Complexo Andaluz, Apartado 131\u00a0 *\u00a0 2001-902 Santar\u00e9m &#8211; Portugal Tel\u00a0243 309 180; 243 309 180\u00a0 * Fax\u00a0243 309 187 Email\u00a0cctic@ese.ipsantarem.pt\u00a0 \u00a0 http:\/\/cctic.ese.ipsantarem.pt\/cctic\/ &nbsp; Localiza\u00e7\u00e3o LOCAL &#8211; ESPA\u00c7OS DO ENCONTRO SANTAR\u00c9M Audit\u00f3rio 1, da Escola Superior de Educa\u00e7\u00e3o de Santar\u00e9m View CC TIC ESES in a larger [&hellip;]<\/p>\n","protected":false},"author":6,"featured_media":0,"parent":0,"menu_order":0,"comment_status":"closed","ping_status":"open","template":"","meta":[],"_links":{"self":[{"href":"https:\/\/wordpress.educom.pt\/TIC-Portugal-14\/index.php?rest_route=\/wp\/v2\/pages\/136"}],"collection":[{"href":"https:\/\/wordpress.educom.pt\/TIC-Portugal-14\/index.php?rest_route=\/wp\/v2\/pages"}],"about":[{"href":"https:\/\/wordpress.educom.pt\/TIC-Portugal-14\/index.php?rest_route=\/wp\/v2\/types\/page"}],"author":[{"embeddable":true,"href":"https:\/\/wordpress.educom.pt\/TIC-Portugal-14\/index.php?rest_route=\/wp\/v2\/users\/6"}],"replies":[{"embeddable":true,"href":"https:\/\/wordpress.educom.pt\/TIC-Portugal-14\/index.php?rest_route=%2Fwp%2Fv2%2Fcomments&post=136"}],"version-history":[{"count":7,"href":"https:\/\/wordpress.educom.pt\/TIC-Portugal-14\/index.php?rest_route=\/wp\/v2\/pages\/136\/revisions"}],"predecessor-version":[{"id":291,"href":"https:\/\/wordpress.educom.pt\/TIC-Portugal-14\/index.php?rest_route=\/wp\/v2\/pages\/136\/revisions\/291"}],"wp:attachment":[{"href":"https:\/\/wordpress.educom.pt\/TIC-Portugal-14\/index.php?rest_route=%2Fwp%2Fv2%2Fmedia&parent=136"}],"curies":[{"name":"wp","href":"https:\/\/api.w.org\/{rel}","templated":true}]}}

Informações úteis em Santarém

<h3>Contacto</h3>
<p><b></b>Centro de Competência TIC da E.S.E. de Santarém</p>
<p>Complexo Andaluz, Apartado 131  *  2001-902 Santarém &#8211; Portugal</p>
<p>Tel <strong>243 309 180; 243 309 180 </strong> * Fax <strong>243 309 187</strong></p>
<p>Email <strong>cctic@ese.ipsantarem.pt   </strong></p>
<p><a href="http://cctic.ese.ipsantarem.pt/cctic/">http://cctic.ese.ipsantarem.pt/cctic/</a></p>
<p>&nbsp;</p>
<p><span class="Apple-style-span" style="font-family: Bitter, Georgia, serif; font-size: 22px; font-weight: bold; line-height: 28px;">Localização</span></p>
<p>LOCAL &#8211; ESPAÇOS DO ENCONTRO</p>
<p><b>SANTARÉM</b></p>
<div>Auditório 1, da Escola Superior de Educação de Santarém</div>
<div></div>
<div></div>
<p><iframe loading="lazy" src="https://maps.google.com/maps/ms?ie=UTF8&amp;hl=en&amp;msa=0&amp;msid=211121909403503120437.00044cab7985577b5df5c&amp;source=embed&amp;t=h&amp;ll=39.221864,-8.688791&amp;spn=0.002909,0.00456&amp;output=embed" height="350" width="425" frameborder="0" marginwidth="0" marginheight="0" scrolling="no"></iframe><br />
<small>View <a style="color: #0000ff; text-align: left;" href="https://maps.google.com/maps/ms?ie=UTF8&amp;hl=en&amp;msa=0&amp;msid=211121909403503120437.00044cab7985577b5df5c&amp;source=embed&amp;t=h&amp;ll=39.221864,-8.688791&amp;spn=0.002909,0.00456">CC TIC ESES</a> in a larger map</small></p>
<p>&nbsp;</p>
<p><a href="https://wordpress.educom.pt/TIC-Portugal-14/wp-content/uploads/2014/04/logo_cctic.png"><img decoding="async" loading="lazy" class="alignnone size-full wp-image-280" alt="logo_cctic" src="https://wordpress.educom.pt/TIC-Portugal-14/wp-content/uploads/2014/04/logo_cctic.png" width="195" height="95" /></a></p>

<p>Contacto Centro de Competência TIC da E.S.E. de Santarém Complexo Andaluz, Apartado 131  *  2001-902 Santarém &#8211; Portugal Tel 243 309 180; 243 309 180  * Fax 243 309 187 Email cctic@ese.ipsantarem.pt    http://cctic.ese.ipsantarem.pt/cctic/ &nbsp; Localização LOCAL &#8211; ESPAÇOS DO ENCONTRO SANTARÉM Auditório 1, da Escola Superior de Educação de Santarém View CC TIC ESES in a larger [&hellip;]</p>
