{"id":180,"date":"2014-04-10T14:18:47","date_gmt":"2014-04-10T14:18:47","guid":{"rendered":"http:\/\/wordpress.educom.pt\/TIC-Portugal-14\/?page_id=180"},"modified":"2014-04-25T14:54:17","modified_gmt":"2014-04-25T14:54:17","slug":"informacoes-uteis-em-braga","status":"publish","type":"page","link":"https:\/\/wordpress.educom.pt\/TIC-Portugal-14\/?page_id=180","title":{"rendered":"Informa\u00e7\u00f5es \u00fateis em Braga"},"content":{"rendered":"<h3>Inscri\u00e7\u00f5es<\/h3>\n<p>Abertura das inscri\u00e7\u00f5es <strong>a partir do dia 16 de maio<\/strong>.<\/p>\n<h3>Contacto<\/h3>\n<p>CCTIC &#8211; Centro de Compet\u00eancia em TIC na Educa\u00e7\u00e3o<br \/>\nInstituto de Educa\u00e7\u00e3o da Universidade do Minho<br \/>\nCampus de Gualtar<br \/>\n4710-057 Braga<\/p>\n<p>Telefone <strong>253 601 370<\/strong><br \/>\nFax \u00a0<strong>253 601 370<\/strong><br \/>\nEmail\u00a0<strong>centrodecompetencia@ie.uminho.pt<\/strong><\/p>\n<p>&nbsp;<\/p>\n<h3>Localiza\u00e7\u00e3o<\/h3>\n<p><span style=\"font-family: verdana, sans-serif;\">LOCAL &#8211; ESPA\u00c7OS DO ENCONTRO<\/span><\/p>\n<p><strong>BRAGA<\/strong><\/p>\n<p><iframe loading=\"lazy\" src=\"https:\/\/maps.google.com\/maps?f=q&amp;source=s_q&amp;hl=pt-PT&amp;geocode=&amp;q=Instituto+de+Educa%C3%A7%C3%A3o+e+Psicologia,+Braga,+Portugal&amp;aq=0&amp;oq=Instituto+de+Educa%C3%A7%C3%A3o+e+Psicologia+de+Braga&amp;sll=41.563766,-8.396645&amp;sspn=0.03866,0.07699&amp;t=h&amp;ie=UTF8&amp;hq=Instituto+de+Educa%C3%A7%C3%A3o+e+Psicologia,&amp;hnear=Braga,+Portugal&amp;ll=41.563766,-8.396645&amp;spn=0.031874,0.065652&amp;output=embed\" width=\"425\" height=\"350\" frameborder=\"0\" marginwidth=\"0\" marginheight=\"0\" scrolling=\"no\"><\/iframe><br \/>\n<small><a style=\"color: #0000ff; text-align: left;\" href=\"https:\/\/maps.google.com\/maps?f=q&amp;source=embed&amp;hl=pt-PT&amp;geocode=&amp;q=Instituto+de+Educa%C3%A7%C3%A3o+e+Psicologia,+Braga,+Portugal&amp;aq=0&amp;oq=Instituto+de+Educa%C3%A7%C3%A3o+e+Psicologia+de+Braga&amp;sll=41.563766,-8.396645&amp;sspn=0.03866,0.07699&amp;t=h&amp;ie=UTF8&amp;hq=Instituto+de+Educa%C3%A7%C3%A3o+e+Psicologia,&amp;hnear=Braga,+Portugal&amp;ll=41.563766,-8.396645&amp;spn=0.031874,0.065652\">Ver mapa maior<\/a><\/small><\/p>\n<h3><a href=\"https:\/\/wordpress.educom.pt\/TIC-Portugal-14\/wp-content\/uploads\/2014\/04\/ccticum.png\"><img decoding=\"async\" loading=\"lazy\" src=\"https:\/\/wordpress.educom.pt\/TIC-Portugal-14\/wp-content\/uploads\/2014\/04\/ccticum.png\" alt=\"ccticum\" width=\"226\" height=\"120\" \/><\/a><\/h3>\n","protected":false},"excerpt":{"rendered":"<p>Inscri\u00e7\u00f5es Abertura das inscri\u00e7\u00f5es a partir do dia 16 de maio. Contacto CCTIC &#8211; Centro de Compet\u00eancia em TIC na Educa\u00e7\u00e3o Instituto de Educa\u00e7\u00e3o da Universidade do Minho Campus de Gualtar 4710-057 Braga Telefone 253 601 370 Fax \u00a0253 601 370 Email\u00a0centrodecompetencia@ie.uminho.pt &nbsp; Localiza\u00e7\u00e3o LOCAL &#8211; ESPA\u00c7OS DO ENCONTRO BRAGA Ver mapa maior<\/p>\n","protected":false},"author":2,"featured_media":0,"parent":0,"menu_order":0,"comment_status":"closed","ping_status":"open","template":"","meta":[],"_links":{"self":[{"href":"https:\/\/wordpress.educom.pt\/TIC-Portugal-14\/index.php?rest_route=\/wp\/v2\/pages\/180"}],"collection":[{"href":"https:\/\/wordpress.educom.pt\/TIC-Portugal-14\/index.php?rest_route=\/wp\/v2\/pages"}],"about":[{"href":"https:\/\/wordpress.educom.pt\/TIC-Portugal-14\/index.php?rest_route=\/wp\/v2\/types\/page"}],"author":[{"embeddable":true,"href":"https:\/\/wordpress.educom.pt\/TIC-Portugal-14\/index.php?rest_route=\/wp\/v2\/users\/2"}],"replies":[{"embeddable":true,"href":"https:\/\/wordpress.educom.pt\/TIC-Portugal-14\/index.php?rest_route=%2Fwp%2Fv2%2Fcomments&post=180"}],"version-history":[{"count":11,"href":"https:\/\/wordpress.educom.pt\/TIC-Portugal-14\/index.php?rest_route=\/wp\/v2\/pages\/180\/revisions"}],"predecessor-version":[{"id":381,"href":"https:\/\/wordpress.educom.pt\/TIC-Portugal-14\/index.php?rest_route=\/wp\/v2\/pages\/180\/revisions\/381"}],"wp:attachment":[{"href":"https:\/\/wordpress.educom.pt\/TIC-Portugal-14\/index.php?rest_route=%2Fwp%2Fv2%2Fmedia&parent=180"}],"curies":[{"name":"wp","href":"https:\/\/api.w.org\/{rel}","templated":true}]}}

Informações úteis em Braga

<h3>Inscrições</h3>
<p>Abertura das inscrições <strong>a partir do dia 16 de maio</strong>.</p>
<h3>Contacto</h3>
<p>CCTIC &#8211; Centro de Competência em TIC na Educação<br />
Instituto de Educação da Universidade do Minho<br />
Campus de Gualtar<br />
4710-057 Braga</p>
<p>Telefone <strong>253 601 370</strong><br />
Fax  <strong>253 601 370</strong><br />
Email <strong>centrodecompetencia@ie.uminho.pt</strong></p>
<p>&nbsp;</p>
<h3>Localização</h3>
<p><span style="font-family: verdana, sans-serif;">LOCAL &#8211; ESPAÇOS DO ENCONTRO</span></p>
<p><strong>BRAGA</strong></p>
<p><iframe loading="lazy" src="https://maps.google.com/maps?f=q&amp;source=s_q&amp;hl=pt-PT&amp;geocode=&amp;q=Instituto+de+Educa%C3%A7%C3%A3o+e+Psicologia,+Braga,+Portugal&amp;aq=0&amp;oq=Instituto+de+Educa%C3%A7%C3%A3o+e+Psicologia+de+Braga&amp;sll=41.563766,-8.396645&amp;sspn=0.03866,0.07699&amp;t=h&amp;ie=UTF8&amp;hq=Instituto+de+Educa%C3%A7%C3%A3o+e+Psicologia,&amp;hnear=Braga,+Portugal&amp;ll=41.563766,-8.396645&amp;spn=0.031874,0.065652&amp;output=embed" width="425" height="350" frameborder="0" marginwidth="0" marginheight="0" scrolling="no"></iframe><br />
<small><a style="color: #0000ff; text-align: left;" href="https://maps.google.com/maps?f=q&amp;source=embed&amp;hl=pt-PT&amp;geocode=&amp;q=Instituto+de+Educa%C3%A7%C3%A3o+e+Psicologia,+Braga,+Portugal&amp;aq=0&amp;oq=Instituto+de+Educa%C3%A7%C3%A3o+e+Psicologia+de+Braga&amp;sll=41.563766,-8.396645&amp;sspn=0.03866,0.07699&amp;t=h&amp;ie=UTF8&amp;hq=Instituto+de+Educa%C3%A7%C3%A3o+e+Psicologia,&amp;hnear=Braga,+Portugal&amp;ll=41.563766,-8.396645&amp;spn=0.031874,0.065652">Ver mapa maior</a></small></p>
<h3><a href="https://wordpress.educom.pt/TIC-Portugal-14/wp-content/uploads/2014/04/ccticum.png"><img decoding="async" loading="lazy" src="https://wordpress.educom.pt/TIC-Portugal-14/wp-content/uploads/2014/04/ccticum.png" alt="ccticum" width="226" height="120" /></a></h3>

<p>Inscrições Abertura das inscrições a partir do dia 16 de maio. Contacto CCTIC &#8211; Centro de Competência em TIC na Educação Instituto de Educação da Universidade do Minho Campus de Gualtar 4710-057 Braga Telefone 253 601 370 Fax  253 601 370 Email centrodecompetencia@ie.uminho.pt &nbsp; Localização LOCAL &#8211; ESPAÇOS DO ENCONTRO BRAGA Ver mapa maior</p>
