{"id":584,"date":"2014-06-26T11:00:53","date_gmt":"2014-06-26T11:00:53","guid":{"rendered":"http:\/\/wordpress.educom.pt\/TIC-Portugal-14\/?page_id=584"},"modified":"2014-06-26T11:04:56","modified_gmt":"2014-06-26T11:04:56","slug":"submissao-de-comunicacoes-2","status":"publish","type":"page","link":"https:\/\/wordpress.educom.pt\/TIC-Portugal-14\/?page_id=584","title":{"rendered":"Submiss\u00e3o de Comunica\u00e7\u00f5es"},"content":{"rendered":"<p>A identidade do encontro tem desde a primeira edi\u00e7\u00e3o sido centrada na apresenta\u00e7\u00e3o e reflex\u00e3o em torno de\u00a0<strong>Boas Pr\u00e1ticas com TIC em Educa\u00e7\u00e3o<\/strong>.<\/p>\n<p><span style=\"color: #222222;\">A data limite para submiss\u00e3o de comunica\u00e7\u00f5es foi dia <strong>22 de junho 2014<\/strong>, pelo que n\u00e3o \u00e9 j\u00e1 poss\u00edvel submeter\u00a0mais propostas.<\/span><br style=\"color: #222222;\" \/><br \/>\n<span style=\"color: #222222;\">As propostas submetidas foram apreciadas pela organiza\u00e7\u00e3o apenas quanto \u00e0 pertin\u00eancia da boa pr\u00e1tica considerada e a conformidade com o modelo solicitado, n\u00e3o se realizando avalia\u00e7\u00e3o cient\u00edfica das mesmas e estar\u00e3o identificadas no programa final do evento.<\/span><br style=\"color: #222222;\" \/><br style=\"color: #222222;\" \/><\/p>\n<p>&nbsp;<\/p>\n<p>Caso pretenda acompanhar a sua comunica\u00e7\u00e3o com a projec\u00e7\u00e3o de diapositivos sugerimos que utilize o modelo de diapositivos do evento dispon\u00edvel para\u00a0download:\u00a0<a title=\"Modelo de diapositivos do TIC@Portugal'14\" href=\"https:\/\/wordpress.educom.pt\/TIC-Portugal-14\/wp-content\/uploads\/2014\/05\/modelo-de-diapositivos.pptx\">modelo-de-diapositivos.pptx\u00a0<\/a>(211KB)<\/p>\n","protected":false},"excerpt":{"rendered":"<p>A identidade do encontro tem desde a primeira edi\u00e7\u00e3o sido centrada na apresenta\u00e7\u00e3o e reflex\u00e3o em torno de\u00a0Boas Pr\u00e1ticas com TIC em Educa\u00e7\u00e3o. A data limite para submiss\u00e3o de comunica\u00e7\u00f5es foi dia 22 de junho 2014, pelo que n\u00e3o \u00e9 j\u00e1 poss\u00edvel submeter\u00a0mais propostas. As propostas submetidas foram apreciadas pela organiza\u00e7\u00e3o apenas quanto \u00e0 pertin\u00eancia [&hellip;]<\/p>\n","protected":false},"author":2,"featured_media":0,"parent":0,"menu_order":0,"comment_status":"closed","ping_status":"open","template":"","meta":[],"_links":{"self":[{"href":"https:\/\/wordpress.educom.pt\/TIC-Portugal-14\/index.php?rest_route=\/wp\/v2\/pages\/584"}],"collection":[{"href":"https:\/\/wordpress.educom.pt\/TIC-Portugal-14\/index.php?rest_route=\/wp\/v2\/pages"}],"about":[{"href":"https:\/\/wordpress.educom.pt\/TIC-Portugal-14\/index.php?rest_route=\/wp\/v2\/types\/page"}],"author":[{"embeddable":true,"href":"https:\/\/wordpress.educom.pt\/TIC-Portugal-14\/index.php?rest_route=\/wp\/v2\/users\/2"}],"replies":[{"embeddable":true,"href":"https:\/\/wordpress.educom.pt\/TIC-Portugal-14\/index.php?rest_route=%2Fwp%2Fv2%2Fcomments&post=584"}],"version-history":[{"count":2,"href":"https:\/\/wordpress.educom.pt\/TIC-Portugal-14\/index.php?rest_route=\/wp\/v2\/pages\/584\/revisions"}],"predecessor-version":[{"id":588,"href":"https:\/\/wordpress.educom.pt\/TIC-Portugal-14\/index.php?rest_route=\/wp\/v2\/pages\/584\/revisions\/588"}],"wp:attachment":[{"href":"https:\/\/wordpress.educom.pt\/TIC-Portugal-14\/index.php?rest_route=%2Fwp%2Fv2%2Fmedia&parent=584"}],"curies":[{"name":"wp","href":"https:\/\/api.w.org\/{rel}","templated":true}]}}

Submissão de Comunicações

<p>A identidade do encontro tem desde a primeira edição sido centrada na apresentação e reflexão em torno de <strong>Boas Práticas com TIC em Educação</strong>.</p>
<p><span style="color: #222222;">A data limite para submissão de comunicações foi dia <strong>22 de junho 2014</strong>, pelo que não é já possível submeter mais propostas.</span><br style="color: #222222;" /><br />
<span style="color: #222222;">As propostas submetidas foram apreciadas pela organização apenas quanto à pertinência da boa prática considerada e a conformidade com o modelo solicitado, não se realizando avaliação científica das mesmas e estarão identificadas no programa final do evento.</span><br style="color: #222222;" /><br style="color: #222222;" /></p>
<p>&nbsp;</p>
<p>Caso pretenda acompanhar a sua comunicação com a projecção de diapositivos sugerimos que utilize o modelo de diapositivos do evento disponível para download: <a title="Modelo de diapositivos do TIC@Portugal'14" href="https://wordpress.educom.pt/TIC-Portugal-14/wp-content/uploads/2014/05/modelo-de-diapositivos.pptx">modelo-de-diapositivos.pptx </a>(211KB)</p>

<p>A identidade do encontro tem desde a primeira edição sido centrada na apresentação e reflexão em torno de Boas Práticas com TIC em Educação. A data limite para submissão de comunicações foi dia 22 de junho 2014, pelo que não é já possível submeter mais propostas. As propostas submetidas foram apreciadas pela organização apenas quanto à pertinência [&hellip;]</p>
