{"id":6351,"date":"2016-04-19T09:22:55","date_gmt":"2016-04-19T09:22:55","guid":{"rendered":"http:\/\/wordpress.educom.pt\/TIC-Portugal-16\/?page_id=6351"},"modified":"2016-04-19T09:22:55","modified_gmt":"2016-04-19T09:22:55","slug":"informacoes-uteis-em-braga","status":"publish","type":"page","link":"https:\/\/wordpress.educom.pt\/TIC-Portugal-16\/informacoes-uteis-em-braga\/","title":{"rendered":"Informa\u00e7\u00f5es \u00fateis em Braga"},"content":{"rendered":"<h3>Contacto<\/h3>\n<p><a href=\"http:\/\/www.nonio.uminho.pt\/\">CCTIC &#8211; Centro de Compet\u00eancia em TIC na Educa\u00e7\u00e3o<\/a><br \/>\nInstituto de Educa\u00e7\u00e3o da Universidade do Minho<br \/>\nCampus de Gualtar<br \/>\n4710-057 Braga<\/p>\n<p>Telefone <strong>253 601 370<\/strong><br \/>\nFax \u00a0<strong>253 601 370<\/strong><br \/>\nEmail\u00a0<strong>centrodecompetencia@ie.uminho.pt<\/strong><\/p>\n<h3><a href=\"http:\/\/wordpress.educom.pt\/TIC-Portugal-14\/wp-content\/uploads\/2014\/04\/ccticum.png\"><img decoding=\"async\" loading=\"lazy\" src=\"http:\/\/wordpress.educom.pt\/TIC-Portugal-14\/wp-content\/uploads\/2014\/04\/ccticum.png\" alt=\"ccticum\" width=\"226\" height=\"120\" \/><\/a><\/h3>\n","protected":false},"excerpt":{"rendered":"<p>Contacto CCTIC &#8211; Centro de Compet\u00eancia em TIC na Educa\u00e7\u00e3o Instituto de Educa\u00e7\u00e3o da Universidade do Minho Campus de Gualtar 4710-057 Braga Telefone 253 601 370 Fax \u00a0253 601 370 Email\u00a0centrodecompetencia@ie.uminho.pt<\/p>\n","protected":false},"author":5,"featured_media":0,"parent":0,"menu_order":0,"comment_status":"closed","ping_status":"closed","template":"","meta":[],"_links":{"self":[{"href":"https:\/\/wordpress.educom.pt\/TIC-Portugal-16\/wp-json\/wp\/v2\/pages\/6351"}],"collection":[{"href":"https:\/\/wordpress.educom.pt\/TIC-Portugal-16\/wp-json\/wp\/v2\/pages"}],"about":[{"href":"https:\/\/wordpress.educom.pt\/TIC-Portugal-16\/wp-json\/wp\/v2\/types\/page"}],"author":[{"embeddable":true,"href":"https:\/\/wordpress.educom.pt\/TIC-Portugal-16\/wp-json\/wp\/v2\/users\/5"}],"replies":[{"embeddable":true,"href":"https:\/\/wordpress.educom.pt\/TIC-Portugal-16\/wp-json\/wp\/v2\/comments?post=6351"}],"version-history":[{"count":1,"href":"https:\/\/wordpress.educom.pt\/TIC-Portugal-16\/wp-json\/wp\/v2\/pages\/6351\/revisions"}],"predecessor-version":[{"id":6352,"href":"https:\/\/wordpress.educom.pt\/TIC-Portugal-16\/wp-json\/wp\/v2\/pages\/6351\/revisions\/6352"}],"wp:attachment":[{"href":"https:\/\/wordpress.educom.pt\/TIC-Portugal-16\/wp-json\/wp\/v2\/media?parent=6351"}],"curies":[{"name":"wp","href":"https:\/\/api.w.org\/{rel}","templated":true}]}}