{"id":8423,"date":"2016-06-17T15:12:44","date_gmt":"2016-06-17T15:12:44","guid":{"rendered":"http:\/\/wordpress.educom.pt\/TIC-Portugal-16\/?page_id=8423"},"modified":"2016-06-22T14:31:41","modified_gmt":"2016-06-22T14:31:41","slug":"ws1-monte-da-caparica","status":"publish","type":"page","link":"https:\/\/wordpress.educom.pt\/TIC-Portugal-16\/ws1-monte-da-caparica\/","title":{"rendered":"WS1 &#8211; Monte da Caparica"},"content":{"rendered":"<p><strong>WS1 &#8211;\u00a0Vamos desenhar projetos Europeus? (desenvolvimento de trabalho de projeto e de trabalho colaborativo, na sala de aula, com tecnologias) <\/strong>(Rita Zurrapa, Equipa ERTE\/DGE)<\/p>\n<p>Objetivos:<br \/>\n&#8211; Dar a conhecer a metodologia de trabalho do projeto <em>eTwinning.<\/em><br \/>\n&#8211; Explora\u00e7\u00e3o da plataforma<em> eTwinning<\/em>.<\/p>\n<p>Resumo:<br \/>\nO<em> eTwinning<\/em> \u00e9 a comunidade de escolas da Europa. Um lugar de partilha e de colabora\u00e7\u00e3o que vive do entusiasmo de todos os que comp\u00f5em esta comunidade. O<em> eTwinning<\/em> promove a colabora\u00e7\u00e3o, com recurso \u00e0s Tecnologias de Informa\u00e7\u00e3o e Comunica\u00e7\u00e3o. \u00c9 um espa\u00e7o para professores de todos os n\u00edveis de ensino e disciplinas. Atrav\u00e9s da explora\u00e7\u00e3o da plataforma os formandos ficar\u00e3o a conhecer as potencialidade do projeto <em>eTwinning<\/em>.<\/p>\n<p>&nbsp;<\/p>\n","protected":false},"excerpt":{"rendered":"<p>WS1 &#8211;\u00a0Vamos desenhar projetos Europeus? (desenvolvimento de trabalho de projeto e de trabalho colaborativo, na sala de aula, com tecnologias) (Rita Zurrapa, Equipa ERTE\/DGE) Objetivos: &#8211; Dar a conhecer a metodologia de trabalho do projeto eTwinning. &#8211; Explora\u00e7\u00e3o da plataforma eTwinning. Resumo: O eTwinning \u00e9 a comunidade de escolas da Europa. Um lugar de partilha &hellip; <a href=\"https:\/\/wordpress.educom.pt\/TIC-Portugal-16\/ws1-monte-da-caparica\/\" class=\"more-link\">Continuar a ler <span class=\"screen-reader-text\">WS1 &#8211; Monte da Caparica<\/span> <span class=\"meta-nav\">&rarr;<\/span><\/a><\/p>\n","protected":false},"author":5,"featured_media":0,"parent":0,"menu_order":0,"comment_status":"closed","ping_status":"closed","template":"","meta":[],"_links":{"self":[{"href":"https:\/\/wordpress.educom.pt\/TIC-Portugal-16\/wp-json\/wp\/v2\/pages\/8423"}],"collection":[{"href":"https:\/\/wordpress.educom.pt\/TIC-Portugal-16\/wp-json\/wp\/v2\/pages"}],"about":[{"href":"https:\/\/wordpress.educom.pt\/TIC-Portugal-16\/wp-json\/wp\/v2\/types\/page"}],"author":[{"embeddable":true,"href":"https:\/\/wordpress.educom.pt\/TIC-Portugal-16\/wp-json\/wp\/v2\/users\/5"}],"replies":[{"embeddable":true,"href":"https:\/\/wordpress.educom.pt\/TIC-Portugal-16\/wp-json\/wp\/v2\/comments?post=8423"}],"version-history":[{"count":5,"href":"https:\/\/wordpress.educom.pt\/TIC-Portugal-16\/wp-json\/wp\/v2\/pages\/8423\/revisions"}],"predecessor-version":[{"id":8485,"href":"https:\/\/wordpress.educom.pt\/TIC-Portugal-16\/wp-json\/wp\/v2\/pages\/8423\/revisions\/8485"}],"wp:attachment":[{"href":"https:\/\/wordpress.educom.pt\/TIC-Portugal-16\/wp-json\/wp\/v2\/media?parent=8423"}],"curies":[{"name":"wp","href":"https:\/\/api.w.org\/{rel}","templated":true}]}}