{"id":8844,"date":"2017-05-25T09:32:33","date_gmt":"2017-05-25T08:32:33","guid":{"rendered":"http:\/\/wordpress.educom.pt\/TIC-Portugal-17\/?page_id=8844"},"modified":"2017-06-05T14:27:21","modified_gmt":"2017-06-05T13:27:21","slug":"informacoes-uteis-em-santarem-2","status":"publish","type":"page","link":"https:\/\/wordpress.educom.pt\/TIC-Portugal-17\/informacoes-uteis-em-santarem-2\/","title":{"rendered":"Informa\u00e7\u00f5es \u00fateis em Santar\u00e9m"},"content":{"rendered":"<p><strong><a href=\"http:\/\/cctic.ese.ipsantarem.pt\/cctic\/index.php\" target=\"_blank\">Centro de Compet\u00eancia TIC da E.S.E. de Santar\u00e9m<\/a><\/strong><\/p>\n<p>Site de apoio ao encontro: Clique <span style=\"text-decoration: underline;\"><a href=\"http:\/\/cctic.ese.ipsantarem.pt\/ticportugal\/\" target=\"_blank\">aqui<\/a><\/span><\/p>\n<p>Complexo Andaluz, Apartado 131\u00a0 *\u00a0 2001-902 Santar\u00e9m \u2013 Portugal<\/p>\n<p>Tel\u00a0<strong>243 309 180\u00a0<\/strong> * Fax\u00a0<strong>243 309 187<\/strong><\/p>\n<p>Email\u00a0<strong>cctic@ese.ipsantarem.pt\u00a0 <\/strong><\/p>\n<p>&nbsp;<\/p>\n<p><iframe loading=\"lazy\" style=\"border: 0;\" src=\"https:\/\/www.google.com\/maps\/embed?pb=!1m18!1m12!1m3!1d1545.4598487513658!2d-8.688783891789942!3d39.22198947279381!2m3!1f0!2f0!3f0!3m2!1i1024!2i768!4f13.1!3m3!1m2!1s0x0%3A0x4a533034cd17a4bf!2sComplexo+Andaluz!5e0!3m2!1spt-PT!2spt!4v1495700963526\" width=\"600\" height=\"450\" frameborder=\"0\" allowfullscreen=\"allowfullscreen\"><\/iframe><\/p>\n","protected":false},"excerpt":{"rendered":"<p>Centro de Compet\u00eancia TIC da E.S.E. de Santar\u00e9m Site de apoio ao encontro: Clique aqui Complexo Andaluz, Apartado 131\u00a0 *\u00a0 2001-902 Santar\u00e9m \u2013 Portugal Tel\u00a0243 309 180\u00a0 * Fax\u00a0243 309 187 Email\u00a0cctic@ese.ipsantarem.pt\u00a0 &nbsp;<\/p>\n","protected":false},"author":9,"featured_media":0,"parent":0,"menu_order":0,"comment_status":"closed","ping_status":"closed","template":"","meta":[],"_links":{"self":[{"href":"https:\/\/wordpress.educom.pt\/TIC-Portugal-17\/wp-json\/wp\/v2\/pages\/8844"}],"collection":[{"href":"https:\/\/wordpress.educom.pt\/TIC-Portugal-17\/wp-json\/wp\/v2\/pages"}],"about":[{"href":"https:\/\/wordpress.educom.pt\/TIC-Portugal-17\/wp-json\/wp\/v2\/types\/page"}],"author":[{"embeddable":true,"href":"https:\/\/wordpress.educom.pt\/TIC-Portugal-17\/wp-json\/wp\/v2\/users\/9"}],"replies":[{"embeddable":true,"href":"https:\/\/wordpress.educom.pt\/TIC-Portugal-17\/wp-json\/wp\/v2\/comments?post=8844"}],"version-history":[{"count":2,"href":"https:\/\/wordpress.educom.pt\/TIC-Portugal-17\/wp-json\/wp\/v2\/pages\/8844\/revisions"}],"predecessor-version":[{"id":8895,"href":"https:\/\/wordpress.educom.pt\/TIC-Portugal-17\/wp-json\/wp\/v2\/pages\/8844\/revisions\/8895"}],"wp:attachment":[{"href":"https:\/\/wordpress.educom.pt\/TIC-Portugal-17\/wp-json\/wp\/v2\/media?parent=8844"}],"curies":[{"name":"wp","href":"https:\/\/api.w.org\/{rel}","templated":true}]}}