{"id":9003,"date":"2017-06-13T11:02:42","date_gmt":"2017-06-13T10:02:42","guid":{"rendered":"http:\/\/wordpress.educom.pt\/TIC-Portugal-17\/?page_id=9003"},"modified":"2017-07-02T22:05:00","modified_gmt":"2017-07-02T21:05:00","slug":"as-tic-no-jardim-de-infancia","status":"publish","type":"page","link":"https:\/\/wordpress.educom.pt\/TIC-Portugal-17\/as-tic-no-jardim-de-infancia\/","title":{"rendered":""},"content":{"rendered":"<p style=\"text-align: center;\"><strong>As TIC na educa\u00e7\u00e3o pr\u00e9-escolar<\/strong><\/p>\n<p style=\"text-align: center;\">Lina Martins<br \/>\nmartins.lina81@gmail.com<br \/>\nJardim de Inf\u00e2ncia Clube do Bibe<\/p>\n<p style=\"text-align: justify;\">Os recursos tecnol\u00f3gicos e inform\u00e1ticos fazem parte da vida de todas as crian\u00e7as, tanto em momentos de lazer como no seu quotidiano.<\/p>\n<p style=\"text-align: justify;\">A sua import\u00e2ncia no conhecimento do mundo e no contato com outros valores e culturas faz com que a sua utiliza\u00e7\u00e3o na educa\u00e7\u00e3o pr\u00e9-escolar seja considerada como um recurso de aprendizagem.<\/p>\n<p style=\"text-align: justify;\">Enquanto educadora, pretendo partilhar convosco como organizo o meu ambiente educativo de forma a promover o conhecimento e o uso de recursos tecnol\u00f3gicos e como estes s\u00e3o utilizados em projetos e atividades no nosso dia-a-dia. N\u00e3o esquecendo a import\u00e2ncia do envolvimento das fam\u00edlias e dos recursos tecnol\u00f3gicos existentes na comunidade envolvente.<\/p>\n","protected":false},"excerpt":{"rendered":"<p>As TIC na educa\u00e7\u00e3o pr\u00e9-escolar Lina Martins martins.lina81@gmail.com Jardim de Inf\u00e2ncia Clube do Bibe Os recursos tecnol\u00f3gicos e inform\u00e1ticos fazem parte da vida de todas as crian\u00e7as, tanto em momentos de lazer como no seu quotidiano. A sua import\u00e2ncia no conhecimento do mundo e no contato com outros valores e culturas faz com que a &hellip; <a href=\"https:\/\/wordpress.educom.pt\/TIC-Portugal-17\/as-tic-no-jardim-de-infancia\/\" class=\"more-link\">Continuar a ler <span class=\"screen-reader-text\"><\/span> <span class=\"meta-nav\">&rarr;<\/span><\/a><\/p>\n","protected":false},"author":9,"featured_media":0,"parent":0,"menu_order":0,"comment_status":"closed","ping_status":"closed","template":"","meta":[],"_links":{"self":[{"href":"https:\/\/wordpress.educom.pt\/TIC-Portugal-17\/wp-json\/wp\/v2\/pages\/9003"}],"collection":[{"href":"https:\/\/wordpress.educom.pt\/TIC-Portugal-17\/wp-json\/wp\/v2\/pages"}],"about":[{"href":"https:\/\/wordpress.educom.pt\/TIC-Portugal-17\/wp-json\/wp\/v2\/types\/page"}],"author":[{"embeddable":true,"href":"https:\/\/wordpress.educom.pt\/TIC-Portugal-17\/wp-json\/wp\/v2\/users\/9"}],"replies":[{"embeddable":true,"href":"https:\/\/wordpress.educom.pt\/TIC-Portugal-17\/wp-json\/wp\/v2\/comments?post=9003"}],"version-history":[{"count":2,"href":"https:\/\/wordpress.educom.pt\/TIC-Portugal-17\/wp-json\/wp\/v2\/pages\/9003\/revisions"}],"predecessor-version":[{"id":9323,"href":"https:\/\/wordpress.educom.pt\/TIC-Portugal-17\/wp-json\/wp\/v2\/pages\/9003\/revisions\/9323"}],"wp:attachment":[{"href":"https:\/\/wordpress.educom.pt\/TIC-Portugal-17\/wp-json\/wp\/v2\/media?parent=9003"}],"curies":[{"name":"wp","href":"https:\/\/api.w.org\/{rel}","templated":true}]}}