{"id":9180,"date":"2017-06-28T10:49:31","date_gmt":"2017-06-28T09:49:31","guid":{"rendered":"http:\/\/wordpress.educom.pt\/TIC-Portugal-17\/?page_id=9180"},"modified":"2017-06-28T10:50:06","modified_gmt":"2017-06-28T09:50:06","slug":"joao-neves","status":"publish","type":"page","link":"https:\/\/wordpress.educom.pt\/TIC-Portugal-17\/joao-neves\/","title":{"rendered":""},"content":{"rendered":"<p style=\"text-align: center;\"><strong>PROJETO-PILOTO \u201cMATEM\u00c1TICA E KHAN ACADEMY\u201d: UMA EXPERI\u00caNCIA NO 2\u00ba CICLO<\/strong><\/p>\n<p style=\"text-align: center;\">Jo\u00e3o Neves<\/p>\n<p style=\"text-align: center;\">jcfmneves@sapo.pt<\/p>\n<p style=\"text-align: center;\">Agrupamento de Escolas D. Lu\u00eds de Ata\u00edde<\/p>\n<p style=\"text-align: center;\">Escola B\u00e1sica dos 2\u00ba e 3\u00ba ciclos D. lu\u00eds de Ata\u00edde &#8211; Peniche<\/p>\n<p>&nbsp;<\/p>\n<p style=\"text-align: justify;\">A\u00a0<em>khan Academy<\/em>\u00a0\u00e9 uma ONG americana, que promove a educa\u00e7\u00e3o gratuita a n\u00edvel mundial, e desde 2013, atrav\u00e9s de um protocolo, a Funda\u00e7\u00e3o PT \u00e9 potenciadora desta aprendizagem no nosso pa\u00eds, ao efetuar a tradu\u00e7\u00e3o para portugu\u00eas europeu, quer dos v\u00eddeos, quer dos exerc\u00edcios da plataforma. A Educom e a Dire\u00e7\u00e3o Geral de Educa\u00e7\u00e3o uniram-se a esta iniciativa e promoveram a concretiza\u00e7\u00e3o deste projeto-piloto que envolveu cinco agrupamentos de escolas do Oeste.<\/p>\n<p style=\"text-align: justify;\">No ano letivo 2016\/17, o agrupamento D. Lu\u00eds de Ata\u00edde esteve envolvido neste projeto piloto com turmas do 1\u00ba, 2\u00ba e 3\u00ba ciclos. Durante sete meses cinco professores frequentaram forma\u00e7\u00e3o na modalidade oficina. Ao longo de cinco meses, as minhas duas turmas do 6\u00ba ano e uma do 5\u00baano, conviveram com esta plataforma.<\/p>\n<p style=\"text-align: justify;\">Quase semanalmente, os cerca de 70 alunos a que leciono desenvolveram alguma atividade tendo como suporte a plataforma\u00a0<em>Khan Academy<\/em>, quer atrav\u00e9s de trabalho presencial, quer atrav\u00e9s de trabalho aut\u00f3nomo.<\/p>\n<p style=\"text-align: justify;\">Pretende-se aqui, divulgar algumas das metodologias implementadas, da resposta dos alunos perante a plataforma, dos materiais utilizados, e dos resultados obtidos.<\/p>\n<p style=\"text-align: justify;\">Assim, esperamos que a implementa\u00e7\u00e3o deste projeto-piloto, a consequente divulga\u00e7\u00e3o e a sua monitoriza\u00e7\u00e3o, efetuada por uma equipa da Universidade Nova de Lisboa, venha a ser mais um contributo, para o ensino da matem\u00e1tica nas nossas escolas, utilizando as novas tecnologias.<\/p>\n<p>&nbsp;<\/p>\n<p>&nbsp;<\/p>\n<p>REFER\u00caNCIAS<\/p>\n<p>&nbsp;<\/p>\n<p style=\"text-align: left;\">Roberty Murphy, Lawrence Gallagher, Andrew Krumm, Jessica Mislevy and Amy Hafter, \u201cResearch on the Use of Khan Academy in Schools,\u201d SRI International, March 2014, http:\/\/www.sri.com\/sites\/default\/files\/publications\/2014-03-07_implementation_briefing.pdf .<\/p>\n<p>&nbsp;<\/p>\n","protected":false},"excerpt":{"rendered":"<p>PROJETO-PILOTO \u201cMATEM\u00c1TICA E KHAN ACADEMY\u201d: UMA EXPERI\u00caNCIA NO 2\u00ba CICLO Jo\u00e3o Neves jcfmneves@sapo.pt Agrupamento de Escolas D. Lu\u00eds de Ata\u00edde Escola B\u00e1sica dos 2\u00ba e 3\u00ba ciclos D. lu\u00eds de Ata\u00edde &#8211; Peniche &nbsp; A\u00a0khan Academy\u00a0\u00e9 uma ONG americana, que promove a educa\u00e7\u00e3o gratuita a n\u00edvel mundial, e desde 2013, atrav\u00e9s de um protocolo, a &hellip; <a href=\"https:\/\/wordpress.educom.pt\/TIC-Portugal-17\/joao-neves\/\" class=\"more-link\">Continuar a ler <span class=\"screen-reader-text\"><\/span> <span class=\"meta-nav\">&rarr;<\/span><\/a><\/p>\n","protected":false},"author":9,"featured_media":0,"parent":0,"menu_order":0,"comment_status":"closed","ping_status":"closed","template":"","meta":[],"_links":{"self":[{"href":"https:\/\/wordpress.educom.pt\/TIC-Portugal-17\/wp-json\/wp\/v2\/pages\/9180"}],"collection":[{"href":"https:\/\/wordpress.educom.pt\/TIC-Portugal-17\/wp-json\/wp\/v2\/pages"}],"about":[{"href":"https:\/\/wordpress.educom.pt\/TIC-Portugal-17\/wp-json\/wp\/v2\/types\/page"}],"author":[{"embeddable":true,"href":"https:\/\/wordpress.educom.pt\/TIC-Portugal-17\/wp-json\/wp\/v2\/users\/9"}],"replies":[{"embeddable":true,"href":"https:\/\/wordpress.educom.pt\/TIC-Portugal-17\/wp-json\/wp\/v2\/comments?post=9180"}],"version-history":[{"count":2,"href":"https:\/\/wordpress.educom.pt\/TIC-Portugal-17\/wp-json\/wp\/v2\/pages\/9180\/revisions"}],"predecessor-version":[{"id":9182,"href":"https:\/\/wordpress.educom.pt\/TIC-Portugal-17\/wp-json\/wp\/v2\/pages\/9180\/revisions\/9182"}],"wp:attachment":[{"href":"https:\/\/wordpress.educom.pt\/TIC-Portugal-17\/wp-json\/wp\/v2\/media?parent=9180"}],"curies":[{"name":"wp","href":"https:\/\/api.w.org\/{rel}","templated":true}]}}