{"id":9260,"date":"2017-06-29T17:52:09","date_gmt":"2017-06-29T16:52:09","guid":{"rendered":"http:\/\/wordpress.educom.pt\/TIC-Portugal-17\/?page_id=9260"},"modified":"2017-06-29T17:52:31","modified_gmt":"2017-06-29T16:52:31","slug":"aprender-matematica-de-forma-divertida-e-ao-ritmo-de-cada-um","status":"publish","type":"page","link":"https:\/\/wordpress.educom.pt\/TIC-Portugal-17\/aprender-matematica-de-forma-divertida-e-ao-ritmo-de-cada-um\/","title":{"rendered":""},"content":{"rendered":"<p style=\"text-align: center;\"><strong>Plataforma Khan Academy em Portugu\u00eas<br \/>\n&#8211; aprender matem\u00e1tica de forma divertida e ao ritmo de cada um<\/strong><\/p>\n<p style=\"text-align: center;\">Miguel Ant\u00f3nio Corti\u00e7o de Castro<\/p>\n<p style=\"text-align: center;\">miguel-a-castro@telecom.pt<\/p>\n<p style=\"text-align: center;\">Funda\u00e7\u00e3o PT<\/p>\n<p><strong>\u00a0<\/strong><\/p>\n<p style=\"text-align: justify;\">A Khan Academy em portugu\u00eas europeu \u00e9 uma plataforma educativa online gratuita e acess\u00edvel a todos, que permite que os alunos, atrav\u00e9s da resolu\u00e7\u00e3o de exerc\u00edcios e visualiza\u00e7\u00e3o de v\u00eddeos, aprendam matem\u00e1tica de uma forma diferente, divertida e ao seu ritmo.<\/p>\n<p style=\"text-align: justify;\">Desde 2013 que a Funda\u00e7\u00e3o Portugal Telecom tem vindo a traduzir e adaptar para a realidade portuguesa os conte\u00fados da plataforma da ONG norte-americana Khan Academy. A miss\u00e3o desta organiza\u00e7\u00e3o \u00e9 a de oferecer uma educa\u00e7\u00e3o de qualidade a qualquer pessoa, em qualquer lugar e de forma gratuita, atrav\u00e9s de uma plataforma na internet acess\u00edvel 24 horas por dia.<\/p>\n<p style=\"text-align: justify;\">Lan\u00e7ada em fevereiro de 2017, a plataforma Khan Academy em portugu\u00eas europeu est\u00e1 dispon\u00edvel em <a href=\"https:\/\/pt-pt.khanacademy.org\/\">https:\/\/pt-pt.khanacademy.org\/<\/a> e cont\u00e9m atualmente cerca de 8.500 exerc\u00edcios interativos e mais de 500 v\u00eddeos do ensino b\u00e1sico. E muitos mais se seguir\u00e3o\u2026 Com todas as funcionalidades da plataforma dos EUA, tem campos espec\u00edficos para Alunos, Professores e Pais.<\/p>\n<p style=\"text-align: justify;\">Os alunos usufruem de uma experi\u00eancia personalizada de aprendizagem, com recursos educativos adaptados ao ritmo de cada um. Podem explorar as mat\u00e9rias resolvendo exerc\u00edcios interativos de Matem\u00e1tica, tendo a ajuda de dicas e\/ou visualizando v\u00eddeos explicativos. Uma vez que a plataforma tem caracter\u00edsticas de jogo, v\u00e3o ganhando pontos, medalhas e desbloqueando \u201cavatares\u201d quando resolvem exerc\u00edcios e visualizam v\u00eddeos. \u00c0 medida que os alunos evoluem na aprendizagem, a sua atividade vai sendo registada em relat\u00f3rios, dispon\u00edveis para o aluno, professores e encarregados de educa\u00e7\u00e3o.<\/p>\n<p style=\"text-align: justify;\">Os professores, por seu turno, podem criar turmas, recomendar exerc\u00edcios e monitorizar em tempo real os conhecimentos e progresso dos alunos (por per\u00edodo de tempo, por mat\u00e9ria ou mesmo por alunos com dificuldades). Os pais, podem n\u00e3o s\u00f3 monitorizar o progresso do seu educando mas tamb\u00e9m (re)aprender Matem\u00e1tica.<\/p>\n<p style=\"text-align: justify;\">No ano letivo de 2016\/2017 a Funda\u00e7\u00e3o PT, em colabora\u00e7\u00e3o com a Dire\u00e7\u00e3o Geral da Educa\u00e7\u00e3o e com a Educom, tem vindo a desenvolver um projeto-piloto de utiliza\u00e7\u00e3o da Khan Academy em 5 Agrupamentos de Escolas da Zona Oeste, envolvendo 30 professores e 750 alunos.<\/p>\n<p><strong>N\u00ba m\u00e1ximo de formandos: <\/strong>20 <strong>\u00a0\u00a0<\/strong>\u00a0\u00a0\u00a0\u00a0\u00a0\u00a0\u00a0\u00a0\u00a0\u00a0\u00a0\u00a0\u00a0\u00a0\u00a0\u00a0\u00a0\u00a0\u00a0\u00a0\u00a0\u00a0\u00a0\u00a0\u00a0\u00a0\u00a0\u00a0\u00a0\u00a0\u00a0\u00a0\u00a0\u00a0\u00a0\u00a0\u00a0\u00a0\u00a0\u00a0\u00a0\u00a0\u00a0\u00a0\u00a0\u00a0\u00a0<strong>\u00a0\u00a0\u00a0\u00a0\u00a0\u00a0\u00a0\u00a0\u00a0<\/strong><\/p>\n<p><strong>Material necess\u00e1rio para formandos<\/strong>: os formandos dever\u00e3o trazer o seu computador\/tablet<\/p>\n","protected":false},"excerpt":{"rendered":"<p>Plataforma Khan Academy em Portugu\u00eas &#8211; aprender matem\u00e1tica de forma divertida e ao ritmo de cada um Miguel Ant\u00f3nio Corti\u00e7o de Castro miguel-a-castro@telecom.pt Funda\u00e7\u00e3o PT \u00a0 A Khan Academy em portugu\u00eas europeu \u00e9 uma plataforma educativa online gratuita e acess\u00edvel a todos, que permite que os alunos, atrav\u00e9s da resolu\u00e7\u00e3o de exerc\u00edcios e visualiza\u00e7\u00e3o de &hellip; <a href=\"https:\/\/wordpress.educom.pt\/TIC-Portugal-17\/aprender-matematica-de-forma-divertida-e-ao-ritmo-de-cada-um\/\" class=\"more-link\">Continuar a ler <span class=\"screen-reader-text\"><\/span> <span class=\"meta-nav\">&rarr;<\/span><\/a><\/p>\n","protected":false},"author":9,"featured_media":0,"parent":0,"menu_order":0,"comment_status":"closed","ping_status":"closed","template":"","meta":[],"_links":{"self":[{"href":"https:\/\/wordpress.educom.pt\/TIC-Portugal-17\/wp-json\/wp\/v2\/pages\/9260"}],"collection":[{"href":"https:\/\/wordpress.educom.pt\/TIC-Portugal-17\/wp-json\/wp\/v2\/pages"}],"about":[{"href":"https:\/\/wordpress.educom.pt\/TIC-Portugal-17\/wp-json\/wp\/v2\/types\/page"}],"author":[{"embeddable":true,"href":"https:\/\/wordpress.educom.pt\/TIC-Portugal-17\/wp-json\/wp\/v2\/users\/9"}],"replies":[{"embeddable":true,"href":"https:\/\/wordpress.educom.pt\/TIC-Portugal-17\/wp-json\/wp\/v2\/comments?post=9260"}],"version-history":[{"count":2,"href":"https:\/\/wordpress.educom.pt\/TIC-Portugal-17\/wp-json\/wp\/v2\/pages\/9260\/revisions"}],"predecessor-version":[{"id":9262,"href":"https:\/\/wordpress.educom.pt\/TIC-Portugal-17\/wp-json\/wp\/v2\/pages\/9260\/revisions\/9262"}],"wp:attachment":[{"href":"https:\/\/wordpress.educom.pt\/TIC-Portugal-17\/wp-json\/wp\/v2\/media?parent=9260"}],"curies":[{"name":"wp","href":"https:\/\/api.w.org\/{rel}","templated":true}]}}