{"id":9290,"date":"2017-07-01T08:43:53","date_gmt":"2017-07-01T07:43:53","guid":{"rendered":"http:\/\/wordpress.educom.pt\/TIC-Portugal-17\/?page_id=9290"},"modified":"2017-07-01T08:44:00","modified_gmt":"2017-07-01T07:44:00","slug":"apps-for-good","status":"publish","type":"page","link":"https:\/\/wordpress.educom.pt\/TIC-Portugal-17\/apps-for-good\/","title":{"rendered":""},"content":{"rendered":"<p style=\"text-align: center;\"><strong>Apps for Good \u2013 Apps que mudam o Mundo <\/strong><\/p>\n<p style=\"text-align: center;\">Jo\u00e3o Baracho \u2013 Diretor Executivo CDI Portugal\/ Apps for Good<\/p>\n<p style=\"text-align: center;\">Matilde Buisel \u2013 Gestora do Projeto Apps for Good Portugal (matildebuisel@cdi.org.pt)<\/p>\n<p style=\"text-align: center;\">CDI Portugal<\/p>\n<p>&nbsp;<\/p>\n<p style=\"text-align: justify;\">O Apps for Good consiste num programa educativo cujo principal objetivo \u00e9 fazer emergir uma nova gera\u00e7\u00e3o de empreendedores que consigam criar solu\u00e7\u00f5es tecnol\u00f3gicas inovadores para resolver problemas sociais.<\/p>\n<p style=\"text-align: justify;\">Trata-se de um programa internacional que foi lan\u00e7ado em Portugal no ano letivo 2014\/15, pelo CDI Portugal em parceria com a Dire\u00e7\u00e3o-Geral da Educa\u00e7\u00e3o, atrav\u00e9s da Equipa de Recursos e Tecnologias Educativas (ERTE).<\/p>\n<p style=\"text-align: justify;\">A operacionaliza\u00e7\u00e3o do projeto decorre ao longo do ano letivo, onde professores (de todas as \u00e1reas disciplinares) e alunos t\u00eam acesso a conte\u00fados online que tem por base uma metodologia de projeto de 5 passos. Para apoiar no desenvolvimento do projeto, os participantes t\u00eam acesso a uma rede de especialistas que se ligam online \u00e0 sala de aula, para prestar todo o apoio de esclarecimento de d\u00favidas. O modelo de implementa\u00e7\u00e3o poder\u00e1 ser em regime curricular ou extracurricular. No final do projeto, as escolas poder\u00e3o optar por participar na nossa competi\u00e7\u00e3o que est\u00e1 dividida em duas fases: Encontros Regionais \u2013 semifinais em que todos os alunos s\u00e3o convidados a ir a Marketplace e a fazer o seu pitch \u2013 e Evento Final \u2013 onde s\u00e3o premiadas as melhores solu\u00e7\u00f5es.<\/p>\n<p style=\"text-align: justify;\">O programa est\u00e1 desenhado para jovens entre os 10 e os 18 anos.<\/p>\n<p style=\"text-align: justify;\">Durantes estes \u00faltimos anos de atua\u00e7\u00e3o j\u00e1 cont\u00e1mos com 180 escolas, envolvendo cerca de 3266 alunos e 400 professores.<\/p>\n","protected":false},"excerpt":{"rendered":"<p>Apps for Good \u2013 Apps que mudam o Mundo Jo\u00e3o Baracho \u2013 Diretor Executivo CDI Portugal\/ Apps for Good Matilde Buisel \u2013 Gestora do Projeto Apps for Good Portugal (matildebuisel@cdi.org.pt) CDI Portugal &nbsp; O Apps for Good consiste num programa educativo cujo principal objetivo \u00e9 fazer emergir uma nova gera\u00e7\u00e3o de empreendedores que consigam criar &hellip; <a href=\"https:\/\/wordpress.educom.pt\/TIC-Portugal-17\/apps-for-good\/\" class=\"more-link\">Continuar a ler <span class=\"screen-reader-text\"><\/span> <span class=\"meta-nav\">&rarr;<\/span><\/a><\/p>\n","protected":false},"author":9,"featured_media":0,"parent":0,"menu_order":0,"comment_status":"closed","ping_status":"closed","template":"","meta":[],"_links":{"self":[{"href":"https:\/\/wordpress.educom.pt\/TIC-Portugal-17\/wp-json\/wp\/v2\/pages\/9290"}],"collection":[{"href":"https:\/\/wordpress.educom.pt\/TIC-Portugal-17\/wp-json\/wp\/v2\/pages"}],"about":[{"href":"https:\/\/wordpress.educom.pt\/TIC-Portugal-17\/wp-json\/wp\/v2\/types\/page"}],"author":[{"embeddable":true,"href":"https:\/\/wordpress.educom.pt\/TIC-Portugal-17\/wp-json\/wp\/v2\/users\/9"}],"replies":[{"embeddable":true,"href":"https:\/\/wordpress.educom.pt\/TIC-Portugal-17\/wp-json\/wp\/v2\/comments?post=9290"}],"version-history":[{"count":2,"href":"https:\/\/wordpress.educom.pt\/TIC-Portugal-17\/wp-json\/wp\/v2\/pages\/9290\/revisions"}],"predecessor-version":[{"id":9292,"href":"https:\/\/wordpress.educom.pt\/TIC-Portugal-17\/wp-json\/wp\/v2\/pages\/9290\/revisions\/9292"}],"wp:attachment":[{"href":"https:\/\/wordpress.educom.pt\/TIC-Portugal-17\/wp-json\/wp\/v2\/media?parent=9290"}],"curies":[{"name":"wp","href":"https:\/\/api.w.org\/{rel}","templated":true}]}}