{"id":9312,"date":"2017-07-01T23:09:47","date_gmt":"2017-07-01T22:09:47","guid":{"rendered":"http:\/\/wordpress.educom.pt\/TIC-Portugal-17\/?page_id=9312"},"modified":"2017-07-01T23:09:54","modified_gmt":"2017-07-01T22:09:54","slug":"scratch-e-kodu","status":"publish","type":"page","link":"https:\/\/wordpress.educom.pt\/TIC-Portugal-17\/scratch-e-kodu\/","title":{"rendered":""},"content":{"rendered":"<p style=\"text-align: center;\"><strong>SCRATCH E KODU: O PENSAMENTO COMPUTACIONAL NO 1.\u00ba CICLO<\/strong><\/p>\n<p style=\"text-align: center;\">Paula Almeida e Cristina Pontes<\/p>\n<p style=\"text-align: center;\">paula_almeida@silvessul.com; mcristina_pontes@silvessul.com<\/p>\n<p style=\"text-align: center;\">Agrupamento de Escolas Silves Sul, Arma\u00e7\u00e3o de P\u00eara<\/p>\n<p>&nbsp;<\/p>\n<p style=\"text-align: justify;\">No \u00e2mbito do projeto-piloto <em>Inicia\u00e7\u00e3o \u00e0 Programa\u00e7\u00e3o no 1.\u00ba Ciclo do Ensino B\u00e1sico<\/em> recorremos \u00e0s ferramentas educacionais Scratch e Kodu Game Lab. Este projeto-piloto foi implementado em 16 turmas, constitu\u00eddas por alunos dos 7 aos 10 anos, do 3.\u00ba e 4.\u00ba anos de escolaridade, durante uma hora semanal, no Agrupamento de Escolas Silves Sul.<\/p>\n<p style=\"text-align: justify;\">O Scratch e o Kodu s\u00e3o ambientes de programa\u00e7\u00e3o visual, que permitem criar hist\u00f3rias interativas, jogos e anima\u00e7\u00f5es. Mas, conjuntamente, tamb\u00e9m permitem desenvolver certas compet\u00eancias, como, o pensamento l\u00f3gico, o sentido cr\u00edtico, a resolu\u00e7\u00e3o de problemas e a criatividade.<\/p>\n<p style=\"text-align: justify;\">Os alunos iniciam as atividades com propostas e depois avan\u00e7am para temas propostos. Esses temas propostos s\u00e3o articulados com a professora titular de turma e algumas vezes direcionadas para a fam\u00edlia (como jogos e v\u00eddeos relacionados com \u00e9pocas festivas).<\/p>\n<p style=\"text-align: justify;\">A adapta\u00e7\u00e3o destes alunos foi muito gratificante para todos os professores envolvidos.<\/p>\n<p>&nbsp;<\/p>\n<p>REFER\u00caNCIAS<\/p>\n<p>Jesus, C., Vasconcelos, J. e Lima, R. (2016). <em>Scratch e Kodu<\/em>. 1.\u00aa edi\u00e7\u00e3o, FCA. Lisboa.<\/p>\n<p>http:\/\/www.erte.dge.mec.pt\/iniciacao-programacao-no-1o-ciclo-do-ensino-basico<\/p>\n","protected":false},"excerpt":{"rendered":"<p>SCRATCH E KODU: O PENSAMENTO COMPUTACIONAL NO 1.\u00ba CICLO Paula Almeida e Cristina Pontes paula_almeida@silvessul.com; mcristina_pontes@silvessul.com Agrupamento de Escolas Silves Sul, Arma\u00e7\u00e3o de P\u00eara &nbsp; No \u00e2mbito do projeto-piloto Inicia\u00e7\u00e3o \u00e0 Programa\u00e7\u00e3o no 1.\u00ba Ciclo do Ensino B\u00e1sico recorremos \u00e0s ferramentas educacionais Scratch e Kodu Game Lab. Este projeto-piloto foi implementado em 16 turmas, constitu\u00eddas &hellip; <a href=\"https:\/\/wordpress.educom.pt\/TIC-Portugal-17\/scratch-e-kodu\/\" class=\"more-link\">Continuar a ler <span class=\"screen-reader-text\"><\/span> <span class=\"meta-nav\">&rarr;<\/span><\/a><\/p>\n","protected":false},"author":9,"featured_media":0,"parent":0,"menu_order":0,"comment_status":"closed","ping_status":"closed","template":"","meta":[],"_links":{"self":[{"href":"https:\/\/wordpress.educom.pt\/TIC-Portugal-17\/wp-json\/wp\/v2\/pages\/9312"}],"collection":[{"href":"https:\/\/wordpress.educom.pt\/TIC-Portugal-17\/wp-json\/wp\/v2\/pages"}],"about":[{"href":"https:\/\/wordpress.educom.pt\/TIC-Portugal-17\/wp-json\/wp\/v2\/types\/page"}],"author":[{"embeddable":true,"href":"https:\/\/wordpress.educom.pt\/TIC-Portugal-17\/wp-json\/wp\/v2\/users\/9"}],"replies":[{"embeddable":true,"href":"https:\/\/wordpress.educom.pt\/TIC-Portugal-17\/wp-json\/wp\/v2\/comments?post=9312"}],"version-history":[{"count":2,"href":"https:\/\/wordpress.educom.pt\/TIC-Portugal-17\/wp-json\/wp\/v2\/pages\/9312\/revisions"}],"predecessor-version":[{"id":9314,"href":"https:\/\/wordpress.educom.pt\/TIC-Portugal-17\/wp-json\/wp\/v2\/pages\/9312\/revisions\/9314"}],"wp:attachment":[{"href":"https:\/\/wordpress.educom.pt\/TIC-Portugal-17\/wp-json\/wp\/v2\/media?parent=9312"}],"curies":[{"name":"wp","href":"https:\/\/api.w.org\/{rel}","templated":true}]}}