{"id":10299,"date":"2019-05-27T16:09:57","date_gmt":"2019-05-27T15:09:57","guid":{"rendered":"http:\/\/wordpress.educom.pt\/TIC-Portugal-19\/?page_id=10299"},"modified":"2019-06-27T22:12:20","modified_gmt":"2019-06-27T21:12:20","slug":"programa-braga","status":"publish","type":"page","link":"https:\/\/wordpress.educom.pt\/TIC-Portugal-19\/programa\/programa-braga\/","title":{"rendered":"Programa | Braga"},"content":{"rendered":"<p>09h00 \u00e0s 09h30 | Rece\u00e7\u00e3o dos participantes<\/p>\n<p>09h30 \u00e0s 10h00 | Sess\u00e3o de Abertura (videoconfer\u00eancia)<\/p>\n<p style=\"padding-left: 120px;\">Local: Jos\u00e9 Herm\u00ednio Machado, AE Dr. Francisco Sanches<br \/>\nAnt\u00f3nio Os\u00f3rio, Coordenador do CCTIC-IEUM<br \/>\nRicardo Silva, Presidente da Junta de Freguesia de S. Victor<br \/>\nJorge Pires, Presidente da Junta de Freguesia de S. Vicente<br \/>\nL\u00eddia Dias, Vereadora da Educa\u00e7\u00e3o e Cultura da CMB<br \/>\nLeandro Almeida, Presidente do Instituto de Educa\u00e7\u00e3o da Universidade do Minho<\/p>\n<p>10h00 \u00e0s 10h30 | Confer\u00eancia Plen\u00e1ria (videoconfer\u00eancia a partir do Monte de Caparica)<\/p>\n<p style=\"padding-left: 120px;\"><strong>Matem\u00e1tica &amp; Tecnologia, Todos Os Dias!<\/strong>, por Jos\u00e9 Paulo Viana<\/p>\n<p>10h30 \u00e0s 11h00 | Intervalo<\/p>\n<p>11h00 \u00e0s 11h30 | Visita ao &#8220;Est\u00fadio de Aprendizagem&#8221; &#8211; Escola B\u00e1sica Dr. Francisco Sanches<\/p>\n<p>11h30 \u00e0s 13h00 | Sess\u00f5es Pr\u00e1ticas<\/p>\n<p style=\"padding-left: 120px;\"><u><a href=\"https:\/\/wordpress.educom.pt\/TIC-Portugal-19\/programa\/programa-braga\/scratch-programar-para-aprender\/\" target=\"_blank\" rel=\"noopener noreferrer\"><strong>Scratch: Programar para aprender<\/strong><\/a><\/u>, por Ana Francisca Monteiro &#8211; Centro de Investiga\u00e7\u00e3o em Educa\u00e7\u00e3o (CIEd), Universidade do Minho<\/p>\n<p style=\"padding-left: 120px;\"><u><a href=\"https:\/\/wordpress.educom.pt\/TIC-Portugal-19\/programa\/programa-braga\/a-biblioteca-escolar-e-as-tic\/\" target=\"_blank\" rel=\"noopener noreferrer\"><strong>A Biblioteca Escolar e as TIC<\/strong><\/a><\/u>, por Helena Vilas Boas &#8211; Agrupamento de escolas Rosa Ramalho<\/p>\n<p style=\"padding-left: 120px;\"><u><a href=\"https:\/\/wordpress.educom.pt\/TIC-Portugal-19\/programa\/programa-braga\/realidade-aumentada-na-educacao\/\" target=\"_blank\" rel=\"noopener noreferrer\"><strong>Realidade Aumentada na Educa\u00e7\u00e3o<\/strong><\/a><\/u>, por Jos\u00e9 Manuel Cerqueira &#8211; Agrupamento de Escolas de Barcelos<\/p>\n<p style=\"padding-left: 120px;\"><u><a href=\"https:\/\/wordpress.educom.pt\/TIC-Portugal-19\/programa\/programa-braga\/como-construir-cenarios-de-aprendizagem-criativa-com-recurso-as-tic\/\" target=\"_blank\" rel=\"noopener noreferrer\"><strong>Como construir cen\u00e1rios de aprendizagem (cri)ativa com recurso \u00e0s TIC<\/strong><\/a><\/u>, por S\u00edlvia Ara\u00fajo &#8211; Universidade do Minho; e Lurdes Martins &#8211; Escola Secund\u00e1ria Dona Maria II<\/p>\n<p style=\"padding-left: 120px;\"><strong>&#8220;<u><a href=\"https:\/\/wordpress.educom.pt\/TIC-Portugal-19\/programa\/programa-braga\/how-water-works\/\" target=\"_blank\" rel=\"noopener noreferrer\">How Water Works<\/a><\/u>&#8220;<\/strong>, por Liliana Fernandes &#8211; Escola Secund\u00e1ria Alberto Sampaio<\/p>\n<p style=\"padding-left: 120px;\"><u><a href=\"https:\/\/wordpress.educom.pt\/TIC-Portugal-19\/programa\/programa-braga\/um-percurso-de-aprendizagem-ativa\/\" target=\"_blank\" rel=\"noopener noreferrer\"><strong>Um percurso de aprendizagem ativa<\/strong><\/a><\/u>, por Ana Paula Alves e L\u00facia Pinheiro &#8211; embaixadoras Laborat\u00f3rios de Aprendizagem<\/p>\n<p style=\"padding-left: 120px;\"><u><a href=\"https:\/\/wordpress.educom.pt\/TIC-Portugal-19\/programa\/programa-braga\/milage-aprender-uma-app-para-aprender\/\" target=\"_blank\" rel=\"noopener noreferrer\"><strong>MILAGE APRENDER+ uma APP para aprender<\/strong><\/a><\/u>, por Lara Almeida &#8211; Escola Secund\u00e1ria de Vila Verde, e Cl\u00e1udia Sousa &#8211; Escola EB 2,3 de Nogueira<\/p>\n<p style=\"padding-left: 120px;\"><u><a href=\"https:\/\/wordpress.educom.pt\/TIC-Portugal-19\/programa\/programa-braga\/a-plataforma-learningapps-como-ferramenta-pedagogica-e-colaborativa\/\" target=\"_blank\" rel=\"noopener noreferrer\"><strong>A plataforma LearningApps como ferramenta pedag\u00f3gica e\u00a0<\/strong><strong>colaborativa<\/strong><\/a><\/u>, por Vanessa Mendes, Agrupamento de Escolas Mosteiro e C\u00e1vado<\/p>\n<p style=\"padding-left: 120px;\"><u><a href=\"https:\/\/wordpress.educom.pt\/TIC-Portugal-19\/programa\/programa-braga\/europeana-a-heranca-cultural-dentro-da-sala\/\" target=\"_blank\" rel=\"noopener noreferrer\"><strong>Europeana: a heran\u00e7a cultural dentro da sala<\/strong><\/a><\/u>, por \u00c1dila Faria e Vanda Viegas, Agrupamento de Escolas de Barcelos<\/p>\n<p>13h00 \u00e0s 14h30 | Almo\u00e7o livre<\/p>\n<p>14h30 \u00e0s 16h30 | Painel: &#8220;Espa\u00e7os Flex\u00edveis de Aprendizagem&#8221;<\/p>\n<p style=\"padding-left: 120px;\">Fernando Franco, ERTE\/DGE<br \/>\nAna Paula Alves, AE Dr. Francisco Sanches<br \/>\nL\u00eddia Dias, Vereadora da Educa\u00e7\u00e3o e Cultura da CMB;<br \/>\nAnt\u00f3nio Os\u00f3rio, Instituto de Educa\u00e7\u00e3o da Universidade do Minho<\/p>\n<p>16h30 \u00e0s 17h00 | Intervalo<\/p>\n<p>17h00 \u00e0s 17h30 | Mesa Redonda: coordenadores dos CC TIC participantes (videoconfer\u00eancia)<\/p>\n<p>&nbsp;<\/p>\n<p><strong>Forma\u00e7\u00e3o Creditada de Curta Dura\u00e7\u00e3o<\/strong><\/p>\n<p>O TIC@Portugal\u201919 \u00e9 acreditado na modalidade a\u00e7\u00e3o de curta dura\u00e7\u00e3o (ACD) \u2013 6 horas.<\/p>\n","protected":false},"excerpt":{"rendered":"<p>09h00 \u00e0s 09h30 | Rece\u00e7\u00e3o dos participantes 09h30 \u00e0s 10h00 | Sess\u00e3o de Abertura (videoconfer\u00eancia) Local: Jos\u00e9 Herm\u00ednio Machado, AE Dr. Francisco Sanches Ant\u00f3nio Os\u00f3rio,&hellip;<\/p>\n","protected":false},"author":9,"featured_media":0,"parent":17,"menu_order":0,"comment_status":"closed","ping_status":"closed","template":"","meta":[],"_links":{"self":[{"href":"https:\/\/wordpress.educom.pt\/TIC-Portugal-19\/wp-json\/wp\/v2\/pages\/10299"}],"collection":[{"href":"https:\/\/wordpress.educom.pt\/TIC-Portugal-19\/wp-json\/wp\/v2\/pages"}],"about":[{"href":"https:\/\/wordpress.educom.pt\/TIC-Portugal-19\/wp-json\/wp\/v2\/types\/page"}],"author":[{"embeddable":true,"href":"https:\/\/wordpress.educom.pt\/TIC-Portugal-19\/wp-json\/wp\/v2\/users\/9"}],"replies":[{"embeddable":true,"href":"https:\/\/wordpress.educom.pt\/TIC-Portugal-19\/wp-json\/wp\/v2\/comments?post=10299"}],"version-history":[{"count":21,"href":"https:\/\/wordpress.educom.pt\/TIC-Portugal-19\/wp-json\/wp\/v2\/pages\/10299\/revisions"}],"predecessor-version":[{"id":10795,"href":"https:\/\/wordpress.educom.pt\/TIC-Portugal-19\/wp-json\/wp\/v2\/pages\/10299\/revisions\/10795"}],"up":[{"embeddable":true,"href":"https:\/\/wordpress.educom.pt\/TIC-Portugal-19\/wp-json\/wp\/v2\/pages\/17"}],"wp:attachment":[{"href":"https:\/\/wordpress.educom.pt\/TIC-Portugal-19\/wp-json\/wp\/v2\/media?parent=10299"}],"curies":[{"name":"wp","href":"https:\/\/api.w.org\/{rel}","templated":true}]}}