{"id":10330,"date":"2019-05-30T15:29:20","date_gmt":"2019-05-30T14:29:20","guid":{"rendered":"http:\/\/wordpress.educom.pt\/TIC-Portugal-19\/?page_id=10330"},"modified":"2019-06-27T15:17:46","modified_gmt":"2019-06-27T14:17:46","slug":"programa-setubal","status":"publish","type":"page","link":"https:\/\/wordpress.educom.pt\/TIC-Portugal-19\/programa\/programa-setubal\/","title":{"rendered":"Programa | Set\u00fabal"},"content":{"rendered":"<p>09h00 \u00e0s 09h30 | Rece\u00e7\u00e3o dos participantes<\/p>\n<p>09h30 \u00e0s 10h00 | Sess\u00e3o de Abertura\u00a0(videoconfer\u00eancia)<\/p>\n<p>10h00 \u00e0s 10h30 | Confer\u00eancia Plen\u00e1ria\u00a0(videoconfer\u00eancia a partir do Monte de Caparica)<\/p>\n<p style=\"padding-left: 120px;\"><strong>Matem\u00e1tica &amp; Tecnologia, Todos Os Dias!<\/strong>, por Jos\u00e9 Paulo Viana<\/p>\n<p>10h30 \u00e0s 11h00 | Intervalo<\/p>\n<p>11h00 \u00e0s 13h00 | Sess\u00f5es pr\u00e1ticas*<\/p>\n<p>13h00 \u00e0s 14h30 | Almo\u00e7o livre<\/p>\n<p>14h30 \u00e0s 16h30 | Sess\u00f5es pr\u00e1ticas*<\/p>\n<p>16h30 \u00e0s 17h00 | Intervalo<\/p>\n<p>17h00 \u00e0s 17h30 | Mesa Redonda: coordenadores dos CC TIC participantes (videoconfer\u00eancia)<\/p>\n<p>17h30 \u00e0s 17h45 | Encerramento (videoconfer\u00eancia)<\/p>\n<p>&nbsp;<\/p>\n<p>* Sess\u00f5es Pr\u00e1ticas confirmadas (turno por definir)<\/p>\n<p style=\"padding-left: 40px;\">SP 1 &#8211;<strong><u><a href=\"https:\/\/wordpress.educom.pt\/TIC-Portugal-19\/programa\/programa-setubal\/aprendizagem-ativa-maos-na-massa-sessao-pratica\/\" target=\"_blank\" rel=\"noopener noreferrer\">Aprendizagem ativa: m\u00e3os na massa<\/a><\/u><\/strong>, por S\u00edlvia Zuzarte, AE dos Casquilhos\/Embaixadora Laborat\u00f3rios de Aprendizagem<\/p>\n<p style=\"padding-left: 40px;\">SP 2 &#8211; <strong><u><a href=\"https:\/\/wordpress.educom.pt\/TIC-Portugal-19\/programa\/programa-setubal\/o-mundo-web-2-0-com-o-etwinning\/\" target=\"_blank\" rel=\"noopener noreferrer\">O mundo Web 2.0 com o eTwinning<\/a><\/u><\/strong>, por Ana Pina, AE do Barreiro &#8211; Embaixadora eTwinning da regi\u00e3o de Lisboa e Vale do Tejo<\/p>\n<p style=\"padding-left: 40px;\">SP 3 &#8211; <strong><u><a href=\"https:\/\/wordpress.educom.pt\/TIC-Portugal-19\/programa\/programa-setubal\/projetos-scratch-com-makey-makey\/\" target=\"_blank\" rel=\"noopener noreferrer\">Projetos Scratch com Makey Makey<\/a><\/u><\/strong>, por Jo\u00e3o Torres (CCTIC-ESE\/ IPS) e Ana Chambel (Escola B\u00e1sica da Cotovia)<\/p>\n<p style=\"padding-left: 40px;\">SP 4 &#8211; <strong><u><a href=\"https:\/\/wordpress.educom.pt\/TIC-Portugal-19\/programa\/programa-setubal\/desenvolvimento-de-apps-para-dispositivos-moveis\/\" target=\"_blank\" rel=\"noopener noreferrer\">Desenvolvimento de Apps para dispositivos m\u00f3veis<\/a><\/u><\/strong>, por Miguel Figueiredo, ESE do Instituto Polit\u00e9cnico de Set\u00fabal<\/p>\n<p style=\"padding-left: 40px;\">SP5 &#8211; <u><a href=\"https:\/\/wordpress.educom.pt\/TIC-Portugal-19\/programa\/programa-setubal\/exploracao-de-robots-de-solo-no-1o-ciclo-do-ensino-basico\/\" target=\"_blank\" rel=\"noopener noreferrer\"><strong>Explora\u00e7\u00e3o de robots de solo no 1.\u00ba Ciclo do Ensino B\u00e1sico<\/strong><\/a><\/u>, por Maria da Luz Simas, Mariana Frango, Rute Branquinho, Maria do Ros\u00e1rio Rodrigues e Pedro Fel\u00edcio (ESE\/ IPS)<\/p>\n<p style=\"padding-left: 40px;\">SP6 &#8211;<strong><u><a href=\"https:\/\/wordpress.educom.pt\/TIC-Portugal-19\/programa\/programa-setubal\/scratch-melodrone\/\" target=\"_blank\" rel=\"noopener noreferrer\">Scratch &amp; Melodrone<\/a><\/u><\/strong>, por\u00a0Pedro Fragoso,\u00a0Agrupamento de Escolas Sebasti\u00e3o da Gama \u2013 E.B. 2.3 Aranguez<\/p>\n<p style=\"padding-left: 40px;\">SP7 &#8211; <u><a href=\"https:\/\/wordpress.educom.pt\/TIC-Portugal-19\/programa\/programa-setubal\/potencialidades-e-desafios-da-impressao-3d\/\"><strong>Potencialidades e desafios da impress\u00e3o 3D<\/strong><\/a><\/u>, por Ricardo Cl\u00e1udio &#8211; Escola Superior de Tecnologias de Set\u00fabal do Instituto Polit\u00e9cnico de Set\u00fabal<\/p>\n","protected":false},"excerpt":{"rendered":"<p>09h00 \u00e0s 09h30 | Rece\u00e7\u00e3o dos participantes 09h30 \u00e0s 10h00 | Sess\u00e3o de Abertura\u00a0(videoconfer\u00eancia) 10h00 \u00e0s 10h30 | Confer\u00eancia Plen\u00e1ria\u00a0(videoconfer\u00eancia a partir do Monte de&hellip;<\/p>\n","protected":false},"author":9,"featured_media":0,"parent":17,"menu_order":0,"comment_status":"closed","ping_status":"closed","template":"","meta":[],"_links":{"self":[{"href":"https:\/\/wordpress.educom.pt\/TIC-Portugal-19\/wp-json\/wp\/v2\/pages\/10330"}],"collection":[{"href":"https:\/\/wordpress.educom.pt\/TIC-Portugal-19\/wp-json\/wp\/v2\/pages"}],"about":[{"href":"https:\/\/wordpress.educom.pt\/TIC-Portugal-19\/wp-json\/wp\/v2\/types\/page"}],"author":[{"embeddable":true,"href":"https:\/\/wordpress.educom.pt\/TIC-Portugal-19\/wp-json\/wp\/v2\/users\/9"}],"replies":[{"embeddable":true,"href":"https:\/\/wordpress.educom.pt\/TIC-Portugal-19\/wp-json\/wp\/v2\/comments?post=10330"}],"version-history":[{"count":12,"href":"https:\/\/wordpress.educom.pt\/TIC-Portugal-19\/wp-json\/wp\/v2\/pages\/10330\/revisions"}],"predecessor-version":[{"id":10770,"href":"https:\/\/wordpress.educom.pt\/TIC-Portugal-19\/wp-json\/wp\/v2\/pages\/10330\/revisions\/10770"}],"up":[{"embeddable":true,"href":"https:\/\/wordpress.educom.pt\/TIC-Portugal-19\/wp-json\/wp\/v2\/pages\/17"}],"wp:attachment":[{"href":"https:\/\/wordpress.educom.pt\/TIC-Portugal-19\/wp-json\/wp\/v2\/media?parent=10330"}],"curies":[{"name":"wp","href":"https:\/\/api.w.org\/{rel}","templated":true}]}}