{"id":10578,"date":"2019-06-23T17:24:40","date_gmt":"2019-06-23T16:24:40","guid":{"rendered":"http:\/\/wordpress.educom.pt\/TIC-Portugal-19\/?page_id=10578"},"modified":"2019-06-23T17:25:19","modified_gmt":"2019-06-23T16:25:19","slug":"storyboardthat-banda-desenhada-e-interdisciplinaridade","status":"publish","type":"page","link":"https:\/\/wordpress.educom.pt\/TIC-Portugal-19\/programa\/programa-faro\/storyboardthat-banda-desenhada-e-interdisciplinaridade\/","title":{"rendered":"Storyboardthat &#8211; banda desenhada e interdisciplinaridade (comunica\u00e7\u00e3o)"},"content":{"rendered":"<p style=\"text-align: center;\"><strong>\u00a0<\/strong>Maria de F\u00e1tima Palma; Paula Firmino; Maria Fernanda Vieira; Eurico B\u00e1rbara<\/p>\n<p style=\"text-align: center;\">m.fatima.palma@agr-tc.pt; paula.firmino@agr-tc.pt; m.fernanda.vieira@agrtc.pt; eurico.barbara@agr-tc.pt<\/p>\n<p style=\"text-align: center;\">Agrupamento de Escolas Tom\u00e1s Cabreira &#8211; Faro<\/p>\n<p>Mediante a apresenta\u00e7\u00e3o de uma listagem de ferramentas web fornecida pelo formador, na qual j\u00e1 constavam muitas que j\u00e1 conhec\u00edamos, foi sugerida uma atividade, em articula\u00e7\u00e3o com a Biblioteca Escolar, no \u00e2mbito da \u201cSemana da Leitura\u201d onde houve a possibilidade de experimentar outras ferramentas tais como <em>Pixton<\/em>, <em>Storyboardthat<\/em>, <em>Audacity<\/em>\u2026<\/p>\n<p>Foi escolhida a ferramenta <em>Storyboardthat<\/em> (Banda desenhada) que veio ao encontro dos conte\u00fados a abordar na \u00e1rea de portugu\u00eas. Foi criado um cen\u00e1rio de aprendizagem transversal (portugu\u00eas, express\u00f5es art\u00edsticas e TIC) que estimulasse a criatividade dos alunos. A mesma foi desenvolvida com alunos de uma faixa et\u00e1ria entre os 9 e os 12 anos.<\/p>\n<p>Esta ferramenta permitiu trabalhar e desenvolver compet\u00eancias de trabalho cooperativo a pares permitindo a troca de saberes. A explora\u00e7\u00e3o da mesma pelos alunos foi f\u00e1cil e intuitiva necessitando de pouca supervis\u00e3o do professor.<\/p>\n<p>No final, os trabalhos produzidos pelos alunos foram partilhados com a turma e foram enviados para a Professora Bibliotec\u00e1ria.<\/p>\n<p>&nbsp;<\/p>\n","protected":false},"excerpt":{"rendered":"<p>\u00a0Maria de F\u00e1tima Palma; Paula Firmino; Maria Fernanda Vieira; Eurico B\u00e1rbara m.fatima.palma@agr-tc.pt; paula.firmino@agr-tc.pt; m.fernanda.vieira@agrtc.pt; eurico.barbara@agr-tc.pt Agrupamento de Escolas Tom\u00e1s Cabreira &#8211; Faro Mediante a apresenta\u00e7\u00e3o&hellip;<\/p>\n","protected":false},"author":9,"featured_media":0,"parent":10393,"menu_order":0,"comment_status":"closed","ping_status":"closed","template":"","meta":[],"_links":{"self":[{"href":"https:\/\/wordpress.educom.pt\/TIC-Portugal-19\/wp-json\/wp\/v2\/pages\/10578"}],"collection":[{"href":"https:\/\/wordpress.educom.pt\/TIC-Portugal-19\/wp-json\/wp\/v2\/pages"}],"about":[{"href":"https:\/\/wordpress.educom.pt\/TIC-Portugal-19\/wp-json\/wp\/v2\/types\/page"}],"author":[{"embeddable":true,"href":"https:\/\/wordpress.educom.pt\/TIC-Portugal-19\/wp-json\/wp\/v2\/users\/9"}],"replies":[{"embeddable":true,"href":"https:\/\/wordpress.educom.pt\/TIC-Portugal-19\/wp-json\/wp\/v2\/comments?post=10578"}],"version-history":[{"count":2,"href":"https:\/\/wordpress.educom.pt\/TIC-Portugal-19\/wp-json\/wp\/v2\/pages\/10578\/revisions"}],"predecessor-version":[{"id":10580,"href":"https:\/\/wordpress.educom.pt\/TIC-Portugal-19\/wp-json\/wp\/v2\/pages\/10578\/revisions\/10580"}],"up":[{"embeddable":true,"href":"https:\/\/wordpress.educom.pt\/TIC-Portugal-19\/wp-json\/wp\/v2\/pages\/10393"}],"wp:attachment":[{"href":"https:\/\/wordpress.educom.pt\/TIC-Portugal-19\/wp-json\/wp\/v2\/media?parent=10578"}],"curies":[{"name":"wp","href":"https:\/\/api.w.org\/{rel}","templated":true}]}}