{"id":10596,"date":"2019-06-24T17:50:55","date_gmt":"2019-06-24T16:50:55","guid":{"rendered":"http:\/\/wordpress.educom.pt\/TIC-Portugal-19\/?page_id=10596"},"modified":"2019-06-26T12:27:11","modified_gmt":"2019-06-26T11:27:11","slug":"inteligencia-artificial-e-educacao-sessao-pratica","status":"publish","type":"page","link":"https:\/\/wordpress.educom.pt\/TIC-Portugal-19\/programa\/programa-coimbra\/inteligencia-artificial-e-educacao-sessao-pratica\/","title":{"rendered":"Intelig\u00eancia Artificial e Educa\u00e7\u00e3o (sess\u00e3o pr\u00e1tica)"},"content":{"rendered":"<p style=\"text-align: center;\">Marco Neves<\/p>\n<p style=\"text-align: center;\">Agrupamento de Escolas da Batalha<\/p>\n<p>&nbsp;<\/p>\n<p>Pretende-se com este workshop apresentar e discutir os efeitos da atual transforma\u00e7\u00e3o digital. Esta transforma\u00e7\u00e3o assenta os seus princ\u00edpios b\u00e1sicos num desenvolvimento tecnol\u00f3gico vertiginoso que deriva sobretudo da Quarta Revolu\u00e7\u00e3o Industrial. A transforma\u00e7\u00e3o tecnol\u00f3gica \u00e9 o motor de um conjunto mais vasto de transforma\u00e7\u00f5es que alteram o nosso modo de vida em todas as suas vertentes: social, cultural, econ\u00f3mico e em muito o mercado de trabalho. Temos nesta equa\u00e7\u00e3o mais duas vari\u00e1veis fulcrais: Data e AI, ou seja, Dados e Intelig\u00eancia Artificial. A Intelig\u00eancia Artificial associada \u00e0 in\u00famera quantidade de dados gerados est\u00e1 a afetar e revolucionar profundamente o nosso modo de vida e temos que perceber este movimento para que possamos todos usufruir dos seus benef\u00edcios. Na primeira parte do workshop ser\u00e1 discutido com os participantes esta tem\u00e1tica, altamente pertinente e atual (\u00e0 qual todas as entidades e sistemas educativos deveriam estar a ter e a desenvolver), numa segunda parte apresenta\u00e7\u00e3o de cen\u00e1rios e contextos que s\u00e3o facilitadores de enquadrar e proporcionar aos nossos alunos a aquisi\u00e7\u00e3o das compet\u00eancias cr\u00edticas para os momentos que vivemos.<\/p>\n<p>&nbsp;<\/p>\n<p>Publico alvo: todos os n\u00edveis de ensino<\/p>\n","protected":false},"excerpt":{"rendered":"<p>Marco Neves Agrupamento de Escolas da Batalha &nbsp; Pretende-se com este workshop apresentar e discutir os efeitos da atual transforma\u00e7\u00e3o digital. Esta transforma\u00e7\u00e3o assenta os&hellip;<\/p>\n","protected":false},"author":9,"featured_media":0,"parent":10511,"menu_order":0,"comment_status":"closed","ping_status":"closed","template":"","meta":[],"_links":{"self":[{"href":"https:\/\/wordpress.educom.pt\/TIC-Portugal-19\/wp-json\/wp\/v2\/pages\/10596"}],"collection":[{"href":"https:\/\/wordpress.educom.pt\/TIC-Portugal-19\/wp-json\/wp\/v2\/pages"}],"about":[{"href":"https:\/\/wordpress.educom.pt\/TIC-Portugal-19\/wp-json\/wp\/v2\/types\/page"}],"author":[{"embeddable":true,"href":"https:\/\/wordpress.educom.pt\/TIC-Portugal-19\/wp-json\/wp\/v2\/users\/9"}],"replies":[{"embeddable":true,"href":"https:\/\/wordpress.educom.pt\/TIC-Portugal-19\/wp-json\/wp\/v2\/comments?post=10596"}],"version-history":[{"count":4,"href":"https:\/\/wordpress.educom.pt\/TIC-Portugal-19\/wp-json\/wp\/v2\/pages\/10596\/revisions"}],"predecessor-version":[{"id":10680,"href":"https:\/\/wordpress.educom.pt\/TIC-Portugal-19\/wp-json\/wp\/v2\/pages\/10596\/revisions\/10680"}],"up":[{"embeddable":true,"href":"https:\/\/wordpress.educom.pt\/TIC-Portugal-19\/wp-json\/wp\/v2\/pages\/10511"}],"wp:attachment":[{"href":"https:\/\/wordpress.educom.pt\/TIC-Portugal-19\/wp-json\/wp\/v2\/media?parent=10596"}],"curies":[{"name":"wp","href":"https:\/\/api.w.org\/{rel}","templated":true}]}}