{"id":10659,"date":"2019-06-26T11:36:59","date_gmt":"2019-06-26T10:36:59","guid":{"rendered":"http:\/\/wordpress.educom.pt\/TIC-Portugal-19\/?page_id=10659"},"modified":"2019-06-26T11:36:59","modified_gmt":"2019-06-26T10:36:59","slug":"blackout-uma-estrategia-ou-uma-historia-comunicacao","status":"publish","type":"page","link":"https:\/\/wordpress.educom.pt\/TIC-Portugal-19\/programa\/programa-coimbra\/blackout-uma-estrategia-ou-uma-historia-comunicacao\/","title":{"rendered":"Blackout, uma estrat\u00e9gia ou uma hist\u00f3ria? (comunica\u00e7\u00e3o)"},"content":{"rendered":"<p style=\"text-align: center;\">Maria de F\u00e1tima Silva<\/p>\n<p style=\"text-align: center;\">mfsilva@aegcc.com<\/p>\n<p style=\"text-align: center;\">Agrupamento de Escolas Dr. Guilherme Correia de Carvalho, Seia<\/p>\n<p>&nbsp;<\/p>\n<p>Esta \u00e9 uma breve hist\u00f3ria de como os livros, ferramentas de excel\u00eancia para o desenvolvimento de m\u00faltiplas literacias, ajudam os alunos da era digital a valorizar a comunica\u00e7\u00e3o entre pares, o desenvolvimento do pensamento cr\u00edtico e o exerc\u00edcio de uma cidadania respons\u00e1vel.<\/p>\n<p>De acordo com as <em>Linhas Orientadoras de Educa\u00e7\u00e3o para a Cidadania<\/em>, a escola \u00e9 o contexto adequado para \u201ca educa\u00e7\u00e3o para a cidadania\u201d, formando \u201cpessoas respons\u00e1veis, aut\u00f3nomas, solid\u00e1rias\u201d e conhecedoras dos \u201cseus direitos e deveres\u201d. \u00c0 luz destas orienta\u00e7\u00f5es, o <em>Referencial de Educa\u00e7\u00e3o<\/em> <em>para os Media para a Educa\u00e7\u00e3o Pr\u00e9-escolar, o Ensino B\u00e1sico e o Ensino Secund\u00e1rio<\/em> refor\u00e7a a import\u00e2ncia de se compreender, de forma cr\u00edtica, os Media e o <strong>\u00a0<u><a href=\"http:\/\/www.dge.mec.pt\/sites\/default\/files\/Curriculo\/Projeto_Autonomia_e_Flexibilidade\/perfil_dos_alunos.pdf\"><em>Perfil dos Alunos \u00e0 Sa\u00edda da Escolaridade Obrigat\u00f3ria<\/em><\/a><\/u><\/strong> surge como um referencial para uma educa\u00e7\u00e3o de qualidade, consagrando o aluno como cidad\u00e3o \u00edntegro e munido de diversas literacias.<\/p>\n<p>Como participante no Projeto <em>Social Media Literacy For Change<\/em>, da European Schoolnet, defini uma estrat\u00e9gia de literacia para os media. De modo\u00a0 a integrar os alunos do 1\u00ba Ciclo, dei in\u00edcio \u00e0 estrat\u00e9gia com a leitura do conto <em>Blackout<\/em>, de John Rocco, que nos mostra como os momentos em fam\u00edlia devem ser cada vez mais valorizados, no sentido de promover uma comunica\u00e7\u00e3o saud\u00e1vel (SAMPAIO, 2018, p.211), elevando a leitura como suporte para a aprendizagem ao longo da vida e como ferramenta para distinguir o mundo real do mundo virtual.<\/p>\n<p><em>Blackout<\/em>, uma estrat\u00e9gia e uma hist\u00f3ria.<\/p>\n<p>&nbsp;<\/p>\n<p>REFER\u00caNCIAS:<\/p>\n<p>&nbsp;<\/p>\n<ul>\n<li>Linhas Orientadoras de Educa\u00e7\u00e3o para a Cidadania, dispon\u00edvel em:<\/li>\n<\/ul>\n<p style=\"padding-left: 40px;\"><strong><u><a href=\"http:\/\/www.dge.mec.pt\/sites\/default\/files\/ECidadania\/educacao_para_cidadania_linhas_orientadoras_nov2013.pdf\" target=\"_blank\" rel=\"noopener noreferrer\">http:\/\/www.dge.mec.pt\/sites\/default\/files\/ECidadania\/educacao_para_cidadania_linhas_orientadoras_nov2013.pdf<\/a><\/u><\/strong><\/p>\n<ul>\n<li>Referencial de Educa\u00e7\u00e3o para os Media para a Educa\u00e7\u00e3o Pr\u00e9-escolar, o Ensino B\u00e1sico e o Ensino Secund\u00e1rio, dispon\u00edvel em:<\/li>\n<\/ul>\n<p style=\"padding-left: 40px;\"><strong><u><a href=\"http:\/\/www.dge.mec.pt\/sites\/default\/files\/ficheiros\/referencial_educacao_media_2014.pdf\" target=\"_blank\" rel=\"noopener noreferrer\">http:\/\/www.dge.mec.pt\/sites\/default\/files\/ficheiros\/referencial_educacao_media_2014.pdf<\/a><\/u><\/strong><\/p>\n<ul>\n<li>Perfil dos Alunos \u00e0 Sa\u00edda da Escolaridade Obrigat\u00f3ria, dispon\u00edvel em:<\/li>\n<\/ul>\n<p style=\"padding-left: 40px;\"><strong><u><a href=\"http:\/\/www.dge.mec.pt\/sites\/default\/files\/Curriculo\/Projeto_Autonomia_e_Flexibilidade\/perfil_dos_alunos.pdf\" target=\"_blank\" rel=\"noopener noreferrer\">http:\/\/www.dge.mec.pt\/sites\/default\/files\/Curriculo\/Projeto_Autonomia_e_Flexibilidade\/perfil_dos_alunos.pdf<\/a><\/u><\/strong><\/p>\n<ul>\n<li>Rocco, John (2012) <em>Blackout<\/em>, Hyperion Books<\/li>\n<li>Sampaio, Daniel (2018) Do Telem\u00f3vel para o Mundo, Pais e Adolescentes no tempo da internet, Caminho<\/li>\n<\/ul>\n<p>&nbsp;<\/p>\n","protected":false},"excerpt":{"rendered":"<p>Maria de F\u00e1tima Silva mfsilva@aegcc.com Agrupamento de Escolas Dr. Guilherme Correia de Carvalho, Seia &nbsp; Esta \u00e9 uma breve hist\u00f3ria de como os livros, ferramentas&hellip;<\/p>\n","protected":false},"author":9,"featured_media":0,"parent":10511,"menu_order":0,"comment_status":"closed","ping_status":"closed","template":"","meta":[],"_links":{"self":[{"href":"https:\/\/wordpress.educom.pt\/TIC-Portugal-19\/wp-json\/wp\/v2\/pages\/10659"}],"collection":[{"href":"https:\/\/wordpress.educom.pt\/TIC-Portugal-19\/wp-json\/wp\/v2\/pages"}],"about":[{"href":"https:\/\/wordpress.educom.pt\/TIC-Portugal-19\/wp-json\/wp\/v2\/types\/page"}],"author":[{"embeddable":true,"href":"https:\/\/wordpress.educom.pt\/TIC-Portugal-19\/wp-json\/wp\/v2\/users\/9"}],"replies":[{"embeddable":true,"href":"https:\/\/wordpress.educom.pt\/TIC-Portugal-19\/wp-json\/wp\/v2\/comments?post=10659"}],"version-history":[{"count":1,"href":"https:\/\/wordpress.educom.pt\/TIC-Portugal-19\/wp-json\/wp\/v2\/pages\/10659\/revisions"}],"predecessor-version":[{"id":10660,"href":"https:\/\/wordpress.educom.pt\/TIC-Portugal-19\/wp-json\/wp\/v2\/pages\/10659\/revisions\/10660"}],"up":[{"embeddable":true,"href":"https:\/\/wordpress.educom.pt\/TIC-Portugal-19\/wp-json\/wp\/v2\/pages\/10511"}],"wp:attachment":[{"href":"https:\/\/wordpress.educom.pt\/TIC-Portugal-19\/wp-json\/wp\/v2\/media?parent=10659"}],"curies":[{"name":"wp","href":"https:\/\/api.w.org\/{rel}","templated":true}]}}