{"id":10724,"date":"2019-06-26T17:14:52","date_gmt":"2019-06-26T16:14:52","guid":{"rendered":"http:\/\/wordpress.educom.pt\/TIC-Portugal-19\/?page_id=10724"},"modified":"2019-06-26T17:15:09","modified_gmt":"2019-06-26T16:15:09","slug":"a-plataforma-learningapps-como-ferramenta-pedagogica-e-colaborativa","status":"publish","type":"page","link":"https:\/\/wordpress.educom.pt\/TIC-Portugal-19\/programa\/programa-braga\/a-plataforma-learningapps-como-ferramenta-pedagogica-e-colaborativa\/","title":{"rendered":"A plataforma LearningApps como ferramenta pedag\u00f3gica e\u00a0colaborativa"},"content":{"rendered":"<p style=\"text-align: center;\">Vanessa Mendes<\/p>\n<p style=\"text-align: center;\">vanessa.mendes.p@gmail.com<\/p>\n<p style=\"text-align: center;\">CFAE Braga Sul<\/p>\n<p>&nbsp;<\/p>\n<p><strong>Descri\u00e7\u00e3o:<\/strong><\/p>\n<p>A <em>LearningApps<\/em> \u00e9 uma aplica\u00e7\u00e3o online, dispon\u00edvel em <strong><u><a href=\"https:\/\/learningapps.org\/\">https:\/\/learningapps.org\/<\/a><\/u> <\/strong>\u00a0que permite, com recurso a pequenos m\u00f3dulos interativos, desenvolver din\u00e2micas para promover aprendizagens ativas.<\/p>\n<p>Disponibiliza um conjunto de Apps, que foram partilhadas e que podem ser reutilizadas na constru\u00e7\u00e3o de novas <em>Apps<\/em>.<\/p>\n<p>Possibilita a cria\u00e7\u00e3o de diferentes tipos de Apps, nomeadamente, \u201cjogo dos pares\u201d, \u201csopa de letras\u201d, \u201cresposta de escolha m\u00faltipla\u201d, \u201cpalavras cruzadas\u201d, \u201cjogo da forca\u201d, \u201ccorrida de cavalos\u201d ou \u201co jogo quem quer ser milion\u00e1rio\u201d, entre outras.<\/p>\n<p>Nesta sess\u00e3o pr\u00e1tica, os participantes ir\u00e3o experimentar algumas destas aplica\u00e7\u00f5es refletindo sobre o seu potencial educativo.<\/p>\n<p><strong>\u00a0<\/strong><\/p>\n<p><strong>Destinat\u00e1rios:<\/strong><\/p>\n<p>Todos os professores de todos os n\u00edveis de ensino e de todos os grupos de recrutamento.<\/p>\n","protected":false},"excerpt":{"rendered":"<p>Vanessa Mendes vanessa.mendes.p@gmail.com CFAE Braga Sul &nbsp; Descri\u00e7\u00e3o: A LearningApps \u00e9 uma aplica\u00e7\u00e3o online, dispon\u00edvel em https:\/\/learningapps.org\/ \u00a0que permite, com recurso a pequenos m\u00f3dulos interativos,&hellip;<\/p>\n","protected":false},"author":9,"featured_media":0,"parent":10299,"menu_order":0,"comment_status":"closed","ping_status":"closed","template":"","meta":[],"_links":{"self":[{"href":"https:\/\/wordpress.educom.pt\/TIC-Portugal-19\/wp-json\/wp\/v2\/pages\/10724"}],"collection":[{"href":"https:\/\/wordpress.educom.pt\/TIC-Portugal-19\/wp-json\/wp\/v2\/pages"}],"about":[{"href":"https:\/\/wordpress.educom.pt\/TIC-Portugal-19\/wp-json\/wp\/v2\/types\/page"}],"author":[{"embeddable":true,"href":"https:\/\/wordpress.educom.pt\/TIC-Portugal-19\/wp-json\/wp\/v2\/users\/9"}],"replies":[{"embeddable":true,"href":"https:\/\/wordpress.educom.pt\/TIC-Portugal-19\/wp-json\/wp\/v2\/comments?post=10724"}],"version-history":[{"count":1,"href":"https:\/\/wordpress.educom.pt\/TIC-Portugal-19\/wp-json\/wp\/v2\/pages\/10724\/revisions"}],"predecessor-version":[{"id":10725,"href":"https:\/\/wordpress.educom.pt\/TIC-Portugal-19\/wp-json\/wp\/v2\/pages\/10724\/revisions\/10725"}],"up":[{"embeddable":true,"href":"https:\/\/wordpress.educom.pt\/TIC-Portugal-19\/wp-json\/wp\/v2\/pages\/10299"}],"wp:attachment":[{"href":"https:\/\/wordpress.educom.pt\/TIC-Portugal-19\/wp-json\/wp\/v2\/media?parent=10724"}],"curies":[{"name":"wp","href":"https:\/\/api.w.org\/{rel}","templated":true}]}}