{"id":10871,"date":"2019-06-30T17:28:10","date_gmt":"2019-06-30T16:28:10","guid":{"rendered":"http:\/\/wordpress.educom.pt\/TIC-Portugal-19\/?page_id=10871"},"modified":"2019-06-30T17:28:10","modified_gmt":"2019-06-30T16:28:10","slug":"impressao-3d-para-a-educacao-sessao-pratica","status":"publish","type":"page","link":"https:\/\/wordpress.educom.pt\/TIC-Portugal-19\/programa\/programa-faro\/impressao-3d-para-a-educacao-sessao-pratica\/","title":{"rendered":"Impress\u00e3o 3D para a educa\u00e7\u00e3o (sess\u00e3o pr\u00e1tica)"},"content":{"rendered":"<p style=\"text-align: center;\">M\u00e1rio Saleiro e Bruna do Carmo<\/p>\n<p style=\"text-align: center;\">uSmart \u2013 Tecnologias Educativas<\/p>\n<p>&nbsp;<\/p>\n<p>Este workshop tem como principal objetivo dar a conhecer os conceitos e t\u00e9cnicas base da \u00e1rea da impress\u00e3o 3D a docentes de qualquer ciclo de ensino. Pretende-se explorar a m\u00e1quina e os seus componentes e dar a conhecer um software de livre utiliza\u00e7\u00e3o para desenho 3D. Assim, esta experi\u00eancia consistir\u00e1 na proje\u00e7\u00e3o e desenho de uma pe\u00e7a 3D (objeto) e respetiva impress\u00e3o.<br \/>\nNeste workshop, o formador ir\u00e1 tamb\u00e9m mencionar alguns casos de aplica\u00e7\u00e3o pr\u00e1tica da impress\u00e3o 3D nas escolas.<\/p>\n<p>Objetivos da sess\u00e3o:<\/p>\n<ul>\n<li>Compreender o processo de impress\u00e3o 3D e funcionamento da impressora;<\/li>\n<li>Saber desenhar pe\u00e7as 3D para posterior impress\u00e3o;<\/li>\n<li>Saber integrar a impress\u00e3o 3D nos processos de ensino e de aprendizagem dos alunos.<\/li>\n<\/ul>\n","protected":false},"excerpt":{"rendered":"<p>M\u00e1rio Saleiro e Bruna do Carmo uSmart \u2013 Tecnologias Educativas &nbsp; Este workshop tem como principal objetivo dar a conhecer os conceitos e t\u00e9cnicas base&hellip;<\/p>\n","protected":false},"author":9,"featured_media":0,"parent":10393,"menu_order":0,"comment_status":"closed","ping_status":"closed","template":"","meta":[],"_links":{"self":[{"href":"https:\/\/wordpress.educom.pt\/TIC-Portugal-19\/wp-json\/wp\/v2\/pages\/10871"}],"collection":[{"href":"https:\/\/wordpress.educom.pt\/TIC-Portugal-19\/wp-json\/wp\/v2\/pages"}],"about":[{"href":"https:\/\/wordpress.educom.pt\/TIC-Portugal-19\/wp-json\/wp\/v2\/types\/page"}],"author":[{"embeddable":true,"href":"https:\/\/wordpress.educom.pt\/TIC-Portugal-19\/wp-json\/wp\/v2\/users\/9"}],"replies":[{"embeddable":true,"href":"https:\/\/wordpress.educom.pt\/TIC-Portugal-19\/wp-json\/wp\/v2\/comments?post=10871"}],"version-history":[{"count":1,"href":"https:\/\/wordpress.educom.pt\/TIC-Portugal-19\/wp-json\/wp\/v2\/pages\/10871\/revisions"}],"predecessor-version":[{"id":10872,"href":"https:\/\/wordpress.educom.pt\/TIC-Portugal-19\/wp-json\/wp\/v2\/pages\/10871\/revisions\/10872"}],"up":[{"embeddable":true,"href":"https:\/\/wordpress.educom.pt\/TIC-Portugal-19\/wp-json\/wp\/v2\/pages\/10393"}],"wp:attachment":[{"href":"https:\/\/wordpress.educom.pt\/TIC-Portugal-19\/wp-json\/wp\/v2\/media?parent=10871"}],"curies":[{"name":"wp","href":"https:\/\/api.w.org\/{rel}","templated":true}]}}