{"id":10875,"date":"2019-06-30T23:07:31","date_gmt":"2019-06-30T22:07:31","guid":{"rendered":"http:\/\/wordpress.educom.pt\/TIC-Portugal-19\/?page_id=10875"},"modified":"2019-06-30T23:07:31","modified_gmt":"2019-06-30T22:07:31","slug":"informacoes-uteis-em-vale-de-cambra","status":"publish","type":"page","link":"https:\/\/wordpress.educom.pt\/TIC-Portugal-19\/informacoes\/informacoes-uteis-em-vale-de-cambra\/","title":{"rendered":"Informa\u00e7\u00f5es \u00fateis em Vale de Cambra"},"content":{"rendered":"<p>Em <strong>Vale de Cambra,<\/strong> a organiza\u00e7\u00e3o do TIC@Portugal\u201919 \u00e9 da responsabilidade do CCTIC da Universidade de Aveiro.<\/p>\n<p>E-mail: <a href=\"mailto:ccticua@gmail.com\" target=\"_blank\" rel=\"noopener noreferrer\">ccticua@gmail.com<\/a><\/p>\n<p>Em Vale de Cambra, o TIC@Portugal&#8217;19 vai decorrer no Centro Cultural de Macieira de Cambra e na Escola B\u00e1sica da Pra\u00e7a, junto ao Centro Cultural.<\/p>\n<p><iframe loading=\"lazy\" style=\"border: 0;\" src=\"https:\/\/www.google.com\/maps\/embed?pb=!1m18!1m12!1m3!1d829.986862348589!2d-8.377836816449895!3d40.855111098650724!2m3!1f0!2f0!3f0!3m2!1i1024!2i768!4f13.1!3m3!1m2!1s0x0%3A0x0!2zNDDCsDUxJzE4LjQiTiA4wrAyMiczOC4yIlc!5e1!3m2!1spt-PT!2spt!4v1561932385706!5m2!1spt-PT!2spt\" width=\"600\" height=\"450\" frameborder=\"0\" allowfullscreen=\"allowfullscreen\"><\/iframe><\/p>\n","protected":false},"excerpt":{"rendered":"<p>Em Vale de Cambra, a organiza\u00e7\u00e3o do TIC@Portugal\u201919 \u00e9 da responsabilidade do CCTIC da Universidade de Aveiro. E-mail: ccticua@gmail.com Em Vale de Cambra, o TIC@Portugal&#8217;19&hellip;<\/p>\n","protected":false},"author":9,"featured_media":0,"parent":19,"menu_order":0,"comment_status":"closed","ping_status":"closed","template":"","meta":[],"_links":{"self":[{"href":"https:\/\/wordpress.educom.pt\/TIC-Portugal-19\/wp-json\/wp\/v2\/pages\/10875"}],"collection":[{"href":"https:\/\/wordpress.educom.pt\/TIC-Portugal-19\/wp-json\/wp\/v2\/pages"}],"about":[{"href":"https:\/\/wordpress.educom.pt\/TIC-Portugal-19\/wp-json\/wp\/v2\/types\/page"}],"author":[{"embeddable":true,"href":"https:\/\/wordpress.educom.pt\/TIC-Portugal-19\/wp-json\/wp\/v2\/users\/9"}],"replies":[{"embeddable":true,"href":"https:\/\/wordpress.educom.pt\/TIC-Portugal-19\/wp-json\/wp\/v2\/comments?post=10875"}],"version-history":[{"count":1,"href":"https:\/\/wordpress.educom.pt\/TIC-Portugal-19\/wp-json\/wp\/v2\/pages\/10875\/revisions"}],"predecessor-version":[{"id":10876,"href":"https:\/\/wordpress.educom.pt\/TIC-Portugal-19\/wp-json\/wp\/v2\/pages\/10875\/revisions\/10876"}],"up":[{"embeddable":true,"href":"https:\/\/wordpress.educom.pt\/TIC-Portugal-19\/wp-json\/wp\/v2\/pages\/19"}],"wp:attachment":[{"href":"https:\/\/wordpress.educom.pt\/TIC-Portugal-19\/wp-json\/wp\/v2\/media?parent=10875"}],"curies":[{"name":"wp","href":"https:\/\/api.w.org\/{rel}","templated":true}]}}