{"id":19,"date":"2019-03-10T21:41:13","date_gmt":"2019-03-10T20:41:13","guid":{"rendered":"http:\/\/wordpress.educom.pt\/TIC-Portugal-16\/?page_id=19"},"modified":"2019-06-27T15:20:42","modified_gmt":"2019-06-27T14:20:42","slug":"informacoes","status":"publish","type":"page","link":"https:\/\/wordpress.educom.pt\/TIC-Portugal-19\/informacoes\/","title":{"rendered":"Informa\u00e7\u00f5es \u00fateis Educom (Monte de Caparica e Faro)"},"content":{"rendered":"<p style=\"text-align: left;\"><strong>Contacto<\/strong><\/p>\n<p><strong>Email:<\/strong>\u00a0<a href=\"mailto:tic.portugal@educom.pt\">tic.portugal@educom.pt<\/a><\/p>\n<p><strong>Tlm:<\/strong><\/p>\n<p style=\"padding-left: 30px;\">96 73 01 886 (David Costa)<br \/>\n96 50 28 719 (V\u00edtor Godinho Lopes)<\/p>\n<p><strong>CCTICs Participantes:<\/strong><\/p>\n<p>Educom (Organiza\u00e7\u00e3o)\u00a0<strong>Monte de Caparica<\/strong> e <u><a href=\"https:\/\/wordpress.educom.pt\/TIC-Portugal-19\/informacoes\/informacoes-uteis-em-faro\/\" target=\"_blank\" rel=\"noopener noreferrer\"><strong>Faro<\/strong><\/a><\/u><br \/>\n<strong><u><a href=\"https:\/\/wordpress.educom.pt\/TIC-Portugal-19\/informacoes\/informacoes-uteis-em-braga\/\" target=\"_blank\" rel=\"noopener noreferrer\">Univ. do Minho &#8211; Braga<\/a><\/u><\/strong><br \/>\n<strong>ESE\/IP Bragan\u00e7a<\/strong><br \/>\n<strong><u><a href=\"https:\/\/wordpress.educom.pt\/TIC-Portugal-19\/informacoes\/informacoes-uteis-em-coimbra\/\" target=\"_blank\" rel=\"noopener noreferrer\">Softci\u00eancias (Coimbra)<\/a><\/u><\/strong><br \/>\n<strong>Univ. Aveiro (Vale de Cambra)<\/strong><br \/>\n<strong>Univ. de \u00c9vora<\/strong><br \/>\n<strong>ESE\/IP Santar\u00e9m<\/strong><br \/>\n<strong>ESE\/IP Set\u00fabal<\/strong><\/p>\n<p><strong>Forma\u00e7\u00e3o Creditada de Curta Dura\u00e7\u00e3o<\/strong><\/p>\n<p style=\"padding-left: 30px;\">O TIC@Portugal\u201919 est\u00e1 acreditado na modalidade a\u00e7\u00e3o de curta dura\u00e7\u00e3o (ACD) num total de 6h, para Monte de Caparica e Faro, com emiss\u00e3o de certificado pelo Centro de Forma\u00e7\u00e3o Educom.<\/p>\n<p>&nbsp;<\/p>\n","protected":false},"excerpt":{"rendered":"<p>Contacto Email:\u00a0tic.portugal@educom.pt Tlm: 96 73 01 886 (David Costa) 96 50 28 719 (V\u00edtor Godinho Lopes) CCTICs Participantes: Educom (Organiza\u00e7\u00e3o)\u00a0Monte de Caparica e Faro Univ.&hellip;<\/p>\n","protected":false},"author":9,"featured_media":0,"parent":0,"menu_order":0,"comment_status":"closed","ping_status":"closed","template":"","meta":[],"_links":{"self":[{"href":"https:\/\/wordpress.educom.pt\/TIC-Portugal-19\/wp-json\/wp\/v2\/pages\/19"}],"collection":[{"href":"https:\/\/wordpress.educom.pt\/TIC-Portugal-19\/wp-json\/wp\/v2\/pages"}],"about":[{"href":"https:\/\/wordpress.educom.pt\/TIC-Portugal-19\/wp-json\/wp\/v2\/types\/page"}],"author":[{"embeddable":true,"href":"https:\/\/wordpress.educom.pt\/TIC-Portugal-19\/wp-json\/wp\/v2\/users\/9"}],"replies":[{"embeddable":true,"href":"https:\/\/wordpress.educom.pt\/TIC-Portugal-19\/wp-json\/wp\/v2\/comments?post=19"}],"version-history":[{"count":40,"href":"https:\/\/wordpress.educom.pt\/TIC-Portugal-19\/wp-json\/wp\/v2\/pages\/19\/revisions"}],"predecessor-version":[{"id":10771,"href":"https:\/\/wordpress.educom.pt\/TIC-Portugal-19\/wp-json\/wp\/v2\/pages\/19\/revisions\/10771"}],"wp:attachment":[{"href":"https:\/\/wordpress.educom.pt\/TIC-Portugal-19\/wp-json\/wp\/v2\/media?parent=19"}],"curies":[{"name":"wp","href":"https:\/\/api.w.org\/{rel}","templated":true}]}}