{"id":10182,"date":"2020-06-20T11:45:51","date_gmt":"2020-06-20T10:45:51","guid":{"rendered":"http:\/\/wordpress.educom.pt\/TIC-Portugal-19\/?page_id=10182"},"modified":"2020-07-08T16:56:22","modified_gmt":"2020-07-08T15:56:22","slug":"inscricao","status":"publish","type":"page","link":"https:\/\/wordpress.educom.pt\/TIC-Portugal-20\/inscricao\/","title":{"rendered":"Inscri\u00e7\u00e3o"},"content":{"rendered":"<p>Reserve j\u00e1 o dia\u00a0<strong>16 de Julho de 2020<\/strong>\u00a0(quinta-feira) para a participa\u00e7\u00e3o no\u00a0<strong>TIC@Portugal&#8217;20.<\/strong><\/p>\n<p>Para efetuar a sua inscri\u00e7\u00e3o no TIC@Portugal&#8217;20 clique abaixo.<\/p>\n<p>&nbsp;<\/p>\n<p><a href=\"https:\/\/docs.google.com\/forms\/d\/e\/1FAIpQLSfghoS55jL5XbjVgh2SXAIuyveLi5GIHSnc5ZmiqUgBaKF6fw\/viewform\" target=\"_blank\" rel=\"noopener noreferrer\"><img loading=\"lazy\" class=\"aligncenter wp-image-11146 size-medium\" src=\"https:\/\/wordpress.educom.pt\/TIC-Portugal-20\/wp-content\/uploads\/2020\/07\/inscri\u00e7\u00e3o-300x156.png\" alt=\"\" width=\"300\" height=\"156\" srcset=\"https:\/\/wordpress.educom.pt\/TIC-Portugal-20\/wp-content\/uploads\/2020\/07\/inscri\u00e7\u00e3o-300x156.png 300w, https:\/\/wordpress.educom.pt\/TIC-Portugal-20\/wp-content\/uploads\/2020\/07\/inscri\u00e7\u00e3o-150x78.png 150w, https:\/\/wordpress.educom.pt\/TIC-Portugal-20\/wp-content\/uploads\/2020\/07\/inscri\u00e7\u00e3o.png 542w\" sizes=\"(max-width: 300px) 100vw, 300px\" \/><\/a><\/p>\n<p>&nbsp;<\/p>\n<p><strong>Contactos<\/strong><\/p>\n<p><strong>Email:<\/strong>\u00a0<a href=\"mailto:tic.portugal@educom.pt\">tic.portugal@educom.pt<\/a><\/p>\n<p><strong>Tlm:\u00a0<\/strong>96 73 01 886 (David Costa)<\/p>\n<p>Estamos a trabalhar para que a acredita\u00e7\u00e3o do Encontro possa realizar-se na modalidade de A\u00e7\u00e3o de Curta Dura\u00e7\u00e3o (3h), correspondente \u00e0 participa\u00e7\u00e3o num dos workshops\/webinars da parte da tarde.<\/p>\n","protected":false},"excerpt":{"rendered":"<p>Reserve j\u00e1 o dia\u00a016 de Julho de 2020\u00a0(quinta-feira) para a participa\u00e7\u00e3o no\u00a0TIC@Portugal&#8217;20. Para efetuar a sua inscri\u00e7\u00e3o no TIC@Portugal&#8217;20 clique abaixo. &nbsp; &nbsp; Contactos Email:\u00a0tic.portugal@educom.pt&hellip;<\/p>\n","protected":false},"author":9,"featured_media":0,"parent":0,"menu_order":0,"comment_status":"closed","ping_status":"closed","template":"","meta":[],"_links":{"self":[{"href":"https:\/\/wordpress.educom.pt\/TIC-Portugal-20\/wp-json\/wp\/v2\/pages\/10182"}],"collection":[{"href":"https:\/\/wordpress.educom.pt\/TIC-Portugal-20\/wp-json\/wp\/v2\/pages"}],"about":[{"href":"https:\/\/wordpress.educom.pt\/TIC-Portugal-20\/wp-json\/wp\/v2\/types\/page"}],"author":[{"embeddable":true,"href":"https:\/\/wordpress.educom.pt\/TIC-Portugal-20\/wp-json\/wp\/v2\/users\/9"}],"replies":[{"embeddable":true,"href":"https:\/\/wordpress.educom.pt\/TIC-Portugal-20\/wp-json\/wp\/v2\/comments?post=10182"}],"version-history":[{"count":41,"href":"https:\/\/wordpress.educom.pt\/TIC-Portugal-20\/wp-json\/wp\/v2\/pages\/10182\/revisions"}],"predecessor-version":[{"id":11152,"href":"https:\/\/wordpress.educom.pt\/TIC-Portugal-20\/wp-json\/wp\/v2\/pages\/10182\/revisions\/11152"}],"wp:attachment":[{"href":"https:\/\/wordpress.educom.pt\/TIC-Portugal-20\/wp-json\/wp\/v2\/media?parent=10182"}],"curies":[{"name":"wp","href":"https:\/\/api.w.org\/{rel}","templated":true}]}}

Inscrição

<p>Reserve já o dia <strong>16 de Julho de 2020</strong> (quinta-feira) para a participação no <strong>TIC@Portugal&#8217;20.</strong></p>
<p>Para efetuar a sua inscrição no TIC@Portugal&#8217;20 clique abaixo.</p>
<p>&nbsp;</p>
<p><a href="https://docs.google.com/forms/d/e/1FAIpQLSfghoS55jL5XbjVgh2SXAIuyveLi5GIHSnc5ZmiqUgBaKF6fw/viewform" target="_blank" rel="noopener noreferrer"><img loading="lazy" class="aligncenter wp-image-11146 size-medium" src="https://wordpress.educom.pt/TIC-Portugal-20/wp-content/uploads/2020/07/inscrição-300x156.png" alt="" width="300" height="156" srcset="https://wordpress.educom.pt/TIC-Portugal-20/wp-content/uploads/2020/07/inscrição-300x156.png 300w, https://wordpress.educom.pt/TIC-Portugal-20/wp-content/uploads/2020/07/inscrição-150x78.png 150w, https://wordpress.educom.pt/TIC-Portugal-20/wp-content/uploads/2020/07/inscrição.png 542w" sizes="(max-width: 300px) 100vw, 300px" /></a></p>
<p>&nbsp;</p>
<p><strong>Contactos</strong></p>
<p><strong>Email:</strong> <a href="mailto:tic.portugal@educom.pt">tic.portugal@educom.pt</a></p>
<p><strong>Tlm: </strong>96 73 01 886 (David Costa)</p>
<p>Estamos a trabalhar para que a acreditação do Encontro possa realizar-se na modalidade de Ação de Curta Duração (3h), correspondente à participação num dos workshops/webinars da parte da tarde.</p>

<p>Reserve já o dia 16 de Julho de 2020 (quinta-feira) para a participação no TIC@Portugal&#8217;20. Para efetuar a sua inscrição no TIC@Portugal&#8217;20 clique abaixo. &nbsp; &nbsp; Contactos Email: tic.portugal@educom.pt&hellip;</p>
