{"id":11084,"date":"2020-07-03T14:58:30","date_gmt":"2020-07-03T13:58:30","guid":{"rendered":"http:\/\/wordpress.educom.pt\/TIC-Portugal-20\/?page_id=11084"},"modified":"2020-07-03T14:58:30","modified_gmt":"2020-07-03T13:58:30","slug":"sobre-a-professora-maria-joao-horta","status":"publish","type":"page","link":"https:\/\/wordpress.educom.pt\/TIC-Portugal-20\/sobre-a-professora-maria-joao-horta\/","title":{"rendered":"Sobre a Professora Maria Jo\u00e3o Horta &#8230;"},"content":{"rendered":"<p><img loading=\"lazy\" class=\"alignleft size-thumbnail wp-image-11085\" src=\"https:\/\/wordpress.educom.pt\/TIC-Portugal-20\/wp-content\/uploads\/2020\/07\/MariaJoaoHorta_mini_circ-150x150.jpg\" alt=\"\" width=\"150\" height=\"150\" srcset=\"https:\/\/wordpress.educom.pt\/TIC-Portugal-20\/wp-content\/uploads\/2020\/07\/MariaJoaoHorta_mini_circ-150x150.jpg 150w, https:\/\/wordpress.educom.pt\/TIC-Portugal-20\/wp-content\/uploads\/2020\/07\/MariaJoaoHorta_mini_circ.jpg 189w\" sizes=\"(max-width: 150px) 100vw, 150px\" \/> Estudou Geologia na Universidade de Coimbra (1988), fez Mestrado em Did\u00e1tica das Ci\u00eancias na<br \/>\nFaculdade de Ci\u00eancias da Universidade de Lisboa (2002) e concluiu o Doutoramento em TIC e<br \/>\nEduca\u00e7\u00e3o no Instituto de Educa\u00e7\u00e3o da Universidade de Lisboa (2012).<br \/>\nDesenvolve trabalho de investiga\u00e7\u00e3o na \u00e1rea da educa\u00e7\u00e3o (especial destaque para a Did\u00e1tica das<br \/>\nCi\u00eancias e para as Tecnologias Educativas) com trabalhos cient\u00edficos publicados em revistas da<br \/>\n\u00e1rea.<br \/>\nRecentemente coordenou a Equipa INCoDe Educa\u00e7\u00e3o e integrou o Grupo de Trabalho que teve<br \/>\ncomo miss\u00e3o a defini\u00e7\u00e3o do Perfil dos Alunos \u00e0 sa\u00edda da escolaridade obrigat\u00f3ria.<br \/>\nIntegra grupos de trabalho da Comiss\u00e3o Europeia e da European Schoolnet na \u00e1rea da Educa\u00e7\u00e3o<br \/>\nDigital e da Cidadania Digital. Atualmente exerce as fun\u00e7\u00f5es de Subdiretora-Geral na Dire\u00e7\u00e3o-Geral da Educa\u00e7\u00e3o, no Minist\u00e9rio da<br \/>\nEduca\u00e7\u00e3o.<\/p>\n","protected":false},"excerpt":{"rendered":"<p>Estudou Geologia na Universidade de Coimbra (1988), fez Mestrado em Did\u00e1tica das Ci\u00eancias na Faculdade de Ci\u00eancias da Universidade de Lisboa (2002) e concluiu o&hellip;<\/p>\n","protected":false},"author":1,"featured_media":0,"parent":0,"menu_order":0,"comment_status":"closed","ping_status":"closed","template":"","meta":[],"_links":{"self":[{"href":"https:\/\/wordpress.educom.pt\/TIC-Portugal-20\/wp-json\/wp\/v2\/pages\/11084"}],"collection":[{"href":"https:\/\/wordpress.educom.pt\/TIC-Portugal-20\/wp-json\/wp\/v2\/pages"}],"about":[{"href":"https:\/\/wordpress.educom.pt\/TIC-Portugal-20\/wp-json\/wp\/v2\/types\/page"}],"author":[{"embeddable":true,"href":"https:\/\/wordpress.educom.pt\/TIC-Portugal-20\/wp-json\/wp\/v2\/users\/1"}],"replies":[{"embeddable":true,"href":"https:\/\/wordpress.educom.pt\/TIC-Portugal-20\/wp-json\/wp\/v2\/comments?post=11084"}],"version-history":[{"count":1,"href":"https:\/\/wordpress.educom.pt\/TIC-Portugal-20\/wp-json\/wp\/v2\/pages\/11084\/revisions"}],"predecessor-version":[{"id":11086,"href":"https:\/\/wordpress.educom.pt\/TIC-Portugal-20\/wp-json\/wp\/v2\/pages\/11084\/revisions\/11086"}],"wp:attachment":[{"href":"https:\/\/wordpress.educom.pt\/TIC-Portugal-20\/wp-json\/wp\/v2\/media?parent=11084"}],"curies":[{"name":"wp","href":"https:\/\/api.w.org\/{rel}","templated":true}]}}