{"id":11089,"date":"2020-07-03T16:49:49","date_gmt":"2020-07-03T15:49:49","guid":{"rendered":"http:\/\/wordpress.educom.pt\/TIC-Portugal-20\/?page_id=11089"},"modified":"2020-07-14T09:29:04","modified_gmt":"2020-07-14T08:29:04","slug":"titulo-do-workshop-circuitos-eletronicos-analogicos-e-digitais-com-thinkercad-circuits","status":"publish","type":"page","link":"https:\/\/wordpress.educom.pt\/TIC-Portugal-20\/titulo-do-workshop-circuitos-eletronicos-analogicos-e-digitais-com-thinkercad-circuits\/","title":{"rendered":"Circuitos eletr\u00f3nicos anal\u00f3gicos e digitais com Thinkercad Circuits"},"content":{"rendered":"<p style=\"text-align: center;\">Jo\u00e3o Piedade<\/p>\n<p style=\"text-align: center;\">mpiedade@ie.ulisboa.pt<\/p>\n<p style=\"text-align: center;\">Instituto da Educa\u00e7\u00e3o &#8211; Universidade de Lisboa<\/p>\n<p><strong>\u00a0<\/strong><\/p>\n<p>O Thinkercad \u00e9 uma plataforma online de modela\u00e7\u00e3o 3D desenvolvida pela AutoDesk. Este ambiente disponibiliza, tamb\u00e9m, um ambiente de simula\u00e7\u00e3o de circuitos eletr\u00f3nicos anal\u00f3gicos e digitais. Esta ferramenta gratuita pode ser um bom recurso para quem quer iniciar o estudo de circuitos eletr\u00f3nicos e a programa\u00e7\u00e3o com Ardu\u00edno de forma simples e simulada.<\/p>\n<p>Ao permite a cria\u00e7\u00e3o de turmas, disponibiliza ao professor acompanhar mesmo a dist\u00e2ncia as tarefas que s\u00e3o desenvolvidas pelos seus alunos.<\/p>\n<p>Neste workshop iremos iniciar a explora\u00e7\u00e3o da ferramenta com a realiza\u00e7\u00e3o de circuitos eletr\u00f3nicos simples e terminaremos com a cria\u00e7\u00e3o e programa\u00e7\u00e3o de um sem\u00e1foro para controlo de carros e pe\u00f5es.<\/p>\n<p>&nbsp;<\/p>\n<p><strong>Destinat\u00e1rios:<\/strong><\/p>\n<p>Professores de todos os grupos disciplinares.<\/p>\n<p>&nbsp;<\/p>\n<p><strong>Recursos:<\/strong><\/p>\n<p>Computador e acesso \u00e0 Internet.<\/p>\n<p>&nbsp;<\/p>\n<p><strong>Thinkercad Circuits:<\/strong><\/p>\n<p><a href=\"https:\/\/www.tinkercad.com\">https:\/\/www.tinkercad.com<\/a><\/p>\n<p>&nbsp;<\/p>\n<p><span style=\"font-weight: 400;\"><strong>N\u00famero m\u00e1ximo de participantes:<\/strong> 20<\/span><\/p>\n","protected":false},"excerpt":{"rendered":"<p>Jo\u00e3o Piedade mpiedade@ie.ulisboa.pt Instituto da Educa\u00e7\u00e3o &#8211; Universidade de Lisboa \u00a0 O Thinkercad \u00e9 uma plataforma online de modela\u00e7\u00e3o 3D desenvolvida pela AutoDesk. Este ambiente&hellip;<\/p>\n","protected":false},"author":1,"featured_media":0,"parent":0,"menu_order":0,"comment_status":"closed","ping_status":"closed","template":"","meta":[],"_links":{"self":[{"href":"https:\/\/wordpress.educom.pt\/TIC-Portugal-20\/wp-json\/wp\/v2\/pages\/11089"}],"collection":[{"href":"https:\/\/wordpress.educom.pt\/TIC-Portugal-20\/wp-json\/wp\/v2\/pages"}],"about":[{"href":"https:\/\/wordpress.educom.pt\/TIC-Portugal-20\/wp-json\/wp\/v2\/types\/page"}],"author":[{"embeddable":true,"href":"https:\/\/wordpress.educom.pt\/TIC-Portugal-20\/wp-json\/wp\/v2\/users\/1"}],"replies":[{"embeddable":true,"href":"https:\/\/wordpress.educom.pt\/TIC-Portugal-20\/wp-json\/wp\/v2\/comments?post=11089"}],"version-history":[{"count":4,"href":"https:\/\/wordpress.educom.pt\/TIC-Portugal-20\/wp-json\/wp\/v2\/pages\/11089\/revisions"}],"predecessor-version":[{"id":11268,"href":"https:\/\/wordpress.educom.pt\/TIC-Portugal-20\/wp-json\/wp\/v2\/pages\/11089\/revisions\/11268"}],"wp:attachment":[{"href":"https:\/\/wordpress.educom.pt\/TIC-Portugal-20\/wp-json\/wp\/v2\/media?parent=11089"}],"curies":[{"name":"wp","href":"https:\/\/api.w.org\/{rel}","templated":true}]}}