{"id":11149,"date":"2020-07-08T16:25:26","date_gmt":"2020-07-08T15:25:26","guid":{"rendered":"http:\/\/wordpress.educom.pt\/TIC-Portugal-20\/?page_id=11149"},"modified":"2020-07-14T09:44:07","modified_gmt":"2020-07-14T08:44:07","slug":"trabalho-colaborativo-na-educacao-literaria-storyjumper-e-wordwall","status":"publish","type":"page","link":"https:\/\/wordpress.educom.pt\/TIC-Portugal-20\/programa\/trabalho-colaborativo-na-educacao-literaria-storyjumper-e-wordwall\/","title":{"rendered":"Trabalho colaborativo na educa\u00e7\u00e3o liter\u00e1ria: Storyjumper e Wordwall"},"content":{"rendered":"<p style=\"text-align: center;\">Ana Lu\u00edsa Mateus Oliveira Chan\u00e7a Torres<\/p>\n<p style=\"text-align: center;\">ana.torres@ese.ipsantarem.pt<\/p>\n<p style=\"text-align: center;\">Instituto Polit\u00e9cnico de Santar\u00e9m \u2013 Centro de Compet\u00eancia TIC<\/p>\n<p>&nbsp;<\/p>\n<p>As tecnologias t\u00eam alterado profundamente a organiza\u00e7\u00e3o e intera\u00e7\u00e3o na nossa sociedade. A este facto n\u00e3o \u00e9 alheia a Escola, onde a presen\u00e7a das TIC no curr\u00edculo se afigura, como uma oportunidade para desenvolver a literacia e compet\u00eancias digitais que proporcionem uma inclus\u00e3o plena e ativa de cada cidad\u00e3o. Esta ideia \u00e9 bem espelhada no Perfil dos Alunos \u00e0 Sa\u00edda da Escolaridade Obrigat\u00f3ria, documento que deixa orienta\u00e7\u00f5es claras para o desenvolvimento de m\u00faltiplas literacias que os ajudar\u00e3o a responder \u00e0 imprevisibilidade dos desafios societais que se avizinham.<\/p>\n<p>A generaliza\u00e7\u00e3o do acesso \u00e0 tecnologia responsabiliza igualmente a Escola por outros dom\u00ednios nomeadamente, a educa\u00e7\u00e3o liter\u00e1ria como sendo uma das \u00e1reas que importa valorizar e potenciar em interliga\u00e7\u00e3o com as TIC. Ler literatura de refer\u00eancia e ganhar o gosto pela an\u00e1lise e interpreta\u00e7\u00e3o cr\u00edtica e respons\u00e1vel, colaborar com os pares nesta tarefa, sabendo ouvi-los e respeitando a sua opini\u00e3o s\u00e3o compet\u00eancias transversais e de dimens\u00e3o globalizante.<\/p>\n<p>Neste grupo de trabalho seguir-se-\u00e1 uma metodologia <em>hands on<\/em> que implicar\u00e1 o formando no processo de constru\u00e7\u00e3o do seu conhecimento. Cada um poder\u00e1 sentir as dificuldades inerentes ao contacto com uma nova ferramenta, ultrapass\u00e1-las e mobilizar deste modo conhecimento para os seus contextos profissionais. S\u00e3o deste modo objetivos: demonstrar como a metodologia de trabalho colaborativo potencia as compet\u00eancias de cada elemento de um grupo; criar recursos educativos digitais a partir da explora\u00e7\u00e3o e reconto de uma obra liter\u00e1ria; refletir sobre o dom\u00ednio Criar e Inovar e a sua pertin\u00eancia nas aprendizagens essenciais.<\/p>\n<p>&nbsp;<\/p>\n<p>&nbsp;<\/p>\n<p>REFER\u00caNCIAS<\/p>\n<p>DGE (2018) Aprendizagens Essenciais Portugu\u00eas \u2013 1\u00ba, 2\u00ba e 3\u00ba ceb, <a href=\"https:\/\/www.dge.mec.pt\/portugues\">https:\/\/www.dge.mec.pt\/portugues<\/a><\/p>\n<p>DGE (2018). Orienta\u00e7\u00f5es Curriculares da componente de Tecnologias de Informa\u00e7\u00e3o e Comunica\u00e7\u00e3o. no 1\u00ba ceb,. <a href=\"https:\/\/www.dge.mec.pt\/sites\/default\/files\/ERTE\/oc_1_tic_1.pdf\">https:\/\/www.dge.mec.pt\/sites\/default\/files\/ERTE\/oc_1_tic_1.pdf<\/a><\/p>\n<p>DGE (2017) Perfil dos Alunos \u00e0 Sa\u00edda da Escolaridade Obrigat\u00f3ria, <a href=\"https:\/\/dge.mec.pt\/sites\/default\/files\/Curriculo\/Projeto_Autonomia_e_Flexibilidade\/perfil_dos_alunos.pdf\">https:\/\/dge.mec.pt\/sites\/default\/files\/Curriculo\/Projeto_Autonomia_e_Flexibilidade\/perfil_dos_alunos.pdf<\/a><\/p>\n","protected":false},"excerpt":{"rendered":"<p>Ana Lu\u00edsa Mateus Oliveira Chan\u00e7a Torres ana.torres@ese.ipsantarem.pt Instituto Polit\u00e9cnico de Santar\u00e9m \u2013 Centro de Compet\u00eancia TIC &nbsp; As tecnologias t\u00eam alterado profundamente a organiza\u00e7\u00e3o e&hellip;<\/p>\n","protected":false},"author":1,"featured_media":0,"parent":17,"menu_order":0,"comment_status":"closed","ping_status":"closed","template":"","meta":[],"_links":{"self":[{"href":"https:\/\/wordpress.educom.pt\/TIC-Portugal-20\/wp-json\/wp\/v2\/pages\/11149"}],"collection":[{"href":"https:\/\/wordpress.educom.pt\/TIC-Portugal-20\/wp-json\/wp\/v2\/pages"}],"about":[{"href":"https:\/\/wordpress.educom.pt\/TIC-Portugal-20\/wp-json\/wp\/v2\/types\/page"}],"author":[{"embeddable":true,"href":"https:\/\/wordpress.educom.pt\/TIC-Portugal-20\/wp-json\/wp\/v2\/users\/1"}],"replies":[{"embeddable":true,"href":"https:\/\/wordpress.educom.pt\/TIC-Portugal-20\/wp-json\/wp\/v2\/comments?post=11149"}],"version-history":[{"count":2,"href":"https:\/\/wordpress.educom.pt\/TIC-Portugal-20\/wp-json\/wp\/v2\/pages\/11149\/revisions"}],"predecessor-version":[{"id":11269,"href":"https:\/\/wordpress.educom.pt\/TIC-Portugal-20\/wp-json\/wp\/v2\/pages\/11149\/revisions\/11269"}],"up":[{"embeddable":true,"href":"https:\/\/wordpress.educom.pt\/TIC-Portugal-20\/wp-json\/wp\/v2\/pages\/17"}],"wp:attachment":[{"href":"https:\/\/wordpress.educom.pt\/TIC-Portugal-20\/wp-json\/wp\/v2\/media?parent=11149"}],"curies":[{"name":"wp","href":"https:\/\/api.w.org\/{rel}","templated":true}]}}