{"id":11200,"date":"2020-07-13T22:10:06","date_gmt":"2020-07-13T21:10:06","guid":{"rendered":"http:\/\/wordpress.educom.pt\/TIC-Portugal-20\/?page_id=11200"},"modified":"2020-07-15T16:58:42","modified_gmt":"2020-07-15T15:58:42","slug":"c11-pratica-simulada-oportunidades-e-desafios","status":"publish","type":"page","link":"https:\/\/wordpress.educom.pt\/TIC-Portugal-20\/programa\/c11-pratica-simulada-oportunidades-e-desafios\/","title":{"rendered":"C11 &#8211; Pr\u00e1tica Simulada &#8211; Oportunidades e Desafios"},"content":{"rendered":"<h3 style=\"text-align: center;\">C11 &#8211; Pr\u00e1tica Simulada &#8211; Oportunidades e Desafios<\/h3>\n<p style=\"text-align: center;\">\u00a0F\u00e1tima Pais; Elisabete dos Inocentes<\/p>\n<p style=\"text-align: center;\">elisabete.inocentes@essl.pt<\/p>\n<p style=\"text-align: center;\">Agrupamento de Escolas Dr. Serafim Leite<\/p>\n<p>&nbsp;<\/p>\n<p>Os alunos dos cursos profissionais, com dupla certifica\u00e7\u00e3o &#8211; acad\u00e9mica e profissional, realizam forma\u00e7\u00e3o em contexto de trabalho (FCT). No caso dos cursos de inform\u00e1tica, no Agrupamento de Escolas Dr. Serafim Leite (AESL), a forma\u00e7\u00e3o em empresas, num total de 600 horas \u00e9\u00a0 distribu\u00edda pelos 11.\u00ba e 12.\u00ba anos. Este ano letivo, em pleno estado de emerg\u00eancia, tal n\u00e3o foi poss\u00edvel para muitos alunos. Assim recorreu-se a pr\u00e1ticas simuladas, previstas na legisla\u00e7\u00e3o para casos especiais. E foi assim que 3 alunos de cursos e anos diferentes se encontraram pela primeira vez em espa\u00e7o digital. Acresce ainda que estes alunos, apesar de frequentarem a mesma escola n\u00e3o se conheciam.<\/p>\n<p>Unindo esfor\u00e7os, os diretores de curso, fizeram contas de somar e de dividir para juntar alunos e dividir projetos de forma a proporcionar a todos uma pr\u00e1tica situada ao n\u00edvel das exig\u00eancias do mercado de trabalho. Como \u00e9 pr\u00e1tica no AESL, decidiu-se capitalizar o trabalho desenvolvido fundindo os projetos (<em>SiteStar7<\/em> e <em>Erasmus+<\/em>) com a Pr\u00e1tica Simulada criando um <em>website<\/em> para o projeto \u201cSocial Inequality in Europe\u201d. Desta forma o trabalho desenvolvido teria um car\u00e1cter tang\u00edvel, seria \u00fatil e significativo.<\/p>\n<p>A diversidade de proveni\u00eancias e de compet\u00eancias, que inicialmente os assustou e os fez sair das suas zonas de conforto, contribuiu com diferentes perspetivas e\u00a0 permitiu que os alunos se complementassem e reconhecessem em si a signific\u00e2ncia da desigualdade a que tentavam dar visibilidade digital.<\/p>\n<p>Projeto em parceria com Biblioteca Escolar.<\/p>\n","protected":false},"excerpt":{"rendered":"<p>C11 &#8211; Pr\u00e1tica Simulada &#8211; Oportunidades e Desafios \u00a0F\u00e1tima Pais; Elisabete dos Inocentes elisabete.inocentes@essl.pt Agrupamento de Escolas Dr. Serafim Leite &nbsp; Os alunos dos cursos&hellip;<\/p>\n","protected":false},"author":1,"featured_media":0,"parent":17,"menu_order":0,"comment_status":"closed","ping_status":"closed","template":"","meta":[],"_links":{"self":[{"href":"https:\/\/wordpress.educom.pt\/TIC-Portugal-20\/wp-json\/wp\/v2\/pages\/11200"}],"collection":[{"href":"https:\/\/wordpress.educom.pt\/TIC-Portugal-20\/wp-json\/wp\/v2\/pages"}],"about":[{"href":"https:\/\/wordpress.educom.pt\/TIC-Portugal-20\/wp-json\/wp\/v2\/types\/page"}],"author":[{"embeddable":true,"href":"https:\/\/wordpress.educom.pt\/TIC-Portugal-20\/wp-json\/wp\/v2\/users\/1"}],"replies":[{"embeddable":true,"href":"https:\/\/wordpress.educom.pt\/TIC-Portugal-20\/wp-json\/wp\/v2\/comments?post=11200"}],"version-history":[{"count":2,"href":"https:\/\/wordpress.educom.pt\/TIC-Portugal-20\/wp-json\/wp\/v2\/pages\/11200\/revisions"}],"predecessor-version":[{"id":11324,"href":"https:\/\/wordpress.educom.pt\/TIC-Portugal-20\/wp-json\/wp\/v2\/pages\/11200\/revisions\/11324"}],"up":[{"embeddable":true,"href":"https:\/\/wordpress.educom.pt\/TIC-Portugal-20\/wp-json\/wp\/v2\/pages\/17"}],"wp:attachment":[{"href":"https:\/\/wordpress.educom.pt\/TIC-Portugal-20\/wp-json\/wp\/v2\/media?parent=11200"}],"curies":[{"name":"wp","href":"https:\/\/api.w.org\/{rel}","templated":true}]}}

C11 &#8211; Prática Simulada &#8211; Oportunidades e Desafios

<h3 style="text-align: center;">C11 &#8211; Prática Simulada &#8211; Oportunidades e Desafios</h3>
<p style="text-align: center;"> Fátima Pais; Elisabete dos Inocentes</p>
<p style="text-align: center;">elisabete.inocentes@essl.pt</p>
<p style="text-align: center;">Agrupamento de Escolas Dr. Serafim Leite</p>
<p>&nbsp;</p>
<p>Os alunos dos cursos profissionais, com dupla certificação &#8211; académica e profissional, realizam formação em contexto de trabalho (FCT). No caso dos cursos de informática, no Agrupamento de Escolas Dr. Serafim Leite (AESL), a formação em empresas, num total de 600 horas é  distribuída pelos 11.º e 12.º anos. Este ano letivo, em pleno estado de emergência, tal não foi possível para muitos alunos. Assim recorreu-se a práticas simuladas, previstas na legislação para casos especiais. E foi assim que 3 alunos de cursos e anos diferentes se encontraram pela primeira vez em espaço digital. Acresce ainda que estes alunos, apesar de frequentarem a mesma escola não se conheciam.</p>
<p>Unindo esforços, os diretores de curso, fizeram contas de somar e de dividir para juntar alunos e dividir projetos de forma a proporcionar a todos uma prática situada ao nível das exigências do mercado de trabalho. Como é prática no AESL, decidiu-se capitalizar o trabalho desenvolvido fundindo os projetos (<em>SiteStar7</em> e <em>Erasmus+</em>) com a Prática Simulada criando um <em>website</em> para o projeto “Social Inequality in Europe”. Desta forma o trabalho desenvolvido teria um carácter tangível, seria útil e significativo.</p>
<p>A diversidade de proveniências e de competências, que inicialmente os assustou e os fez sair das suas zonas de conforto, contribuiu com diferentes perspetivas e  permitiu que os alunos se complementassem e reconhecessem em si a significância da desigualdade a que tentavam dar visibilidade digital.</p>
<p>Projeto em parceria com Biblioteca Escolar.</p>

<p>C11 &#8211; Prática Simulada &#8211; Oportunidades e Desafios  Fátima Pais; Elisabete dos Inocentes elisabete.inocentes@essl.pt Agrupamento de Escolas Dr. Serafim Leite &nbsp; Os alunos dos cursos&hellip;</p>
