{"id":17,"date":"2020-07-15T11:15:30","date_gmt":"2020-07-15T10:15:30","guid":{"rendered":"http:\/\/wordpress.educom.pt\/TIC-Portugal-16\/?page_id=17"},"modified":"2021-07-05T10:48:50","modified_gmt":"2021-07-05T09:48:50","slug":"programa","status":"publish","type":"page","link":"https:\/\/wordpress.educom.pt\/TIC-Portugal-20\/programa\/","title":{"rendered":"Programa geral"},"content":{"rendered":"<p>09h30 \u00e0s 10h00 | Sess\u00e3o de Abertura<\/p>\n<p style=\"padding-left: 40px;\"><strong>Jo\u00e3o Correia de Freitas<\/strong> (ccTIC Educom)<br \/>\n<strong>V\u00edtor Hugo Fernandes<\/strong> (FCT-UNL)<br \/>\n<strong>David Costa<\/strong>\u00a0(ccTIC Educom)<br \/>\n<strong>Renata Afonso<\/strong> (ESLoul\u00e9)<br \/>\n<strong>Manuel Nora<\/strong> (CFAE Litoral \u00e0 Serra)<br \/>\n<strong>Jos\u00e9 V\u00edtor Pedroso<\/strong>\u00a0(Dire\u00e7\u00e3o-Geral da Educa\u00e7\u00e3o)<\/p>\n<p style=\"padding-left: 40px;\">Assistir no YouTube: <strong><u><a href=\"https:\/\/www.youtube.com\/channel\/UC345yGKwRl_X8UFPtZyyeSA\/featured\" target=\"_blank\" rel=\"noopener noreferrer\">clique aqui<\/a><\/u><\/strong><\/p>\n<p>10h00 \u00e0s 11h00 | Painel &#8211; <strong>As TIC na Educa\u00e7\u00e3o: oportunidades em Pandemia.<\/strong><\/p>\n<p style=\"padding-left: 40px;\"><a href=\"https:\/\/wordpress.educom.pt\/TIC-Portugal-20\/sobre-o-professor-joao-correia-de-freitas\/\" target=\"_blank\" rel=\"noopener noreferrer\"><strong>Jo\u00e3o Correia de Freitas<\/strong><\/a> (CCTIC Educom, Anfitri\u00e3o)<br \/>\n<a href=\"https:\/\/wordpress.educom.pt\/TIC-Portugal-20\/sobre-o-professor-jose-luis-ramos\/\" target=\"_blank\" rel=\"noopener noreferrer\"><strong>Jos\u00e9 Lu\u00eds Ramos<\/strong><\/a> (Universidade de \u00c9vora)<br \/>\n<a href=\"https:\/\/wordpress.educom.pt\/TIC-Portugal-20\/sobre-a-professora-maria-joao-horta\/\" target=\"_blank\" rel=\"noopener noreferrer\"><strong>Maria Jo\u00e3o Horta<\/strong><\/a> (Dire\u00e7\u00e3o-Geral da Educa\u00e7\u00e3o)<br \/>\n<a href=\"https:\/\/wordpress.educom.pt\/TIC-Portugal-20\/programa\/sobre-o-professor-paulo-dias\/\" target=\"_blank\" rel=\"noopener noreferrer\"><strong>Paulo Dias<\/strong><\/a> (Universidade Aberta)<\/p>\n<p style=\"padding-left: 40px;\">Assistir no YouTube: <strong><u><a href=\"https:\/\/www.youtube.com\/channel\/UC345yGKwRl_X8UFPtZyyeSA\/featured\" target=\"_blank\" rel=\"noopener noreferrer\">clique aqui<\/a><\/u><\/strong><\/p>\n<p>11h00 \u00e0s 11h15 | Intervalo<\/p>\n<p>11h15 \u00e0s 12h30 | Comunica\u00e7\u00f5es *<\/p>\n<p style=\"padding-left: 40px;\"><strong>Comunica\u00e7\u00f5es Convencionais<\/strong> (15 min)<\/p>\n<p style=\"padding-left: 40px;\"><u><a href=\"https:\/\/wordpress.educom.pt\/TIC-Portugal-20\/wp-content\/uploads\/2020\/07\/Livro-Resumos-TIC@PT20_doc_colaborativo_provis\u00f3rio.pdf\" target=\"_blank\" rel=\"noopener noreferrer\"><strong>Livro de resumos<\/strong><\/a><\/u><\/p>\n<p style=\"padding-left: 40px;\"><strong>Sala 1<\/strong> &#8211; Moderadora: Raquel Costa | Comunica\u00e7\u00f5es: C17, C4, C5, C16, C24 &#8211; <strong><u><a href=\"https:\/\/wordpress.educom.pt\/TIC-Portugal-20\/programa\/comunicacoes-sala-1\/\" target=\"_blank\" rel=\"noopener noreferrer\">Resumos<\/a><br \/>\n<\/u><\/strong><u><\/u><strong>Sala 2<\/strong> &#8211; Moderadora: Susana Senos | Comunica\u00e7\u00f5es: C12, C18, C20, C21 &#8211; <u><a href=\"https:\/\/wordpress.educom.pt\/TIC-Portugal-20\/programa\/comunicacoes-convencionais-sala-2\/\" target=\"_blank\" rel=\"noopener noreferrer\"><strong>Resumos<\/strong><\/a><br \/>\n<\/u><strong>Sala 3<\/strong> &#8211;\u00a0Moderador: Gon\u00e7alo Espadeiro | Comunica\u00e7\u00f5es: C3, C7, C8, C10, C13 &#8211; <u><a href=\"https:\/\/wordpress.educom.pt\/TIC-Portugal-20\/programa\/comunicacoes-convencionais-sala-3\/\" target=\"_blank\" rel=\"noopener noreferrer\"><strong>Resumos<\/strong><\/a><br \/>\n<\/u><strong>Sala 4<\/strong> &#8211; Moderador: Ant\u00f3nio Maneira | Comunica\u00e7\u00f5es: C2, C11, C15, C22, C23 &#8211; <u><a href=\"https:\/\/wordpress.educom.pt\/TIC-Portugal-20\/programa\/comunicacoes-convencionais-sala-4\/\" target=\"_blank\" rel=\"noopener noreferrer\"><strong>Resumos<\/strong><\/a><br \/>\n<\/u><strong>Sala 5<\/strong> &#8211; Moderadora: Ticiana Tr\u00e9z | Comunnica\u00e7\u00f5es: C1, C6, C9, C14, C19 &#8211; <u><a href=\"https:\/\/wordpress.educom.pt\/TIC-Portugal-20\/programa\/comunicacoes-convencionais-sala-5\/\" target=\"_blank\" rel=\"noopener noreferrer\"><strong>Resumos<\/strong><\/a><br \/>\n<\/u><\/p>\n<p>&nbsp;<\/p>\n<p style=\"padding-left: 40px;\"><strong>Comunica\u00e7\u00f5es Flash (5 min)<\/strong><\/p>\n<p style=\"padding-left: 40px;\"><strong>Sala 6<\/strong> &#8211; Moderador: David Costa | Comunica\u00e7\u00f5es: <u><a href=\"https:\/\/wordpress.educom.pt\/TIC-Portugal-20\/programa\/comunicacoes-flash-sala-6\/\" target=\"_blank\" rel=\"noopener noreferrer\"><strong>CF1, CF4, CF7, CF10, CF13, CF16, CF19, CF22, CF25<\/strong><\/a><br \/>\n<\/u>\u00a0Assistir no YouTube: <strong><u><a href=\"https:\/\/www.youtube.com\/channel\/UC345yGKwRl_X8UFPtZyyeSA\/featured\" target=\"_blank\" rel=\"noopener noreferrer\">clique aqui<\/a><br \/>\n<\/u><\/strong><strong>Sala 7<\/strong> \u2013 Moderador: Cristina Novo | Comunica\u00e7\u00f5es:<u><a href=\"https:\/\/wordpress.educom.pt\/TIC-Portugal-20\/programa\/comunicacoes-flash-sala-7\/\" target=\"_blank\" rel=\"noopener noreferrer\"><strong> CF2, CF5, CF8, CF11, CF14, CF17, CF20, CF23, CF26<\/strong><\/a><br \/>\n<\/u><strong>Sala 8<\/strong>\u00a0\u2013 Moderador: V\u00edtor Lopes | Comunica\u00e7\u00f5es: <u><a href=\"https:\/\/wordpress.educom.pt\/TIC-Portugal-20\/programa\/comunicacoes-flash-sala-8\/\" target=\"_blank\" rel=\"noopener noreferrer\"><strong>CF3, CF6, CF9, CF12, CF15, CF18, CF21, CF24<\/strong><\/a><\/u><\/p>\n<p>&nbsp;<\/p>\n<p>&nbsp;<\/p>\n<p>12h30 \u00e0s 14h30 | Almo\u00e7o livre<\/p>\n<p>14h30 \u00e0s 17h30 | Sess\u00f5es pr\u00e1ticas e Webinars *<\/p>\n<p style=\"padding-left: 30px;\">1. Workshop: <u><a href=\"https:\/\/wordpress.educom.pt\/TIC-Portugal-20\/programa\/utilizacao-do-moodle-como-plataforma-de-apoio-ao-ed-e-presencial\/\" target=\"_blank\" rel=\"noopener noreferrer\"><strong>Utiliza\u00e7\u00e3o do Moodle como plataforma de apoio ao E@D e presencial<\/strong><\/a><\/u>, por Raquel Costa e Paulo Gomes (ccTIC Softci\u00eancias &#8211; Coimbra)<br \/>\n2. Webinar: <a href=\"https:\/\/wordpress.educom.pt\/TIC-Portugal-20\/programa\/avaliacao\/\" target=\"_blank\" rel=\"noopener noreferrer\"><u><strong>Avalia\u00e7\u00e3o, Avalia\u00e7\u00e3o Formativa e o Digital<\/strong><\/u><\/a>, por Nuno Dorotea (ccTIC C2ti &#8211; Lisboa)<br \/>\n3. Workshop: <a href=\"https:\/\/wordpress.educom.pt\/TIC-Portugal-20\/titulo-do-workshop-circuitos-eletronicos-analogicos-e-digitais-com-thinkercad-circuits\/\" target=\"_blank\" rel=\"noopener noreferrer\"><u><strong>Circuitos eletr\u00f3nicos anal\u00f3gicos e digitais com Thinkercad Circuits<\/strong><\/u><\/a>, por Jo\u00e3o Piedade (ccTIC C2ti &#8211; Lisboa)<br \/>\n4. Workshop: <u><a href=\"https:\/\/wordpress.educom.pt\/TIC-Portugal-20\/programa\/trabalho-colaborativo-na-educacao-literaria-storyjumper-e-wordwall\/\" target=\"_blank\" rel=\"noopener noreferrer\"><strong>Trabalho colaborativo na educa\u00e7\u00e3o liter\u00e1ria: storyjumper e wordwall<\/strong><\/a><\/u>, por Ana Torres (ccTIC ESE-IP Santar\u00e9m)<br \/>\n5. Workshop: <a href=\"https:\/\/wordpress.educom.pt\/TIC-Portugal-20\/programa\/programa-setubal\/desafios-e-problemas-com-recurso-ao-pensamento-computacional\/\" target=\"_blank\" rel=\"noopener noreferrer\"><u><strong>Desafios e problemas com recurso ao Pensamento Computacional<\/strong><\/u><\/a>, por Rui Gon\u00e7alo Espadeiro (ccTIC U \u00c9vora)<br \/>\n6. Workshop: <a href=\"https:\/\/wordpress.educom.pt\/TIC-Portugal-20\/programa\/sistema-interativo-de-monitorizacao-das-aprendizagens-sima\/\" target=\"_blank\" rel=\"noopener noreferrer\"><u><strong>Sistema interativo de monitoriza\u00e7\u00e3o das aprendizagens &#8211; SIMA<\/strong><\/u><\/a>, por equipa do ccTIC Entre Mar e Serra<br \/>\n7. Workshop: <a href=\"https:\/\/wordpress.educom.pt\/TIC-Portugal-20\/programa\/inteligencia-artificial-para-criancas-com-scratch\/\" target=\"_blank\" rel=\"noopener noreferrer\"><u><strong>Intelig\u00eancia Artificial para crian\u00e7as (com Scratch)<\/strong><\/u><\/a>, por Carlos Silva e Jo\u00e3o Torres, AE de Porto de M\u00f3s &#8211; (ccTIC da ESE-IP Set\u00fabal)<br \/>\n8. Workshop: <a href=\"https:\/\/wordpress.educom.pt\/TIC-Portugal-20\/programa\/gamificar-a-avaliacao-com-kakoot-e-nearpod\/\" target=\"_blank\" rel=\"noopener noreferrer\"><u><strong>Gamificar a avalia\u00e7\u00e3o com kahoot! e nearpod &#8211; 1h30<\/strong><\/u><\/a>, por V\u00edtor Gon\u00e7alves e o <u><a href=\"https:\/\/wordpress.educom.pt\/TIC-Portugal-20\/programa\/padlet-como-recurso-para-a-avaliacao-presencial-e-a-distancia\/\" target=\"_blank\" rel=\"noopener noreferrer\"><strong>Padlet como recurso para a avalia\u00e7\u00e3o presencial e a dist\u00e2ncia &#8211; 1h30<\/strong><\/a><\/u>, por Ana Cl\u00e1udia Loureiro (ccTIC ESE-IPBragan\u00e7a)<br \/>\n9. Workshop: <u><a href=\"https:\/\/wordpress.educom.pt\/TIC-Portugal-20\/programa\/aprender-presencialmente-ou-a-distancia-com-a-app-milage-aprender\/\" target=\"_blank\" rel=\"noopener noreferrer\"><strong>Aprender presencialmente ou a dist\u00e2ncia com a app MILAGE APRENDER+<\/strong><\/a><\/u>, por Mauro Figueiredo, Universidade do Algarve (ccTIC U Aveiro)<br \/>\n10. Workshop: <u><a href=\"https:\/\/wordpress.educom.pt\/TIC-Portugal-20\/programa\/contar-uma-historia-com-scratchjr\/\" target=\"_blank\" rel=\"noopener noreferrer\"><strong>Contar uma hist\u00f3ria com ScratchJr<\/strong><\/a><\/u>, por Maribel Miranda Pinto, ESE Viseu (ccTIC U Aveiro)<br \/>\n11. Workshop: <a href=\"https:\/\/wordpress.educom.pt\/TIC-Portugal-20\/programa\/a-plataforma-khan-academy-na-sala-de-aula-de-matematica\/\" target=\"_blank\" rel=\"noopener noreferrer\"><u><strong>A plataforma Khan Academy na sala de aula de matem\u00e1tica<\/strong><u><\/u><\/u><\/a>, por Ana Catarina Gra\u00e7a, Teresa Fernandes, Funda\u00e7\u00e3o Altice e S\u00f3nia Silva, Escola B\u00e1sica e Secund\u00e1ria Doutor \u00c2ngelo Augusto da Silva, Funchal (ccTIC Educom)\u00a0 \u00a0 \u00a0 \u00a0 \u00a0 \u00a0 \u00a0 \u00a0 \u00a0 \u00a0 \u00a0 \u00a0 \u00a0 \u00a0 \u00a0 \u00a0 \u00a0 \u00a0 \u00a0 Assistir no YouTube: <strong><u><a href=\"https:\/\/www.youtube.com\/channel\/UC345yGKwRl_X8UFPtZyyeSA\/featured\" target=\"_blank\" rel=\"noopener noreferrer\">clique aqui<\/a><\/u><\/strong><\/p>\n<p>&nbsp;<\/p>\n<p>17h30 \u00e0s 17h45 | Intervalo<\/p>\n<p>17h45 \u00e0s 18h00 | Mesa Redonda: coordenadores dos CC TIC participantes<\/p>\n<p>Assistir no YouTube: <strong><u><a href=\"https:\/\/www.youtube.com\/channel\/UC345yGKwRl_X8UFPtZyyeSA\/featured\" target=\"_blank\" rel=\"noopener noreferrer\">clique aqui<\/a><\/u><\/strong><\/p>\n<p>18h00 \u00e0s 18h15 | Encerramento<\/p>\n<p>Assistir no YouTube: <strong><u><a href=\"https:\/\/www.youtube.com\/channel\/UC345yGKwRl_X8UFPtZyyeSA\/featured\" target=\"_blank\" rel=\"noopener noreferrer\">clique aqui<\/a><\/u><\/strong><\/p>\n<p>&nbsp;<\/p>\n<p><strong>*<\/strong> Os participantes receber\u00e3o o link para a sala Zoom ap\u00f3s o encerramento e seria\u00e7\u00e3o das inscri\u00e7\u00f5es<\/p>\n<p>&nbsp;<\/p>\n<p><strong>Contacto<\/strong><\/p>\n<p><strong>Email:<\/strong><\/p>\n<p><a href=\"mailto:tic.portugal@educom.pt\">tic.portugal@educom.pt<\/a><\/p>\n<p><strong>Tlm:\u00a0<\/strong>96 73 01 886 (David Costa)<\/p>\n","protected":false},"excerpt":{"rendered":"<p>09h30 \u00e0s 10h00 | Sess\u00e3o de Abertura Jo\u00e3o Correia de Freitas (ccTIC Educom) V\u00edtor Hugo Fernandes (FCT-UNL) David Costa\u00a0(ccTIC Educom) Renata Afonso (ESLoul\u00e9) Manuel Nora&hellip;<\/p>\n","protected":false},"author":9,"featured_media":0,"parent":0,"menu_order":0,"comment_status":"closed","ping_status":"closed","template":"","meta":[],"_links":{"self":[{"href":"https:\/\/wordpress.educom.pt\/TIC-Portugal-20\/wp-json\/wp\/v2\/pages\/17"}],"collection":[{"href":"https:\/\/wordpress.educom.pt\/TIC-Portugal-20\/wp-json\/wp\/v2\/pages"}],"about":[{"href":"https:\/\/wordpress.educom.pt\/TIC-Portugal-20\/wp-json\/wp\/v2\/types\/page"}],"author":[{"embeddable":true,"href":"https:\/\/wordpress.educom.pt\/TIC-Portugal-20\/wp-json\/wp\/v2\/users\/9"}],"replies":[{"embeddable":true,"href":"https:\/\/wordpress.educom.pt\/TIC-Portugal-20\/wp-json\/wp\/v2\/comments?post=17"}],"version-history":[{"count":174,"href":"https:\/\/wordpress.educom.pt\/TIC-Portugal-20\/wp-json\/wp\/v2\/pages\/17\/revisions"}],"predecessor-version":[{"id":11341,"href":"https:\/\/wordpress.educom.pt\/TIC-Portugal-20\/wp-json\/wp\/v2\/pages\/17\/revisions\/11341"}],"wp:attachment":[{"href":"https:\/\/wordpress.educom.pt\/TIC-Portugal-20\/wp-json\/wp\/v2\/media?parent=17"}],"curies":[{"name":"wp","href":"https:\/\/api.w.org\/{rel}","templated":true}]}}