{"id":19,"date":"2020-06-20T11:41:13","date_gmt":"2020-06-20T10:41:13","guid":{"rendered":"http:\/\/wordpress.educom.pt\/TIC-Portugal-16\/?page_id=19"},"modified":"2020-06-30T12:21:32","modified_gmt":"2020-06-30T11:21:32","slug":"informacoes","status":"publish","type":"page","link":"https:\/\/wordpress.educom.pt\/TIC-Portugal-20\/informacoes\/","title":{"rendered":"Informa\u00e7\u00f5es \u00fateis Educom (Monte de Caparica e Faro)"},"content":{"rendered":"<p style=\"text-align: left;\"><strong>Organiza\u00e7\u00e3o: CCTIC Educom<\/strong><\/p>\n<p><strong>Email:<\/strong>\u00a0<a href=\"mailto:tic.portugal@educom.pt\">tic.portugal@educom.pt<\/a><\/p>\n<p><strong>Tlm:\u00a0<\/strong>96 73 01 886 (David Costa)<\/p>\n<p><strong>CCTICs Participantes:<\/strong><\/p>\n<p>ccTIC Univ. Minho \u2013 Braga<\/p>\n<p>ccTIC ESE\/IP de Bragan\u00e7a \u2013 Bragan\u00e7a<\/p>\n<p>ccTIC Softci\u00eancias \u2013 Coimbra<\/p>\n<p>ccTIC Univ. Aveiro<\/p>\n<p>ccTIC C2TI IE Univ. Lisboa<\/p>\n<p>ccTIC ESE\/IP de Santar\u00e9m<\/p>\n<p>ccTIC ESE\/IP de Set\u00fabal<\/p>\n<p>ccTIC Univ. de \u00c9vora<\/p>\n<p>ccTIC Entre Mar e Serra \u2013 Leiria<\/p>\n<p>&nbsp;<\/p>\n<p><strong>Acredita\u00e7\u00e3o do Encontro<\/strong><\/p>\n<p style=\"padding-left: 30px;\">Estamos a trabalhar para que a acredita\u00e7\u00e3o do Encontro possa realizar-se na modalidade de A\u00e7\u00e3o de Curta Dura\u00e7\u00e3o (3h), correspondente \u00e0 participa\u00e7\u00e3o num dos workshops\/webinars da parte da tarde.<\/p>\n<p>&nbsp;<\/p>\n","protected":false},"excerpt":{"rendered":"<p>Organiza\u00e7\u00e3o: CCTIC Educom Email:\u00a0tic.portugal@educom.pt Tlm:\u00a096 73 01 886 (David Costa) CCTICs Participantes: ccTIC Univ. Minho \u2013 Braga ccTIC ESE\/IP de Bragan\u00e7a \u2013 Bragan\u00e7a ccTIC Softci\u00eancias&hellip;<\/p>\n","protected":false},"author":9,"featured_media":0,"parent":0,"menu_order":0,"comment_status":"closed","ping_status":"closed","template":"","meta":[],"_links":{"self":[{"href":"https:\/\/wordpress.educom.pt\/TIC-Portugal-20\/wp-json\/wp\/v2\/pages\/19"}],"collection":[{"href":"https:\/\/wordpress.educom.pt\/TIC-Portugal-20\/wp-json\/wp\/v2\/pages"}],"about":[{"href":"https:\/\/wordpress.educom.pt\/TIC-Portugal-20\/wp-json\/wp\/v2\/types\/page"}],"author":[{"embeddable":true,"href":"https:\/\/wordpress.educom.pt\/TIC-Portugal-20\/wp-json\/wp\/v2\/users\/9"}],"replies":[{"embeddable":true,"href":"https:\/\/wordpress.educom.pt\/TIC-Portugal-20\/wp-json\/wp\/v2\/comments?post=19"}],"version-history":[{"count":47,"href":"https:\/\/wordpress.educom.pt\/TIC-Portugal-20\/wp-json\/wp\/v2\/pages\/19\/revisions"}],"predecessor-version":[{"id":11067,"href":"https:\/\/wordpress.educom.pt\/TIC-Portugal-20\/wp-json\/wp\/v2\/pages\/19\/revisions\/11067"}],"wp:attachment":[{"href":"https:\/\/wordpress.educom.pt\/TIC-Portugal-20\/wp-json\/wp\/v2\/media?parent=19"}],"curies":[{"name":"wp","href":"https:\/\/api.w.org\/{rel}","templated":true}]}}

Informações úteis Educom (Monte de Caparica e Faro)

<p style="text-align: left;"><strong>Organização: CCTIC Educom</strong></p>
<p><strong>Email:</strong> <a href="mailto:tic.portugal@educom.pt">tic.portugal@educom.pt</a></p>
<p><strong>Tlm: </strong>96 73 01 886 (David Costa)</p>
<p><strong>CCTICs Participantes:</strong></p>
<p>ccTIC Univ. Minho – Braga</p>
<p>ccTIC ESE/IP de Bragança – Bragança</p>
<p>ccTIC Softciências – Coimbra</p>
<p>ccTIC Univ. Aveiro</p>
<p>ccTIC C2TI IE Univ. Lisboa</p>
<p>ccTIC ESE/IP de Santarém</p>
<p>ccTIC ESE/IP de Setúbal</p>
<p>ccTIC Univ. de Évora</p>
<p>ccTIC Entre Mar e Serra – Leiria</p>
<p>&nbsp;</p>
<p><strong>Acreditação do Encontro</strong></p>
<p style="padding-left: 30px;">Estamos a trabalhar para que a acreditação do Encontro possa realizar-se na modalidade de Ação de Curta Duração (3h), correspondente à participação num dos workshops/webinars da parte da tarde.</p>
<p>&nbsp;</p>

<p>Organização: CCTIC Educom Email: tic.portugal@educom.pt Tlm: 96 73 01 886 (David Costa) CCTICs Participantes: ccTIC Univ. Minho – Braga ccTIC ESE/IP de Bragança – Bragança ccTIC Softciências&hellip;</p>
