{"id":10182,"date":"2021-05-20T11:45:51","date_gmt":"2021-05-20T10:45:51","guid":{"rendered":"http:\/\/wordpress.educom.pt\/TIC-Portugal-19\/?page_id=10182"},"modified":"2021-06-22T15:30:27","modified_gmt":"2021-06-22T14:30:27","slug":"inscricao","status":"publish","type":"page","link":"https:\/\/wordpress.educom.pt\/TIC-Portugal-21\/inscricao\/","title":{"rendered":"Inscri\u00e7\u00e3o"},"content":{"rendered":"<p>Reserve j\u00e1 o dia\u00a0<strong>16 de Julho de 2021<\/strong> (sexta-feira) para a participa\u00e7\u00e3o no <strong>TIC@Portugal&#8217;21.<\/strong><\/p>\n<p>&nbsp;<\/p>\n<h1 style=\"text-align: center;\"><u><a href=\"https:\/\/forms.gle\/fqST46ETD3rHQXAF6\" target=\"_blank\" rel=\"noopener\">Inscrever-me<\/a><\/u><\/h1>\n<h5>Nota: uma semana antes do Encontro, voltaremos ao contacto (por email) para que cada participante possa escolher as salas de comunica\u00e7\u00f5es, sess\u00f5es pr\u00e1ticas e <em>webinares<\/em> em que deseja participar. Para a distribui\u00e7\u00e3o pelas diversas salas ser\u00e3o tidas em conta as prefer\u00eancias individuais, a ordem de inscri\u00e7\u00e3o e a lota\u00e7\u00e3o de cada atividade.<\/h5>\n<p>&nbsp;<\/p>\n<p><strong>Contactos<\/strong><\/p>\n<p><strong>Email:<\/strong>\u00a0<a href=\"mailto:tic.portugal@educom.pt\">tic.portugal@educom.pt<\/a><\/p>\n<p><strong>Tlm:\u00a0<\/strong>96 73 01 886 (David Costa)<\/p>\n<p>Estamos a trabalhar para que a acredita\u00e7\u00e3o do Encontro possa realizar-se na modalidade de A\u00e7\u00e3o de Curta Dura\u00e7\u00e3o.<\/p>\n","protected":false},"excerpt":{"rendered":"<p>Reserve j\u00e1 o dia\u00a016 de Julho de 2021 (sexta-feira) para a participa\u00e7\u00e3o no TIC@Portugal&#8217;21. &nbsp; Inscrever-me Nota: uma semana antes do Encontro, voltaremos ao contacto&hellip;<\/p>\n","protected":false},"author":9,"featured_media":0,"parent":0,"menu_order":0,"comment_status":"closed","ping_status":"closed","template":"","meta":[],"_links":{"self":[{"href":"https:\/\/wordpress.educom.pt\/TIC-Portugal-21\/wp-json\/wp\/v2\/pages\/10182"}],"collection":[{"href":"https:\/\/wordpress.educom.pt\/TIC-Portugal-21\/wp-json\/wp\/v2\/pages"}],"about":[{"href":"https:\/\/wordpress.educom.pt\/TIC-Portugal-21\/wp-json\/wp\/v2\/types\/page"}],"author":[{"embeddable":true,"href":"https:\/\/wordpress.educom.pt\/TIC-Portugal-21\/wp-json\/wp\/v2\/users\/9"}],"replies":[{"embeddable":true,"href":"https:\/\/wordpress.educom.pt\/TIC-Portugal-21\/wp-json\/wp\/v2\/comments?post=10182"}],"version-history":[{"count":48,"href":"https:\/\/wordpress.educom.pt\/TIC-Portugal-21\/wp-json\/wp\/v2\/pages\/10182\/revisions"}],"predecessor-version":[{"id":11385,"href":"https:\/\/wordpress.educom.pt\/TIC-Portugal-21\/wp-json\/wp\/v2\/pages\/10182\/revisions\/11385"}],"wp:attachment":[{"href":"https:\/\/wordpress.educom.pt\/TIC-Portugal-21\/wp-json\/wp\/v2\/media?parent=10182"}],"curies":[{"name":"wp","href":"https:\/\/api.w.org\/{rel}","templated":true}]}}