{"id":10187,"date":"2020-05-20T10:51:33","date_gmt":"2020-05-20T09:51:33","guid":{"rendered":"http:\/\/wordpress.educom.pt\/TIC-Portugal-19\/?page_id=10187"},"modified":"2021-06-30T21:36:46","modified_gmt":"2021-06-30T20:36:46","slug":"submeter-uma-comunicacao","status":"publish","type":"page","link":"https:\/\/wordpress.educom.pt\/TIC-Portugal-21\/submeter-uma-comunicacao\/","title":{"rendered":"Submeter uma comunica\u00e7\u00e3o"},"content":{"rendered":"<p>Desde a primeira edi\u00e7\u00e3o, a identidade do encontro <strong>TIC@Portugal<\/strong> tem sido centrada na apresenta\u00e7\u00e3o e reflex\u00e3o em torno de <strong>Pr\u00e1ticas com as TIC em Educa\u00e7\u00e3o<\/strong>.<\/p>\n<p>Poder\u00e1 apresentar dois tipos de comunica\u00e7\u00f5es:<\/p>\n<ul>\n<li><strong>Comunica\u00e7\u00e3o Convencional<\/strong> &#8211; em 10 minutos de apresenta\u00e7\u00e3o mais 5 de discuss\u00e3o, pressup\u00f5e a partilha de metodologias, atividades, ferramentas ou estrat\u00e9gias recorrendo \u00e0s TIC no \u00e2mbito da atividade docente. Sugere-se a partilha dos produtos resultantes das atividades desenvolvidas com os alunos, as mais-valias para o processo de ensino e aprendizagem e os constrangimentos, se os houver. O resumo, com um m\u00e1ximo de <strong>1500 caracteres <\/strong>(incluindo espa\u00e7os), dever\u00e1 ser enviado atrav\u00e9s de <strong>formul\u00e1rio<\/strong>.<\/li>\n<\/ul>\n<h1 style=\"text-align: center;\"><u><a href=\"https:\/\/forms.gle\/G8MHHfWKKxowJaQn8\" target=\"_blank\" rel=\"noopener\">Apresentar uma comunica\u00e7\u00e3o convencional<\/a><\/u><\/h1>\n<ul>\n<li><strong>Comunica\u00e7\u00e3o Flash<\/strong> &#8211; em 5 minutos, pressup\u00f5e a partilha de experi\u00eancias TIC em tempo de pandemia e ensino a dist\u00e2ncia! O resumo dever\u00e1 indicar o t\u00edtulo e um par\u00e1grafo a descrever a partilha. Dever\u00e1 enviar atrav\u00e9s de <strong>formul\u00e1rio<\/strong>.<\/li>\n<\/ul>\n<h1 style=\"text-align: center;\"><u><a href=\"https:\/\/forms.gle\/2PiNAfpVZ6hvjvqt7\" target=\"_blank\" rel=\"noopener\">Apresentar uma comunica\u00e7\u00e3o Flash<\/a><\/u><\/h1>\n<p>&nbsp;<\/p>\n<p>&nbsp;<\/p>\n<p>Modelo de apresenta\u00e7\u00e3o sugerido: <strong><u><a href=\"https:\/\/wordpress.educom.pt\/TIC-Portugal-21\/wp-content\/uploads\/2021\/05\/modelo-de-diapositivos_TIC@PT21.pptx\" target=\"_blank\" rel=\"noopener noreferrer\">apresenta\u00e7\u00e3o Microsoft PowerPoint<\/a><\/u><\/strong><\/p>\n<p>As submiss\u00f5es ser\u00e3o apreciadas pela organiza\u00e7\u00e3o quanto \u00e0 pertin\u00eancia da partilha e a conformidade com o modelo solicitado, n\u00e3o se realizando avalia\u00e7\u00e3o cient\u00edfica das mesmas.<\/p>\n<p>A data limite para submiss\u00e3o de <strong>comunica\u00e7\u00f5es<\/strong> \u00e9 a <strong>10 de julho de 2021<\/strong>.<\/p>\n<p>Para apresentar uma comunica\u00e7\u00e3o ou sess\u00e3o pr\u00e1tica dever\u00e1 <strong><a href=\"https:\/\/wordpress.educom.pt\/TIC-Portugal-21\/inscricao\/\" target=\"_blank\" rel=\"noopener\">inscrever-se<\/a><\/strong> antecipadamente no TIC@PT&#8217;21.<\/p>\n<p>A comiss\u00e3o organizadora informar\u00e1 sobre a aceita\u00e7\u00e3o da comunica\u00e7\u00e3o e a distribui\u00e7\u00e3o pelas salas de videoconfer\u00eancia no dia 12 de julho de 2021.<\/p>\n<p>&nbsp;<\/p>\n<p><strong>Contacto<\/strong><\/p>\n<p><strong>Email:<\/strong>\u00a0<a href=\"mailto:tic.portugal@educom.pt\">tic.portugal@educom.pt<\/a><\/p>\n<p><strong>Tlm:\u00a0<\/strong>96 73 01 886 (David Costa)<\/p>\n","protected":false},"excerpt":{"rendered":"<p>Desde a primeira edi\u00e7\u00e3o, a identidade do encontro TIC@Portugal tem sido centrada na apresenta\u00e7\u00e3o e reflex\u00e3o em torno de Pr\u00e1ticas com as TIC em Educa\u00e7\u00e3o.&hellip;<\/p>\n","protected":false},"author":9,"featured_media":0,"parent":0,"menu_order":0,"comment_status":"closed","ping_status":"closed","template":"","meta":[],"_links":{"self":[{"href":"https:\/\/wordpress.educom.pt\/TIC-Portugal-21\/wp-json\/wp\/v2\/pages\/10187"}],"collection":[{"href":"https:\/\/wordpress.educom.pt\/TIC-Portugal-21\/wp-json\/wp\/v2\/pages"}],"about":[{"href":"https:\/\/wordpress.educom.pt\/TIC-Portugal-21\/wp-json\/wp\/v2\/types\/page"}],"author":[{"embeddable":true,"href":"https:\/\/wordpress.educom.pt\/TIC-Portugal-21\/wp-json\/wp\/v2\/users\/9"}],"replies":[{"embeddable":true,"href":"https:\/\/wordpress.educom.pt\/TIC-Portugal-21\/wp-json\/wp\/v2\/comments?post=10187"}],"version-history":[{"count":43,"href":"https:\/\/wordpress.educom.pt\/TIC-Portugal-21\/wp-json\/wp\/v2\/pages\/10187\/revisions"}],"predecessor-version":[{"id":11458,"href":"https:\/\/wordpress.educom.pt\/TIC-Portugal-21\/wp-json\/wp\/v2\/pages\/10187\/revisions\/11458"}],"wp:attachment":[{"href":"https:\/\/wordpress.educom.pt\/TIC-Portugal-21\/wp-json\/wp\/v2\/media?parent=10187"}],"curies":[{"name":"wp","href":"https:\/\/api.w.org\/{rel}","templated":true}]}}

Submeter uma comunicação

<p>Desde a primeira edição, a identidade do encontro <strong>TIC@Portugal</strong> tem sido centrada na apresentação e reflexão em torno de <strong>Práticas com as TIC em Educação</strong>.</p>
<p>Poderá apresentar dois tipos de comunicações:</p>
<ul>
<li><strong>Comunicação Convencional</strong> &#8211; em 10 minutos de apresentação mais 5 de discussão, pressupõe a partilha de metodologias, atividades, ferramentas ou estratégias recorrendo às TIC no âmbito da atividade docente. Sugere-se a partilha dos produtos resultantes das atividades desenvolvidas com os alunos, as mais-valias para o processo de ensino e aprendizagem e os constrangimentos, se os houver. O resumo, com um máximo de <strong>1500 caracteres </strong>(incluindo espaços), deverá ser enviado através de <strong>formulário</strong>.</li>
</ul>
<h1 style="text-align: center;"><u><a href="https://forms.gle/G8MHHfWKKxowJaQn8" target="_blank" rel="noopener">Apresentar uma comunicação convencional</a></u></h1>
<ul>
<li><strong>Comunicação Flash</strong> &#8211; em 5 minutos, pressupõe a partilha de experiências TIC em tempo de pandemia e ensino a distância! O resumo deverá indicar o título e um parágrafo a descrever a partilha. Deverá enviar através de <strong>formulário</strong>.</li>
</ul>
<h1 style="text-align: center;"><u><a href="https://forms.gle/2PiNAfpVZ6hvjvqt7" target="_blank" rel="noopener">Apresentar uma comunicação Flash</a></u></h1>
<p>&nbsp;</p>
<p>&nbsp;</p>
<p>Modelo de apresentação sugerido: <strong><u><a href="https://wordpress.educom.pt/TIC-Portugal-21/wp-content/uploads/2021/05/modelo-de-diapositivos_TIC@PT21.pptx" target="_blank" rel="noopener noreferrer">apresentação Microsoft PowerPoint</a></u></strong></p>
<p>As submissões serão apreciadas pela organização quanto à pertinência da partilha e a conformidade com o modelo solicitado, não se realizando avaliação científica das mesmas.</p>
<p>A data limite para submissão de <strong>comunicações</strong> é a <strong>10 de julho de 2021</strong>.</p>
<p>Para apresentar uma comunicação ou sessão prática deverá <strong><a href="https://wordpress.educom.pt/TIC-Portugal-21/inscricao/" target="_blank" rel="noopener">inscrever-se</a></strong> antecipadamente no TIC@PT&#8217;21.</p>
<p>A comissão organizadora informará sobre a aceitação da comunicação e a distribuição pelas salas de videoconferência no dia 12 de julho de 2021.</p>
<p>&nbsp;</p>
<p><strong>Contacto</strong></p>
<p><strong>Email:</strong> <a href="mailto:tic.portugal@educom.pt">tic.portugal@educom.pt</a></p>
<p><strong>Tlm: </strong>96 73 01 886 (David Costa)</p>

<p>Desde a primeira edição, a identidade do encontro TIC@Portugal tem sido centrada na apresentação e reflexão em torno de Práticas com as TIC em Educação.&hellip;</p>
