{"id":11574,"date":"2021-07-07T16:34:54","date_gmt":"2021-07-07T15:34:54","guid":{"rendered":"https:\/\/wordpress.educom.pt\/TIC-Portugal-21\/?page_id=11574"},"modified":"2021-07-13T09:48:33","modified_gmt":"2021-07-13T08:48:33","slug":"sera-matematica","status":"publish","type":"page","link":"https:\/\/wordpress.educom.pt\/TIC-Portugal-21\/programa\/sera-matematica\/","title":{"rendered":"Ser\u00e1 Matem\u00e1tica?"},"content":{"rendered":"<p style=\"text-align: center;\">Jo\u00e3o Cabeleira*; Sandra Sim\u00f5es**<\/p>\n<p style=\"text-align: center;\">\u00a0joaomiguelcabeleira@gmail.com; sandradiassimoes@gmail.com<\/p>\n<p style=\"text-align: center;\">(ccTIC ESE\/IP de Santar\u00e9m)<\/p>\n<p>&nbsp;<\/p>\n<p>O desenvolvimento de compet\u00eancias na \u00e1rea do pensamento computacional \u00e9 hoje considerado essencial na educa\u00e7\u00e3o.<\/p>\n<p>Neste workshop iremos abordar a sua articula\u00e7\u00e3o com as Aprendizagens Essenciais de Matem\u00e1tica do 1.\u00ba Ciclo do Ensino B\u00e1sico. Ser\u00e1 um workshop essencialmente pr\u00e1tico e de partilha de um percurso de forma\u00e7\u00e3o realizado pelos seus autores no \u00e2mbito do projeto piloto <strong>Matematic<\/strong>.<\/p>\n<p>&nbsp;<\/p>\n<p><strong>N\u00famero m\u00e1ximo de participantes:<\/strong> 25<\/p>\n<p><strong>Requisitos necess\u00e1rios para a participa\u00e7\u00e3o:<\/strong><\/p>\n<ul>\n<li>Computador;<\/li>\n<li>acesso \u00e0 Internet;<\/li>\n<\/ul>\n<p>&nbsp;<\/p>\n<p>&nbsp;<\/p>\n<p>* Jo\u00e3o Miguel de Sousa Cabeleira<br \/>\nHabilita\u00e7\u00f5es Acad\u00e9micas: Curso do Magist\u00e9rio Prim\u00e1rio + Curso de Estudos Superiores Especializados em Administra\u00e7\u00e3o e Gest\u00e3o Escolar<br \/>\nAtividade Profissional: Professor do 1.\u00ba ciclo desde 1988, desempenhando, ao longo da carreira, diversas fun\u00e7\u00f5es e cargos e participando em diversos projetos nacionais e internacionais.<br \/>\nAtualmente em exerc\u00edcio de fun\u00e7\u00f5es no Agrupamento de Escolas de Alcanena.<\/p>\n<p>** Sandra Sim\u00f5es, professora do 1.\u00ba Ciclo do Ensino B\u00e1sico no Agrupamento Fernando Casimiro Pereira da Silva. Licenciada em Educa\u00e7\u00e3o \u2013 \u00c1rea de Educa\u00e7\u00e3o Especial \u2013<br \/>\nProblem\u00e1ticas de Risco. Ao longo do seu percurso profissional desempenhou v\u00e1rios cargos, nomeadamente de dire\u00e7\u00e3o, e participou em projetos nacionais e internacionais.<\/p>\n<p>No ano letivo 2020\/2021 os dois oradores participaram na a\u00e7\u00e3o de forma\u00e7\u00e3o \u201cDesenvolvimento do Pensamento Computacional em articula\u00e7\u00e3o com as Aprendizagens Essenciais de Matem\u00e1tica do 1.\u00ba Ciclo do Ensino B\u00e1sico\u201d.<\/p>\n","protected":false},"excerpt":{"rendered":"<p>Jo\u00e3o Cabeleira*; Sandra Sim\u00f5es** \u00a0joaomiguelcabeleira@gmail.com; sandradiassimoes@gmail.com (ccTIC ESE\/IP de Santar\u00e9m) &nbsp; O desenvolvimento de compet\u00eancias na \u00e1rea do pensamento computacional \u00e9 hoje considerado essencial na&hellip;<\/p>\n","protected":false},"author":9,"featured_media":0,"parent":17,"menu_order":0,"comment_status":"closed","ping_status":"closed","template":"","meta":[],"_links":{"self":[{"href":"https:\/\/wordpress.educom.pt\/TIC-Portugal-21\/wp-json\/wp\/v2\/pages\/11574"}],"collection":[{"href":"https:\/\/wordpress.educom.pt\/TIC-Portugal-21\/wp-json\/wp\/v2\/pages"}],"about":[{"href":"https:\/\/wordpress.educom.pt\/TIC-Portugal-21\/wp-json\/wp\/v2\/types\/page"}],"author":[{"embeddable":true,"href":"https:\/\/wordpress.educom.pt\/TIC-Portugal-21\/wp-json\/wp\/v2\/users\/9"}],"replies":[{"embeddable":true,"href":"https:\/\/wordpress.educom.pt\/TIC-Portugal-21\/wp-json\/wp\/v2\/comments?post=11574"}],"version-history":[{"count":5,"href":"https:\/\/wordpress.educom.pt\/TIC-Portugal-21\/wp-json\/wp\/v2\/pages\/11574\/revisions"}],"predecessor-version":[{"id":11700,"href":"https:\/\/wordpress.educom.pt\/TIC-Portugal-21\/wp-json\/wp\/v2\/pages\/11574\/revisions\/11700"}],"up":[{"embeddable":true,"href":"https:\/\/wordpress.educom.pt\/TIC-Portugal-21\/wp-json\/wp\/v2\/pages\/17"}],"wp:attachment":[{"href":"https:\/\/wordpress.educom.pt\/TIC-Portugal-21\/wp-json\/wp\/v2\/media?parent=11574"}],"curies":[{"name":"wp","href":"https:\/\/api.w.org\/{rel}","templated":true}]}}

Será Matemática?

<p style="text-align: center;">João Cabeleira*; Sandra Simões**</p>
<p style="text-align: center;"> joaomiguelcabeleira@gmail.com; sandradiassimoes@gmail.com</p>
<p style="text-align: center;">(ccTIC ESE/IP de Santarém)</p>
<p>&nbsp;</p>
<p>O desenvolvimento de competências na área do pensamento computacional é hoje considerado essencial na educação.</p>
<p>Neste workshop iremos abordar a sua articulação com as Aprendizagens Essenciais de Matemática do 1.º Ciclo do Ensino Básico. Será um workshop essencialmente prático e de partilha de um percurso de formação realizado pelos seus autores no âmbito do projeto piloto <strong>Matematic</strong>.</p>
<p>&nbsp;</p>
<p><strong>Número máximo de participantes:</strong> 25</p>
<p><strong>Requisitos necessários para a participação:</strong></p>
<ul>
<li>Computador;</li>
<li>acesso à Internet;</li>
</ul>
<p>&nbsp;</p>
<p>&nbsp;</p>
<p>* João Miguel de Sousa Cabeleira<br />
Habilitações Académicas: Curso do Magistério Primário + Curso de Estudos Superiores Especializados em Administração e Gestão Escolar<br />
Atividade Profissional: Professor do 1.º ciclo desde 1988, desempenhando, ao longo da carreira, diversas funções e cargos e participando em diversos projetos nacionais e internacionais.<br />
Atualmente em exercício de funções no Agrupamento de Escolas de Alcanena.</p>
<p>** Sandra Simões, professora do 1.º Ciclo do Ensino Básico no Agrupamento Fernando Casimiro Pereira da Silva. Licenciada em Educação – Área de Educação Especial –<br />
Problemáticas de Risco. Ao longo do seu percurso profissional desempenhou vários cargos, nomeadamente de direção, e participou em projetos nacionais e internacionais.</p>
<p>No ano letivo 2020/2021 os dois oradores participaram na ação de formação “Desenvolvimento do Pensamento Computacional em articulação com as Aprendizagens Essenciais de Matemática do 1.º Ciclo do Ensino Básico”.</p>

<p>João Cabeleira*; Sandra Simões**  joaomiguelcabeleira@gmail.com; sandradiassimoes@gmail.com (ccTIC ESE/IP de Santarém) &nbsp; O desenvolvimento de competências na área do pensamento computacional é hoje considerado essencial na&hellip;</p>
