{"id":11579,"date":"2021-07-07T20:21:15","date_gmt":"2021-07-07T19:21:15","guid":{"rendered":"https:\/\/wordpress.educom.pt\/TIC-Portugal-21\/?page_id=11579"},"modified":"2021-07-09T11:11:44","modified_gmt":"2021-07-09T10:11:44","slug":"a-utilizacao-do-bloco-de-notas-em-contexto-escolar-da-demonstracao-a-acao","status":"publish","type":"page","link":"https:\/\/wordpress.educom.pt\/TIC-Portugal-21\/programa\/a-utilizacao-do-bloco-de-notas-em-contexto-escolar-da-demonstracao-a-acao\/","title":{"rendered":"A utiliza\u00e7\u00e3o do Bloco de Notas em contexto escolar \u2013 da demonstra\u00e7\u00e3o \u00e0 a\u00e7\u00e3o"},"content":{"rendered":"<p style=\"text-align: center;\">Jos\u00e9 Nunes*<\/p>\n<p style=\"text-align: center;\">jose.nunes@ese.ipsantarem.pt<\/p>\n<p style=\"text-align: center;\">(ccTIC ESE\/IP de Santar\u00e9m)<\/p>\n<p>&nbsp;<\/p>\n<p>Neste workshop pretende-se mostrar as potencialidades educativas do Bloco de Notas Escolar. Ser\u00e1 uma sess\u00e3o eminentemente pr\u00e1tica onde iremos abordar aspetos como:<\/p>\n<ul>\n<li>a organiza\u00e7\u00e3o do Bloco de Notas Escolar na aplica\u00e7\u00e3o Teams;<\/li>\n<li>configura\u00e7\u00e3o e adapta\u00e7\u00e3o do mesmo aos diferentes p\u00fablicos alvo;<\/li>\n<li>poss\u00edveis utiliza\u00e7\u00f5es pelos docentes dos diferentes n\u00edveis de ensino e \u00e1reas disciplinares e como poder\u00e3o adapt\u00e1-lo \u00e0 sua pr\u00e1tica letiva.<\/li>\n<\/ul>\n<p>&nbsp;<\/p>\n<p><strong>N\u00famero m\u00e1ximo de participantes:<\/strong> 25<\/p>\n<p><strong>Requisitos necess\u00e1rios para a participa\u00e7\u00e3o:<\/strong><\/p>\n<ul>\n<li>Computador;<\/li>\n<li>Acesso \u00e0 Internet;<\/li>\n<li>Conhecimentos b\u00e1sicos de entrada na plataforma Teams.<\/li>\n<\/ul>\n<p>&nbsp;<\/p>\n<p>* Jos\u00e9 Nunes \u00e9 professor do grupo 550 do Agrupamento de Escolas de Salvaterra de Magos, licenciado em Inform\u00e1tica de Gest\u00e3o e mestrado em Educa\u00e7\u00e3o e Comunica\u00e7\u00e3o Multim\u00e9dia. Tem como principais \u00e1reas de interesse os sistemas de informa\u00e7\u00e3o, a programa\u00e7\u00e3o e as plataformas de E@D. Experi\u00eancia de 12 anos como professor do departamento de Tecnologias Educativas na ESE de Santar\u00e9m e colaborador do CCTIC em diversos projetos nacionais e internacionais. Exerce fun\u00e7\u00f5es no CCTIC do IP Santar\u00e9m a 80%, sendo respons\u00e1vel pelo administra\u00e7\u00e3o e gest\u00e3o de plataformas, estando neste momento a desenvolver um projeto de integra\u00e7\u00e3o das plataformas Moodle e Microsoft Teams.<\/p>\n","protected":false},"excerpt":{"rendered":"<p>Jos\u00e9 Nunes* jose.nunes@ese.ipsantarem.pt (ccTIC ESE\/IP de Santar\u00e9m) &nbsp; Neste workshop pretende-se mostrar as potencialidades educativas do Bloco de Notas Escolar. Ser\u00e1 uma sess\u00e3o eminentemente pr\u00e1tica&hellip;<\/p>\n","protected":false},"author":9,"featured_media":0,"parent":17,"menu_order":0,"comment_status":"closed","ping_status":"closed","template":"","meta":[],"_links":{"self":[{"href":"https:\/\/wordpress.educom.pt\/TIC-Portugal-21\/wp-json\/wp\/v2\/pages\/11579"}],"collection":[{"href":"https:\/\/wordpress.educom.pt\/TIC-Portugal-21\/wp-json\/wp\/v2\/pages"}],"about":[{"href":"https:\/\/wordpress.educom.pt\/TIC-Portugal-21\/wp-json\/wp\/v2\/types\/page"}],"author":[{"embeddable":true,"href":"https:\/\/wordpress.educom.pt\/TIC-Portugal-21\/wp-json\/wp\/v2\/users\/9"}],"replies":[{"embeddable":true,"href":"https:\/\/wordpress.educom.pt\/TIC-Portugal-21\/wp-json\/wp\/v2\/comments?post=11579"}],"version-history":[{"count":3,"href":"https:\/\/wordpress.educom.pt\/TIC-Portugal-21\/wp-json\/wp\/v2\/pages\/11579\/revisions"}],"predecessor-version":[{"id":11599,"href":"https:\/\/wordpress.educom.pt\/TIC-Portugal-21\/wp-json\/wp\/v2\/pages\/11579\/revisions\/11599"}],"up":[{"embeddable":true,"href":"https:\/\/wordpress.educom.pt\/TIC-Portugal-21\/wp-json\/wp\/v2\/pages\/17"}],"wp:attachment":[{"href":"https:\/\/wordpress.educom.pt\/TIC-Portugal-21\/wp-json\/wp\/v2\/media?parent=11579"}],"curies":[{"name":"wp","href":"https:\/\/api.w.org\/{rel}","templated":true}]}}

A utilização do Bloco de Notas em contexto escolar – da demonstração à ação

<p style="text-align: center;">José Nunes*</p>
<p style="text-align: center;">jose.nunes@ese.ipsantarem.pt</p>
<p style="text-align: center;">(ccTIC ESE/IP de Santarém)</p>
<p>&nbsp;</p>
<p>Neste workshop pretende-se mostrar as potencialidades educativas do Bloco de Notas Escolar. Será uma sessão eminentemente prática onde iremos abordar aspetos como:</p>
<ul>
<li>a organização do Bloco de Notas Escolar na aplicação Teams;</li>
<li>configuração e adaptação do mesmo aos diferentes públicos alvo;</li>
<li>possíveis utilizações pelos docentes dos diferentes níveis de ensino e áreas disciplinares e como poderão adaptá-lo à sua prática letiva.</li>
</ul>
<p>&nbsp;</p>
<p><strong>Número máximo de participantes:</strong> 25</p>
<p><strong>Requisitos necessários para a participação:</strong></p>
<ul>
<li>Computador;</li>
<li>Acesso à Internet;</li>
<li>Conhecimentos básicos de entrada na plataforma Teams.</li>
</ul>
<p>&nbsp;</p>
<p>* José Nunes é professor do grupo 550 do Agrupamento de Escolas de Salvaterra de Magos, licenciado em Informática de Gestão e mestrado em Educação e Comunicação Multimédia. Tem como principais áreas de interesse os sistemas de informação, a programação e as plataformas de E@D. Experiência de 12 anos como professor do departamento de Tecnologias Educativas na ESE de Santarém e colaborador do CCTIC em diversos projetos nacionais e internacionais. Exerce funções no CCTIC do IP Santarém a 80%, sendo responsável pelo administração e gestão de plataformas, estando neste momento a desenvolver um projeto de integração das plataformas Moodle e Microsoft Teams.</p>

<p>José Nunes* jose.nunes@ese.ipsantarem.pt (ccTIC ESE/IP de Santarém) &nbsp; Neste workshop pretende-se mostrar as potencialidades educativas do Bloco de Notas Escolar. Será uma sessão eminentemente prática&hellip;</p>
