{"id":11593,"date":"2021-07-09T10:46:23","date_gmt":"2021-07-09T09:46:23","guid":{"rendered":"https:\/\/wordpress.educom.pt\/TIC-Portugal-21\/?page_id=11593"},"modified":"2021-07-13T15:37:09","modified_gmt":"2021-07-13T14:37:09","slug":"os-recursos-tecnologicos-e-ferramentas-digitais-como-auxiliares-no-processo-ensino-e-aprendizagem-no-1-o-ciclo","status":"publish","type":"page","link":"https:\/\/wordpress.educom.pt\/TIC-Portugal-21\/programa\/os-recursos-tecnologicos-e-ferramentas-digitais-como-auxiliares-no-processo-ensino-e-aprendizagem-no-1-o-ciclo\/","title":{"rendered":"Os recursos tecnol\u00f3gicos e ferramentas digitais como auxiliares no processo ensino e aprendizagem no 1.\u00ba ciclo"},"content":{"rendered":"<p style=\"text-align: center;\">Patr\u00edcia Alexandra Rodrigues Marques<\/p>\n<p style=\"text-align: center;\">professorapatriciamarques@gmail.com<\/p>\n<p>&nbsp;<\/p>\n<p>Tenho vindo a desempenhar um apoio de proximidade na Promo\u00e7\u00e3o do Sucesso Escolar dos alunos, promovendo e desenvolvendo a utiliza\u00e7\u00e3o de recursos tecnol\u00f3gicos e ferramentas digitais. Neste sentido, no 1.\u00ba ciclo EB, desenvolvi e promovi atividades diversas de cariz educativo e pedag\u00f3gico, incidindo principalmente na promo\u00e7\u00e3o da leitura e da escrita, mas tamb\u00e9m na estimula\u00e7\u00e3o e no desenvolvimento de compet\u00eancias digitais, no desenvolvimento do pensamento computacional com recurso a atividades em Ambientes Educativos de Aprendizagem Digitais, a Programa\u00e7\u00e3o e a Rob\u00f3tica, com o envolvimento em concursos e iniciativas nacionais, a exemplo: no concurso \u201cConta-nos uma hist\u00f3ria!\u201d, dinamizado pelo Minist\u00e9rio da Educa\u00e7\u00e3o (ME) e com a participa\u00e7\u00e3o ativa dos alunos no evento nacional <em>Code Week<\/em>.<\/p>\n<p>Com os alunos dos 3.\u00ba e 4.\u00ba anos, desenvolvi um projeto intitulado: \u201cOs recursos tecnol\u00f3gicos e ferramentas digitais como auxiliares no processo ensino e aprendizagem\u201d. As atividades passaram por v\u00e1rias fases e foram utilizados diversos recursos tecnol\u00f3gicos e ferramentas digitais, sempre na estimula\u00e7\u00e3o e no desenvolvimento de compet\u00eancias digitais, no desenvolvimento do pensamento computacional com recurso a atividades em Ambientes Educativos de Aprendizagem Digitais e outras iniciativas de enorme valor, como a Programa\u00e7\u00e3o e a Rob\u00f3tica. Participaram ativamente no evento nacional <em>Code Week<\/em>.<\/p>\n<p>&nbsp;<\/p>\n<p><u><a href=\"https:\/\/www.canva.com\/design\/DAEiYp8UTQo\/x7EtKTEw7Hdr6Y4-BzNAfw\/view?utm_content=DAEiYp8UTQo&amp;utm_campaign=designshare&amp;utm_medium=link&amp;utm_source=publishsharelink&amp;fbclid=IwAR0ydpd7bn_BKj-fG0T6\" target=\"_blank\" rel=\"noopener\">Atividades desenvolvidas com os alunos do 3.\u00ba e 4.\u00ba anos<\/a><\/u><\/p>\n<p><u><a href=\"https:\/\/www.youtube.com\/watch?v=5VXMO19YEPo\" target=\"_blank\" rel=\"noopener\">Atividades do 1.\u00ba e 2.\u00ba anos<\/a><\/u><\/p>\n","protected":false},"excerpt":{"rendered":"<p>Patr\u00edcia Alexandra Rodrigues Marques professorapatriciamarques@gmail.com &nbsp; Tenho vindo a desempenhar um apoio de proximidade na Promo\u00e7\u00e3o do Sucesso Escolar dos alunos, promovendo e desenvolvendo a&hellip;<\/p>\n","protected":false},"author":9,"featured_media":0,"parent":17,"menu_order":0,"comment_status":"closed","ping_status":"closed","template":"","meta":[],"_links":{"self":[{"href":"https:\/\/wordpress.educom.pt\/TIC-Portugal-21\/wp-json\/wp\/v2\/pages\/11593"}],"collection":[{"href":"https:\/\/wordpress.educom.pt\/TIC-Portugal-21\/wp-json\/wp\/v2\/pages"}],"about":[{"href":"https:\/\/wordpress.educom.pt\/TIC-Portugal-21\/wp-json\/wp\/v2\/types\/page"}],"author":[{"embeddable":true,"href":"https:\/\/wordpress.educom.pt\/TIC-Portugal-21\/wp-json\/wp\/v2\/users\/9"}],"replies":[{"embeddable":true,"href":"https:\/\/wordpress.educom.pt\/TIC-Portugal-21\/wp-json\/wp\/v2\/comments?post=11593"}],"version-history":[{"count":4,"href":"https:\/\/wordpress.educom.pt\/TIC-Portugal-21\/wp-json\/wp\/v2\/pages\/11593\/revisions"}],"predecessor-version":[{"id":11705,"href":"https:\/\/wordpress.educom.pt\/TIC-Portugal-21\/wp-json\/wp\/v2\/pages\/11593\/revisions\/11705"}],"up":[{"embeddable":true,"href":"https:\/\/wordpress.educom.pt\/TIC-Portugal-21\/wp-json\/wp\/v2\/pages\/17"}],"wp:attachment":[{"href":"https:\/\/wordpress.educom.pt\/TIC-Portugal-21\/wp-json\/wp\/v2\/media?parent=11593"}],"curies":[{"name":"wp","href":"https:\/\/api.w.org\/{rel}","templated":true}]}}

Os recursos tecnológicos e ferramentas digitais como auxiliares no processo ensino e aprendizagem no 1.º ciclo

<p style="text-align: center;">Patrícia Alexandra Rodrigues Marques</p>
<p style="text-align: center;">professorapatriciamarques@gmail.com</p>
<p>&nbsp;</p>
<p>Tenho vindo a desempenhar um apoio de proximidade na Promoção do Sucesso Escolar dos alunos, promovendo e desenvolvendo a utilização de recursos tecnológicos e ferramentas digitais. Neste sentido, no 1.º ciclo EB, desenvolvi e promovi atividades diversas de cariz educativo e pedagógico, incidindo principalmente na promoção da leitura e da escrita, mas também na estimulação e no desenvolvimento de competências digitais, no desenvolvimento do pensamento computacional com recurso a atividades em Ambientes Educativos de Aprendizagem Digitais, a Programação e a Robótica, com o envolvimento em concursos e iniciativas nacionais, a exemplo: no concurso “Conta-nos uma história!”, dinamizado pelo Ministério da Educação (ME) e com a participação ativa dos alunos no evento nacional <em>Code Week</em>.</p>
<p>Com os alunos dos 3.º e 4.º anos, desenvolvi um projeto intitulado: “Os recursos tecnológicos e ferramentas digitais como auxiliares no processo ensino e aprendizagem”. As atividades passaram por várias fases e foram utilizados diversos recursos tecnológicos e ferramentas digitais, sempre na estimulação e no desenvolvimento de competências digitais, no desenvolvimento do pensamento computacional com recurso a atividades em Ambientes Educativos de Aprendizagem Digitais e outras iniciativas de enorme valor, como a Programação e a Robótica. Participaram ativamente no evento nacional <em>Code Week</em>.</p>
<p>&nbsp;</p>
<p><u><a href="https://www.canva.com/design/DAEiYp8UTQo/x7EtKTEw7Hdr6Y4-BzNAfw/view?utm_content=DAEiYp8UTQo&amp;utm_campaign=designshare&amp;utm_medium=link&amp;utm_source=publishsharelink&amp;fbclid=IwAR0ydpd7bn_BKj-fG0T6" target="_blank" rel="noopener">Atividades desenvolvidas com os alunos do 3.º e 4.º anos</a></u></p>
<p><u><a href="https://www.youtube.com/watch?v=5VXMO19YEPo" target="_blank" rel="noopener">Atividades do 1.º e 2.º anos</a></u></p>

<p>Patrícia Alexandra Rodrigues Marques professorapatriciamarques@gmail.com &nbsp; Tenho vindo a desempenhar um apoio de proximidade na Promoção do Sucesso Escolar dos alunos, promovendo e desenvolvendo a&hellip;</p>
