{"id":15,"date":"2021-01-20T00:02:31","date_gmt":"2021-01-19T23:02:31","guid":{"rendered":"http:\/\/wordpress.educom.pt\/TIC-Portugal-16\/?page_id=15"},"modified":"2021-05-25T17:46:49","modified_gmt":"2021-05-25T16:46:49","slug":"organizacao","status":"publish","type":"page","link":"https:\/\/wordpress.educom.pt\/TIC-Portugal-21\/organizacao\/","title":{"rendered":"Organiza\u00e7\u00e3o"},"content":{"rendered":"<h3><strong>EDUCOM \u2013 Associa\u00e7\u00e3o Portuguesa de Telem\u00e1tica Educativa<\/strong><\/h3>\n<p style=\"padding-left: 30px;\">Jo\u00e3o Correia de Freitas<br \/>\nDavid Costa (96 73 01 886)<br \/>\nV\u00edtor Godinho Lopes<br \/>\nJo\u00e3o Mouro<\/p>\n<p style=\"padding-left: 30px;\"><strong>Email:<\/strong>\u00a0<a href=\"mailto:tic.portugal@educom.pt\">tic.portugal@educom.pt<\/a><\/p>\n<h3>Centros de Compet\u00eancia:<\/h3>\n<p style=\"padding-left: 30px;\"><strong>Centro de Compet\u00eancia da ESE\/IP de Set\u00fabal<\/strong><br \/>\n<strong>Centro de Compet\u00eancia da ESE\/IP de Santar\u00e9m<\/strong><br \/>\n<strong>Centro de Compet\u00eancia da Universidade de Aveiro<\/strong><br \/>\n<strong>Centro de Compet\u00eancia da Universidade de \u00c9vora<\/strong><br \/>\n<strong>Centro de Compet\u00eancia da Universidade do Minho<\/strong><br \/>\n<strong>Centro de Compet\u00eancia Softci\u00eancias<br \/>\nCentro de Compet\u00eancia C2TI IE Univ. Lisboa<br \/>\n<\/strong><strong>Centro de Compet\u00eancia ESE\/IP de Bragan\u00e7a<br \/>\nCentro de Compet\u00eancia entre Mar e Serra &#8211; Leiria<\/strong><\/p>\n<h3>Parcerias:<\/h3>\n<p style=\"padding-left: 30px;\">FCT\/UNL<\/p>\n<p>&nbsp;<\/p>\n<p><strong>Acredita\u00e7\u00e3o do Encontro<\/strong><\/p>\n<p style=\"padding-left: 30px;\">Estamos a trabalhar para que a acredita\u00e7\u00e3o do Encontro possa realizar-se na modalidade de A\u00e7\u00e3o de Curta Dura\u00e7\u00e3o.<\/p>\n","protected":false},"excerpt":{"rendered":"<p>EDUCOM \u2013 Associa\u00e7\u00e3o Portuguesa de Telem\u00e1tica Educativa Jo\u00e3o Correia de Freitas David Costa (96 73 01 886) V\u00edtor Godinho Lopes Jo\u00e3o Mouro Email:\u00a0tic.portugal@educom.pt Centros de&hellip;<\/p>\n","protected":false},"author":1,"featured_media":0,"parent":0,"menu_order":0,"comment_status":"closed","ping_status":"closed","template":"","meta":[],"_links":{"self":[{"href":"https:\/\/wordpress.educom.pt\/TIC-Portugal-21\/wp-json\/wp\/v2\/pages\/15"}],"collection":[{"href":"https:\/\/wordpress.educom.pt\/TIC-Portugal-21\/wp-json\/wp\/v2\/pages"}],"about":[{"href":"https:\/\/wordpress.educom.pt\/TIC-Portugal-21\/wp-json\/wp\/v2\/types\/page"}],"author":[{"embeddable":true,"href":"https:\/\/wordpress.educom.pt\/TIC-Portugal-21\/wp-json\/wp\/v2\/users\/1"}],"replies":[{"embeddable":true,"href":"https:\/\/wordpress.educom.pt\/TIC-Portugal-21\/wp-json\/wp\/v2\/comments?post=15"}],"version-history":[{"count":22,"href":"https:\/\/wordpress.educom.pt\/TIC-Portugal-21\/wp-json\/wp\/v2\/pages\/15\/revisions"}],"predecessor-version":[{"id":11344,"href":"https:\/\/wordpress.educom.pt\/TIC-Portugal-21\/wp-json\/wp\/v2\/pages\/15\/revisions\/11344"}],"wp:attachment":[{"href":"https:\/\/wordpress.educom.pt\/TIC-Portugal-21\/wp-json\/wp\/v2\/media?parent=15"}],"curies":[{"name":"wp","href":"https:\/\/api.w.org\/{rel}","templated":true}]}}