{"id":19,"date":"2021-05-20T11:41:13","date_gmt":"2021-05-20T10:41:13","guid":{"rendered":"http:\/\/wordpress.educom.pt\/TIC-Portugal-16\/?page_id=19"},"modified":"2021-06-15T10:58:38","modified_gmt":"2021-06-15T09:58:38","slug":"informacoes","status":"publish","type":"page","link":"https:\/\/wordpress.educom.pt\/TIC-Portugal-21\/informacoes\/","title":{"rendered":"Informa\u00e7\u00f5es \u00fateis Educom (Monte de Caparica e Faro)"},"content":{"rendered":"<p style=\"text-align: left;\"><strong>Organiza\u00e7\u00e3o: CCTIC Educom<\/strong><\/p>\n<p><strong>Email:<\/strong>\u00a0<a href=\"mailto:tic.portugal@educom.pt\">tic.portugal@educom.pt<\/a><\/p>\n<p><strong>Tlm:\u00a0<\/strong>96 73 01 886 (David Costa)<\/p>\n<p><strong>CCTICs Participantes:<\/strong><\/p>\n<p><a href=\"https:\/\/www.nonio.uminho.pt\/\" target=\"_blank\" rel=\"noopener\">ccTIC Univ. Minho \u2013 Braga<\/a><\/p>\n<p><a href=\"https:\/\/cctic.ipb.pt\/\/\" target=\"_blank\" rel=\"noopener\">ccTIC ESE\/IP de Bragan\u00e7a \u2013 Bragan\u00e7a<\/a><\/p>\n<p><a href=\"https:\/\/moodle.softciencias.pt\/\" target=\"_blank\" rel=\"noopener\">ccTIC Softci\u00eancias \u2013 Coimbra<\/a><\/p>\n<p><a href=\"https:\/\/www.ua.pt\/pt\/cctic\" target=\"_blank\" rel=\"noopener\">ccTIC Univ. Aveiro<\/a><\/p>\n<p><a href=\"http:\/\/c2ti.ie.ulisboa.pt\/centro\/\" target=\"_blank\" rel=\"noopener\">ccTIC C2TI IE Univ. Lisboa<\/a><\/p>\n<p><a href=\"https:\/\/cctic.ese.ipsantarem.pt\/cctic\/\" target=\"_blank\" rel=\"noopener\">ccTIC ESE\/IP de Santar\u00e9m<\/a><\/p>\n<p><a href=\"http:\/\/projectos.ese.ips.pt\/cctic\/\" target=\"_blank\" rel=\"noopener\">ccTIC ESE\/IP de Set\u00fabal<\/a><\/p>\n<p><a href=\"https:\/\/www.uevora.pt\/servicos\/Centro-de-Competencia-TIC-da-Universidade-de-Evora\" target=\"_blank\" rel=\"noopener\">ccTIC Univ. de \u00c9vora<\/a><\/p>\n<p><a href=\"https:\/\/www.ccems.pt\/\" target=\"_blank\" rel=\"noopener\">ccTIC Entre Mar e Serra \u2013 Leiria<\/a><\/p>\n<p>&nbsp;<\/p>\n<p><strong>Acredita\u00e7\u00e3o do Encontro<\/strong><\/p>\n<p style=\"padding-left: 30px;\">Estamos a trabalhar para que a acredita\u00e7\u00e3o do Encontro possa realizar-se na modalidade de A\u00e7\u00e3o de Curta Dura\u00e7\u00e3o.<\/p>\n<p>&nbsp;<\/p>\n","protected":false},"excerpt":{"rendered":"<p>Organiza\u00e7\u00e3o: CCTIC Educom Email:\u00a0tic.portugal@educom.pt Tlm:\u00a096 73 01 886 (David Costa) CCTICs Participantes: ccTIC Univ. Minho \u2013 Braga ccTIC ESE\/IP de Bragan\u00e7a \u2013 Bragan\u00e7a ccTIC Softci\u00eancias&hellip;<\/p>\n","protected":false},"author":9,"featured_media":0,"parent":0,"menu_order":0,"comment_status":"closed","ping_status":"closed","template":"","meta":[],"_links":{"self":[{"href":"https:\/\/wordpress.educom.pt\/TIC-Portugal-21\/wp-json\/wp\/v2\/pages\/19"}],"collection":[{"href":"https:\/\/wordpress.educom.pt\/TIC-Portugal-21\/wp-json\/wp\/v2\/pages"}],"about":[{"href":"https:\/\/wordpress.educom.pt\/TIC-Portugal-21\/wp-json\/wp\/v2\/types\/page"}],"author":[{"embeddable":true,"href":"https:\/\/wordpress.educom.pt\/TIC-Portugal-21\/wp-json\/wp\/v2\/users\/9"}],"replies":[{"embeddable":true,"href":"https:\/\/wordpress.educom.pt\/TIC-Portugal-21\/wp-json\/wp\/v2\/comments?post=19"}],"version-history":[{"count":50,"href":"https:\/\/wordpress.educom.pt\/TIC-Portugal-21\/wp-json\/wp\/v2\/pages\/19\/revisions"}],"predecessor-version":[{"id":11372,"href":"https:\/\/wordpress.educom.pt\/TIC-Portugal-21\/wp-json\/wp\/v2\/pages\/19\/revisions\/11372"}],"wp:attachment":[{"href":"https:\/\/wordpress.educom.pt\/TIC-Portugal-21\/wp-json\/wp\/v2\/media?parent=19"}],"curies":[{"name":"wp","href":"https:\/\/api.w.org\/{rel}","templated":true}]}}