{"id":10182,"date":"2021-05-20T11:45:51","date_gmt":"2021-05-20T10:45:51","guid":{"rendered":"http:\/\/wordpress.educom.pt\/TIC-Portugal-19\/?page_id=10182"},"modified":"2022-06-15T11:31:35","modified_gmt":"2022-06-15T10:31:35","slug":"inscricao","status":"publish","type":"page","link":"https:\/\/wordpress.educom.pt\/TIC-Portugal-22\/inscricao\/","title":{"rendered":"Inscri\u00e7\u00e3o"},"content":{"rendered":"\n\n\n<h4 style=\"color: rgb(0, 0, 0); text-align: left;\"><strong>O TIC@Portugal&#8217;22 ir\u00e1 decorrer em diversos locais:&nbsp;<\/strong><strong style=\"font-size: 1.0625rem; text-align: center;\">Monte de Caparica, Faro, Tarouca<\/strong><span style=\"font-size: 1.0625rem; text-align: center;\">&nbsp;<\/span><span style=\"font-size: 1.0625rem; text-align: center;\">e O<\/span><strong style=\"font-size: 1.0625rem; text-align: center;\">nline<\/strong><\/h4>\n\n<p style=\"color: rgb(0, 0, 0);\">A Inscri\u00e7\u00e3o \u00e9 gratuita, mas obrigat\u00f3ria para poder garantir a sua participa\u00e7\u00e3o. <br><br>Poder\u00e1 selecionar um dos locais onde o TIC@Portugal&#8217;22 decorrer\u00e1 com presen\u00e7a local: <strong>Monte de Caparica<\/strong>, <strong>Faro<\/strong> ou <strong>Tarouca<\/strong>; ou optar por participa\u00e7\u00e3o exclusivamente <strong>online<\/strong> (a dist\u00e2ncia)<\/p>\n\n<p>&nbsp;<\/p>\n&nbsp;\n\n\n\n\n\n<p style=\"color: rgb(0, 0, 0);\">Os <strong><a href=\"https:\/\/www.ua.pt\/pt\/cctic\/\">Centros de Compet\u00eancia TIC da Universidade de Aveiro<\/a> <\/strong>e da <strong><a href=\"http:\/\/cctic.esev.ipv.pt\/\">ESE\/IP Viseu<\/a><\/strong> colaboram na organiza\u00e7\u00e3o do evento, conjuntamente com o <strong><a href=\"https:\/\/www.aetarouca.pt\/\">Agrupamento de Escolas Dr. Jos\u00e9 Leite de Vasconcelos<\/a><\/strong> e <strong><a href=\"https:\/\/www.cm-tarouca.pt\/\">C\u00e2mara Municipal de Tarouca<\/a><\/strong>. O evento ir\u00e1 decorrer no <strong><a href=\"https:\/\/goo.gl\/maps\/nfr8SmbA2WR6SgXH7\">Agrupamento de Escolas de Tarouca<\/a><\/strong> e no <strong><a href=\"https:\/\/goo.gl\/maps\/L7rFECJuqCSAqGT16\">Audit\u00f3rio Municipal Ad\u00e1cio Pestana<\/a><\/strong>, desta mesma localidade.<\/p><p><br><\/p>\n\n\n\n<p style=\"color: rgb(0, 0, 0);\"><span style=\"color: rgb(119, 119, 119);\">O Encontro decorrer\u00e1 na <a href=\"https:\/\/goo.gl\/maps\/4FPaYQ5EJg1ZxuUK8\"><strong>Faculdade de Ci\u00eancias e Tecnologia da Universidade Nova de Lisboa<\/strong><\/a>, sito no Monte de Caparica.<\/span><\/p>\n\n\n\n<p style=\"color: rgb(0, 0, 0);\">O Encontro decorrer\u00e1 com presen\u00e7a local na <a href=\"https:\/\/goo.gl\/maps\/FJhDRFJfttTaenN98\"><strong>Escola Secund\u00e1ria de Tom\u00e1s Cabreira<\/strong><\/a> em Faro<\/p><p><br><\/p>\n\n\n\n<p style=\"color: rgb(0, 0, 0);\">A participa\u00e7\u00e3o no Encontro na <strong>modalidade Online decorre integralmente por videoconfer\u00eancia<\/strong> (Zoom).<\/p>\n<p>O Evento online decorre do trabalho colaborativo entre o CCTIC EDUCOM e<span style=\"font-size: 0.875rem;\">&nbsp;os<strong>&nbsp;<\/strong><\/span><a href=\"http:\/\/erte.dge.mec.pt\/centros-de-competencia-tic\" target=\"_blank\" rel=\"noopener noreferrer\" style=\"\"><\/a><strong><a href=\"http:\/\/erte.dge.mec.pt\/centros-de-competencia-tic\" target=\"_blank\" rel=\"noopener noreferrer\" style=\"\">Centros de Compet\u00eancia TIC da ERTE\/Dire\u00e7\u00e3o-Geral da Educa\u00e7\u00e3o do Minist\u00e9rio da Educa\u00e7\u00e3o<\/a>&nbsp;<\/strong><span style=\"font-size: 0.875rem;\">que integram esta iniciativa da EDUCOM.<\/span><\/p>\n\n\n\n\n<p class=\"p-ira4625 pagelayer-text\" style=\"transition-property: all; width: 1184px;\">\n<\/p><p class=\"pagelayer-text-holder pagelayer-pen\" pagelayer-editable=\"text\" contenteditable=\"true\">\n<\/p><p><\/p><span style=\"color:#000000;\"><p class=\"p-ira4625 pagelayer-text\" style=\"transition-property: all; width: 1184px;\"><\/p><p class=\"pagelayer-text-holder pagelayer-pen\" pagelayer-editable=\"text\" contenteditable=\"true\"><\/p><p><\/p><\/span><span style=\"color:#000000;\"><span style=\"\"><p>Quaisquer d\u00favidas poder\u00e3o ser esclarecidas atrav\u00e9s de email ou de telefone:<\/p>\n<p><\/p>\n<p><\/p>\n<p class=\"p-ccu5593 pagelayer-text\" style=\"transition-property: all; width: 1184px;\">\n<\/p><p class=\"pagelayer-text-holder pagelayer-pen\" pagelayer-editable=\"text\" contenteditable=\"true\">\n<\/p><p><span style=\"font-weight: bolder;\">Email:<\/span>&nbsp;<em><a href=\"mailto:tic.portugal@educom.pt\">tic.portugal@educom.pt<\/a><\/em><\/p>\n<p><\/p>\n<p><\/p>\n<p class=\"p-xuf6646 pagelayer-text\" style=\"transition-property: all; width: 1184px;\">\n<\/p><p class=\"pagelayer-text-holder pagelayer-pen pagelayer-pen-focused\" pagelayer-editable=\"text\" contenteditable=\"true\">\n<\/p><p><span style=\"font-weight: bolder;\">Tlm:<\/span>&nbsp;96 73 01 886 (David Costa)<\/p><p><\/p><p><\/p><\/span><p class=\"p-xuf6646 pagelayer-text\" style=\"transition-property: all; width: 1184px;\"><\/p><p class=\"pagelayer-text-holder pagelayer-pen pagelayer-pen-focused\" pagelayer-editable=\"text\" contenteditable=\"true\"><\/p><p><\/p>\n<p><\/p>\n<p><\/p>\n<p class=\"p-lzj2002 pagelayer-space\" style=\"transition-property: all; width: 1184px;\">\n<\/p><p class=\"pagelayer-space-holder\">&nbsp;<\/p>\n<p><\/p>\n<p style=\"background-color: rgb(255, 255, 255);\">A certifica\u00e7\u00e3o como A\u00e7\u00e3o de Curta Dura\u00e7\u00e3o (ACD), num total de 6h, ser\u00e1 emitida por solicita\u00e7\u00e3o do pr\u00f3prio no formul\u00e1rio final de avalia\u00e7\u00e3o &#8211; que ser\u00e1 enviado no final do Encontro por email e&nbsp; implica participa\u00e7\u00e3o em todos os momentos do encontro: Abertura, Confer\u00eancia, Comunica\u00e7\u00f5es, Sess\u00f5es pr\u00e1ticas e Encerramento.<\/p><\/span><p style=\"background-color: rgb(255, 255, 255); color: rgb(0, 0, 0);\"><\/p>\n<p><br><\/p>\n\n\n","protected":false},"excerpt":{"rendered":"","protected":false},"author":9,"featured_media":0,"parent":0,"menu_order":0,"comment_status":"closed","ping_status":"closed","template":"","meta":[],"post_mailing_queue_ids":[],"_links":{"self":[{"href":"https:\/\/wordpress.educom.pt\/TIC-Portugal-22\/wp-json\/wp\/v2\/pages\/10182"}],"collection":[{"href":"https:\/\/wordpress.educom.pt\/TIC-Portugal-22\/wp-json\/wp\/v2\/pages"}],"about":[{"href":"https:\/\/wordpress.educom.pt\/TIC-Portugal-22\/wp-json\/wp\/v2\/types\/page"}],"author":[{"embeddable":true,"href":"https:\/\/wordpress.educom.pt\/TIC-Portugal-22\/wp-json\/wp\/v2\/users\/9"}],"replies":[{"embeddable":true,"href":"https:\/\/wordpress.educom.pt\/TIC-Portugal-22\/wp-json\/wp\/v2\/comments?post=10182"}],"version-history":[{"count":63,"href":"https:\/\/wordpress.educom.pt\/TIC-Portugal-22\/wp-json\/wp\/v2\/pages\/10182\/revisions"}],"predecessor-version":[{"id":12441,"href":"https:\/\/wordpress.educom.pt\/TIC-Portugal-22\/wp-json\/wp\/v2\/pages\/10182\/revisions\/12441"}],"wp:attachment":[{"href":"https:\/\/wordpress.educom.pt\/TIC-Portugal-22\/wp-json\/wp\/v2\/media?parent=10182"}],"curies":[{"name":"wp","href":"https:\/\/api.w.org\/{rel}","templated":true}]}}