{"id":12269,"date":"2022-05-25T15:37:57","date_gmt":"2022-05-25T14:37:57","guid":{"rendered":"https:\/\/wordpress.educom.pt\/TIC-Portugal-22\/?page_id=12064"},"modified":"2022-07-04T22:15:26","modified_gmt":"2022-07-04T21:15:26","slug":"sp8oline-sp-7-roteiros-digitais-de-leitura-e-aprendizagem-ler-o-mundo-com-ferramentas-google-e-a-web-2-0","status":"publish","type":"page","link":"https:\/\/wordpress.educom.pt\/TIC-Portugal-22\/sp8oline-sp-7-roteiros-digitais-de-leitura-e-aprendizagem-ler-o-mundo-com-ferramentas-google-e-a-web-2-0\/","title":{"rendered":"SP Faro 1 &#8211; Atividades Interativas no ensino e na aprendizagem"},"content":{"rendered":"\n\n\n\r\n<h2>SP Faro 1 &#8211; Atividades Interativas no ensino e na aprendizagem<\/h2>\r\n\n\r\n<p><strong>Por Sylvie Baltazar e David Costa<\/strong><\/p>\r\n<p dir=\"ltr\" style=\"line-height: 1.2; margin-top: 0pt; margin-bottom: 0pt;\"><span id=\"docs-internal-guid-b7b31577-7fff-be90-fb7c-0d643d24be9e\"><span style=\"font-variant-numeric: normal; font-variant-east-asian: normal; vertical-align: baseline;\"><strong>Centro de Compet\u00eancia EDUCOM &#8211; Faro<\/strong><\/span><\/span><\/p>\r\n\n\r\n<p dir=\"ltr\" style=\"line-height: 1.2; margin-top: 0pt; margin-bottom: 0pt;\">\u00a0<\/p>\r\n\n<p dir=\"ltr\" style=\"line-height: 1.2; margin-top: 0pt; margin-bottom: 0pt;\"><span style=\"font-size: 10.5pt; font-family: Roboto,sans-serif; color: #222222; background-color: transparent; font-weight: 400; font-style: normal; font-variant: normal; text-decoration: none; vertical-align: baseline; white-space: pre-wrap;\">Neste workshop os participantes explorar\u00e3o a ferramenta digital Genial.ly e a ferramenta Classpoint para a cria\u00e7\u00e3o de atividades interativas, como por exemplo as&nbsp; Salas de Fuga Digitais, os question\u00e1rios interativos nas apresenta\u00e7\u00f5es, entre outras atividades&#8230;<\/span><\/p>\n<p dir=\"ltr\" style=\"line-height: 1.2; margin-top: 0pt; margin-bottom: 0pt;\"><span style=\"font-size: 10.5pt; font-family: Roboto,sans-serif; color: #222222; background-color: transparent; font-weight: 400; font-style: normal; font-variant: normal; text-decoration: none; vertical-align: baseline; white-space: pre-wrap;\">O car\u00e1ter interativo da aplica\u00e7\u00e3o permitir\u00e1 aos participantes recorrer a v\u00e1rios recursos digitais para cria\u00e7\u00e3o de narrativa e desafios digitais.&nbsp;<\/span><\/p>\n<p dir=\"ltr\" style=\"line-height: 1.2; margin-top: 0pt; margin-bottom: 0pt;\"><span id=\"docs-internal-guid-3dde3664-7fff-eff3-54eb-780110dc3780\"><span style=\"font-size: 10.5pt; font-family: Roboto, sans-serif; color: #222222; background-color: transparent; font-variant-numeric: normal; font-variant-east-asian: normal; vertical-align: baseline; white-space: pre-wrap;\">Em poucos passos propomos-nos a criar cen\u00e1rios de aprendizagem&nbsp; din\u00e2micos e interativos pass\u00edveis de serem utilizados em <\/span><span style=\"font-size: 10.5pt; font-family: Roboto, sans-serif; color: #333333; font-variant-numeric: normal; font-variant-east-asian: normal; vertical-align: baseline; white-space: pre-wrap;\">&nbsp;sala de aula real, tradicional, ou em ambientes de trabalho remoto.<\/span><\/span><\/p>\n\r\n<p><span style=\"font-size: 0.875rem; color: #000000;\"><strong>Requisitos necess\u00e1rios:<\/strong>\u00a0<\/span><\/p>\r\n<p dir=\"ltr\" style=\"line-height: 1.2; margin-top: 0pt; margin-bottom: 0pt;\">\n<p>&nbsp;<\/p>\n<p dir=\"ltr\" style=\"line-height: 1.2; margin-top: 0pt; margin-bottom: 0pt;\"><span style=\"font-size: 10.5pt; font-family: Roboto, sans-serif; color: #222222; background-color: transparent; font-variant-numeric: normal; font-variant-east-asian: normal; vertical-align: baseline; white-space: pre-wrap;\">Computador&nbsp;<\/span><\/p>\n<p dir=\"ltr\" style=\"line-height: 1.2; margin-top: 0pt; margin-bottom: 0pt;\"><span style=\"font-size: 10.5pt; font-family: Roboto, sans-serif; color: #222222; background-color: transparent; font-variant-numeric: normal; font-variant-east-asian: normal; vertical-align: baseline; white-space: pre-wrap;\">Acesso \u00e0 internet<\/span><\/p>\n<p dir=\"ltr\" style=\"line-height: 1.2; margin-top: 0pt; margin-bottom: 0pt;\"><span id=\"docs-internal-guid-1decb696-7fff-fe33-cf09-29fefafd6d3a\"><span style=\"font-size: 10.5pt; font-family: Roboto, sans-serif; color: #222222; background-color: transparent; font-variant-numeric: normal; font-variant-east-asian: normal; vertical-align: baseline; white-space: pre-wrap;\"><span style=\"background-color: transparent; font-size: 10.5pt; font-variant-numeric: normal; font-variant-east-asian: normal; vertical-align: baseline;\">Registo no website: <\/span><a style=\"background-color: #ffffff; font-family: 'Open Sans', Helvetica, Arial, sans-serif; font-size: 0.875rem;\" href=\"https:\/\/genial.ly\/pt\"><span style=\"font-size: 10.5pt; font-family: Roboto, sans-serif; color: #1155cc; background-color: transparent; font-variant-numeric: normal; font-variant-east-asian: normal; text-decoration-line: underline; text-decoration-skip-ink: none; vertical-align: baseline;\">https:\/\/genial.ly\/pt<\/span><\/a>.<\/span><\/span><\/p>\n<p style=\"color: rgb(0, 0, 0);\">Download da aplica\u00e7\u00e3o Classpoint em&nbsp;<a href=\"https:\/\/www.classpoint.io\/\">https:\/\/www.classpoint.io\/<\/a><\/p>\n<\/p>\r\n<p>&nbsp;<\/p>\r\n<p dir=\"ltr\" style=\"line-height: 1.2; margin-top: 0pt; margin-bottom: 0pt;\">\n<\/p>\r\n<p><strong>Sobre a dinamizadores: <\/strong><\/p>\r\n<p dir=\"ltr\" style=\"line-height: 1.2; margin-top: 0pt; margin-bottom: 0pt;\">\u00a0<\/p>\r\n<p dir=\"ltr\" style=\"line-height: 1.2; margin-top: 0pt; margin-bottom: 0pt;\">\n\n\n\n\n\n\n\n<\/p>\r\n<p dir=\"ltr\" style=\"line-height: 1.2; margin-top: 0pt; margin-bottom: 0pt;\"><span style=\"font-size: 10pt; font-family: Roboto,sans-serif; color: #222222; background-color: transparent; font-weight: 400; font-style: normal; font-variant: normal; text-decoration: none; vertical-align: baseline; white-space: pre-wrap;\">Sylvie Baltazar \u00e9 professora de Portugu\u00eas e Hist\u00f3ria do 2.\u00ba Ciclo do Ensino B\u00e1sico. Mestre em Ensino do 1.\u00ba e 2.\u00ba Ciclos do Ensino B\u00e1sico; Licenciada pela Escola Superior de Educa\u00e7\u00e3o do Algarve no curso de <\/span><span style=\"font-size: 10.5pt; font-family: Roboto,sans-serif; color: #222222; background-color: transparent; font-weight: 400; font-style: normal; font-variant: normal; text-decoration: none; vertical-align: baseline; white-space: pre-wrap;\">Professores do Ensino B\u00e1sico variante<\/span><span style=\"font-size: 10pt; font-family: Roboto,sans-serif; color: #222222; background-color: transparent; font-weight: 400; font-style: normal; font-variant: normal; text-decoration: none; vertical-align: baseline; white-space: pre-wrap;\"> Portugu\u00eas &#8211; Franc\u00eas.\u00a0<\/span><\/p>\r\n<p dir=\"ltr\" style=\"line-height: 1.2; margin-top: 0pt; margin-bottom: 0pt;\">\u00a0<\/p>\r\n<p dir=\"ltr\" style=\"line-height: 1.2; margin-top: 0pt; margin-bottom: 0pt;\"><span style=\"font-size: 10pt; font-family: Roboto,sans-serif; color: #222222; background-color: transparent; font-weight: 400; font-style: normal; font-variant: normal; text-decoration: none; vertical-align: baseline; white-space: pre-wrap;\">Atualmente em mobilidade na EDUCOM.<\/span><\/p>\r\n<p dir=\"ltr\" style=\"line-height: 1.2; margin-top: 0pt; margin-bottom: 0pt;\">\n\n\n\n\n\n\n\n<p>&nbsp;<\/p>\n<p class=\"p-emv285 pagelayer-text fadeInDown pagelayer-wow\" style=\"transition-property: all; animation-delay: 600ms; width: 911.958px; margin-bottom: 15px; visibility: visible; animation-name: fadeInDown;\">\n<p class=\"pagelayer-text-holder pagelayer-pen\" pagelayer-editable=\"text\" contenteditable=\"true\">\n<p dir=\"ltr\" style=\"margin-top: 0pt; margin-bottom: 0pt; line-height: 1.2;\"><span style=\"color: #222222; font-family: Roboto, sans-serif;\"><span style=\"font-size: 13.3333px; white-space: pre-wrap;\">David Costa \u00e9 Professor do 1.\u00ba ciclo e formador na \u00e1rea do digital, desde 1996. \u00c9 Especializado em Administra\u00e7\u00e3o Escolar (2004) pelo INUAF, Mestre em Tecnologias Educativas (2018) e doutorando em TIC na Educa\u00e7\u00e3o (2020-\u2026) pelo IE-UL. Integra a dire\u00e7\u00e3o do N\u00facleo do Algarve da Associa\u00e7\u00e3o de Professores de Matem\u00e1tica e \u00e9 vice-presidente da Dire\u00e7\u00e3o da EDUCOM \u2013 Associa\u00e7\u00e3o Portuguesa de Telem\u00e1tica Educativa, associa\u00e7\u00e3o que promove o uso educativo inovador das tecnologias e ambientes digitais.<\/span><\/span><\/p>\n<p dir=\"ltr\" style=\"margin-top: 0pt; margin-bottom: 0pt; line-height: 1.2;\">&nbsp;<\/p>\n<\/p>\n<\/p>\n<p class=\"p-ig43678 pagelayer-text fadeInDown pagelayer-wow\" style=\"transition-property: all; animation-delay: 600ms; width: 911.958px; visibility: visible; animation-name: fadeInDown;\">\n<p class=\"pagelayer-text-holder pagelayer-pen\" pagelayer-editable=\"text\" contenteditable=\"true\">\n<p dir=\"ltr\" style=\"margin-top: 0pt; margin-bottom: 0pt; line-height: 1.2;\"><span style=\"color: #222222; font-family: Roboto, sans-serif;\"><span style=\"font-size: 13.3333px; white-space: pre-wrap;\">Em fun\u00e7\u00f5es no ccTIC Educom desde 2017\/2018, desenvolve o seu trabalho essencialmente na \u00e1rea de forma\u00e7\u00e3o cont\u00ednua de professores e no desenvolvimento de atividades no \u00e2mbito da cidadania digital para alunos; desenvolve, acompanha e monitoriza projetos no \u00e2mbito da educa\u00e7\u00e3o digital e das tecnologias educativas.<\/span><\/span><\/p>\n<\/p>\n<\/p>\n<p dir=\"ltr\" style=\"line-height: 1.2; margin-top: 0pt; margin-bottom: 0pt;\">&nbsp;<\/p>\n<p dir=\"ltr\" style=\"line-height: 1.2; margin-top: 0pt; margin-bottom: 0pt;\"><\/p>\n\n\n","protected":false},"excerpt":{"rendered":"","protected":false},"author":17,"featured_media":0,"parent":0,"menu_order":0,"comment_status":"closed","ping_status":"closed","template":"","meta":[],"post_mailing_queue_ids":[],"_links":{"self":[{"href":"https:\/\/wordpress.educom.pt\/TIC-Portugal-22\/wp-json\/wp\/v2\/pages\/12269"}],"collection":[{"href":"https:\/\/wordpress.educom.pt\/TIC-Portugal-22\/wp-json\/wp\/v2\/pages"}],"about":[{"href":"https:\/\/wordpress.educom.pt\/TIC-Portugal-22\/wp-json\/wp\/v2\/types\/page"}],"author":[{"embeddable":true,"href":"https:\/\/wordpress.educom.pt\/TIC-Portugal-22\/wp-json\/wp\/v2\/users\/17"}],"replies":[{"embeddable":true,"href":"https:\/\/wordpress.educom.pt\/TIC-Portugal-22\/wp-json\/wp\/v2\/comments?post=12269"}],"version-history":[{"count":19,"href":"https:\/\/wordpress.educom.pt\/TIC-Portugal-22\/wp-json\/wp\/v2\/pages\/12269\/revisions"}],"predecessor-version":[{"id":12596,"href":"https:\/\/wordpress.educom.pt\/TIC-Portugal-22\/wp-json\/wp\/v2\/pages\/12269\/revisions\/12596"}],"wp:attachment":[{"href":"https:\/\/wordpress.educom.pt\/TIC-Portugal-22\/wp-json\/wp\/v2\/media?parent=12269"}],"curies":[{"name":"wp","href":"https:\/\/api.w.org\/{rel}","templated":true}]}}

<h2>SP Faro 1 &#8211; Atividades Interativas no ensino e na aprendizagem</h2>


<p><strong>Por Sylvie Baltazar e David Costa</strong></p>
<p dir="ltr" style="line-height: 1.2; margin-top: 0pt; margin-bottom: 0pt;"><span id="docs-internal-guid-b7b31577-7fff-be90-fb7c-0d643d24be9e"><span style="font-variant-numeric: normal; font-variant-east-asian: normal; vertical-align: baseline;"><strong>Centro de Competência EDUCOM &#8211; Faro</strong></span></span></p>


<p dir="ltr" style="line-height: 1.2; margin-top: 0pt; margin-bottom: 0pt;"> </p>

<p dir="ltr" style="line-height: 1.2; margin-top: 0pt; margin-bottom: 0pt;"><span style="font-size: 10.5pt; font-family: Roboto,sans-serif; color: #222222; background-color: transparent; font-weight: 400; font-style: normal; font-variant: normal; text-decoration: none; vertical-align: baseline; white-space: pre-wrap;">Neste workshop os participantes explorarão a ferramenta digital Genial.ly e a ferramenta Classpoint para a criação de atividades interativas, como por exemplo as&nbsp; Salas de Fuga Digitais, os questionários interativos nas apresentações, entre outras atividades&#8230;</span></p>
<p dir="ltr" style="line-height: 1.2; margin-top: 0pt; margin-bottom: 0pt;"><span style="font-size: 10.5pt; font-family: Roboto,sans-serif; color: #222222; background-color: transparent; font-weight: 400; font-style: normal; font-variant: normal; text-decoration: none; vertical-align: baseline; white-space: pre-wrap;">O caráter interativo da aplicação permitirá aos participantes recorrer a vários recursos digitais para criação de narrativa e desafios digitais.&nbsp;</span></p>
<p dir="ltr" style="line-height: 1.2; margin-top: 0pt; margin-bottom: 0pt;"><span id="docs-internal-guid-3dde3664-7fff-eff3-54eb-780110dc3780"><span style="font-size: 10.5pt; font-family: Roboto, sans-serif; color: #222222; background-color: transparent; font-variant-numeric: normal; font-variant-east-asian: normal; vertical-align: baseline; white-space: pre-wrap;">Em poucos passos propomos-nos a criar cenários de aprendizagem&nbsp; dinâmicos e interativos passíveis de serem utilizados em </span><span style="font-size: 10.5pt; font-family: Roboto, sans-serif; color: #333333; font-variant-numeric: normal; font-variant-east-asian: normal; vertical-align: baseline; white-space: pre-wrap;">&nbsp;sala de aula real, tradicional, ou em ambientes de trabalho remoto.</span></span></p>

<p><span style="font-size: 0.875rem; color: #000000;"><strong>Requisitos necessários:</strong> </span></p>
<p dir="ltr" style="line-height: 1.2; margin-top: 0pt; margin-bottom: 0pt;">
<p>&nbsp;</p>
<p dir="ltr" style="line-height: 1.2; margin-top: 0pt; margin-bottom: 0pt;"><span style="font-size: 10.5pt; font-family: Roboto, sans-serif; color: #222222; background-color: transparent; font-variant-numeric: normal; font-variant-east-asian: normal; vertical-align: baseline; white-space: pre-wrap;">Computador&nbsp;</span></p>
<p dir="ltr" style="line-height: 1.2; margin-top: 0pt; margin-bottom: 0pt;"><span style="font-size: 10.5pt; font-family: Roboto, sans-serif; color: #222222; background-color: transparent; font-variant-numeric: normal; font-variant-east-asian: normal; vertical-align: baseline; white-space: pre-wrap;">Acesso à internet</span></p>
<p dir="ltr" style="line-height: 1.2; margin-top: 0pt; margin-bottom: 0pt;"><span id="docs-internal-guid-1decb696-7fff-fe33-cf09-29fefafd6d3a"><span style="font-size: 10.5pt; font-family: Roboto, sans-serif; color: #222222; background-color: transparent; font-variant-numeric: normal; font-variant-east-asian: normal; vertical-align: baseline; white-space: pre-wrap;"><span style="background-color: transparent; font-size: 10.5pt; font-variant-numeric: normal; font-variant-east-asian: normal; vertical-align: baseline;">Registo no website: </span><a style="background-color: #ffffff; font-family: 'Open Sans', Helvetica, Arial, sans-serif; font-size: 0.875rem;" href="https://genial.ly/pt"><span style="font-size: 10.5pt; font-family: Roboto, sans-serif; color: #1155cc; background-color: transparent; font-variant-numeric: normal; font-variant-east-asian: normal; text-decoration-line: underline; text-decoration-skip-ink: none; vertical-align: baseline;">https://genial.ly/pt</span></a>.</span></span></p>
<p style="color: rgb(0, 0, 0);">Download da aplicação Classpoint em&nbsp;<a href="https://www.classpoint.io/">https://www.classpoint.io/</a></p>
</p>
<p>&nbsp;</p>
<p dir="ltr" style="line-height: 1.2; margin-top: 0pt; margin-bottom: 0pt;">
</p>
<p><strong>Sobre a dinamizadores: </strong></p>
<p dir="ltr" style="line-height: 1.2; margin-top: 0pt; margin-bottom: 0pt;"> </p>
<p dir="ltr" style="line-height: 1.2; margin-top: 0pt; margin-bottom: 0pt;">







</p>
<p dir="ltr" style="line-height: 1.2; margin-top: 0pt; margin-bottom: 0pt;"><span style="font-size: 10pt; font-family: Roboto,sans-serif; color: #222222; background-color: transparent; font-weight: 400; font-style: normal; font-variant: normal; text-decoration: none; vertical-align: baseline; white-space: pre-wrap;">Sylvie Baltazar é professora de Português e História do 2.º Ciclo do Ensino Básico. Mestre em Ensino do 1.º e 2.º Ciclos do Ensino Básico; Licenciada pela Escola Superior de Educação do Algarve no curso de </span><span style="font-size: 10.5pt; font-family: Roboto,sans-serif; color: #222222; background-color: transparent; font-weight: 400; font-style: normal; font-variant: normal; text-decoration: none; vertical-align: baseline; white-space: pre-wrap;">Professores do Ensino Básico variante</span><span style="font-size: 10pt; font-family: Roboto,sans-serif; color: #222222; background-color: transparent; font-weight: 400; font-style: normal; font-variant: normal; text-decoration: none; vertical-align: baseline; white-space: pre-wrap;"> Português &#8211; Francês. </span></p>
<p dir="ltr" style="line-height: 1.2; margin-top: 0pt; margin-bottom: 0pt;"> </p>
<p dir="ltr" style="line-height: 1.2; margin-top: 0pt; margin-bottom: 0pt;"><span style="font-size: 10pt; font-family: Roboto,sans-serif; color: #222222; background-color: transparent; font-weight: 400; font-style: normal; font-variant: normal; text-decoration: none; vertical-align: baseline; white-space: pre-wrap;">Atualmente em mobilidade na EDUCOM.</span></p>
<p dir="ltr" style="line-height: 1.2; margin-top: 0pt; margin-bottom: 0pt;">







<p>&nbsp;</p>
<p class="p-emv285 pagelayer-text fadeInDown pagelayer-wow" style="transition-property: all; animation-delay: 600ms; width: 911.958px; margin-bottom: 15px; visibility: visible; animation-name: fadeInDown;">
<p class="pagelayer-text-holder pagelayer-pen" pagelayer-editable="text" contenteditable="true">
<p dir="ltr" style="margin-top: 0pt; margin-bottom: 0pt; line-height: 1.2;"><span style="color: #222222; font-family: Roboto, sans-serif;"><span style="font-size: 13.3333px; white-space: pre-wrap;">David Costa é Professor do 1.º ciclo e formador na área do digital, desde 1996. É Especializado em Administração Escolar (2004) pelo INUAF, Mestre em Tecnologias Educativas (2018) e doutorando em TIC na Educação (2020-…) pelo IE-UL. Integra a direção do Núcleo do Algarve da Associação de Professores de Matemática e é vice-presidente da Direção da EDUCOM – Associação Portuguesa de Telemática Educativa, associação que promove o uso educativo inovador das tecnologias e ambientes digitais.</span></span></p>
<p dir="ltr" style="margin-top: 0pt; margin-bottom: 0pt; line-height: 1.2;">&nbsp;</p>
</p>
</p>
<p class="p-ig43678 pagelayer-text fadeInDown pagelayer-wow" style="transition-property: all; animation-delay: 600ms; width: 911.958px; visibility: visible; animation-name: fadeInDown;">
<p class="pagelayer-text-holder pagelayer-pen" pagelayer-editable="text" contenteditable="true">
<p dir="ltr" style="margin-top: 0pt; margin-bottom: 0pt; line-height: 1.2;"><span style="color: #222222; font-family: Roboto, sans-serif;"><span style="font-size: 13.3333px; white-space: pre-wrap;">Em funções no ccTIC Educom desde 2017/2018, desenvolve o seu trabalho essencialmente na área de formação contínua de professores e no desenvolvimento de atividades no âmbito da cidadania digital para alunos; desenvolve, acompanha e monitoriza projetos no âmbito da educação digital e das tecnologias educativas.</span></span></p>
</p>
</p>
<p dir="ltr" style="line-height: 1.2; margin-top: 0pt; margin-bottom: 0pt;">&nbsp;</p>
<p dir="ltr" style="line-height: 1.2; margin-top: 0pt; margin-bottom: 0pt;"></p>
