{"id":12470,"date":"2022-06-23T10:19:13","date_gmt":"2022-06-23T09:19:13","guid":{"rendered":"https:\/\/wordpress.educom.pt\/TIC-Portugal-22\/?page_id=12064"},"modified":"2022-06-23T10:32:39","modified_gmt":"2022-06-23T09:32:39","slug":"sp-online-13-imergir-num-jogo-de-fuga-educativo-com-o-sites-google-com","status":"publish","type":"page","link":"https:\/\/wordpress.educom.pt\/TIC-Portugal-22\/sp-online-13-imergir-num-jogo-de-fuga-educativo-com-o-sites-google-com\/","title":{"rendered":"SP Online 13 &#8211; Imergir num Jogo de Fuga Educativo com o sites. google.com"},"content":{"rendered":"\n\n\n\r\n<h2>SP Online 13 &#8211; <span style=\"font-weight: 400;\">Imergir num Jogo de Fuga Educativo com o sites. google.com<\/span><\/h2>\r\n<p>&nbsp;<\/p>\r\n\n\r\n<p><strong>Por Ulisses Mota<\/strong><\/p>\r\n<p dir=\"ltr\" style=\"line-height: 1.2; margin-top: 0pt; margin-bottom: 0pt;\"><span id=\"docs-internal-guid-b7b31577-7fff-be90-fb7c-0d643d24be9e\"><span style=\"font-variant-numeric: normal; font-variant-east-asian: normal; vertical-align: baseline;\"><strong>Centro de Compet\u00eancia EDUCOM\u00a0<\/strong><\/span><\/span><\/p>\r\n<p dir=\"ltr\">\u00a0<\/p>\r\n<p dir=\"ltr\"><span style=\"font-weight: 400;\">Os jogos de fuga educativos s\u00e3o uma experi\u00eancia de aprendizagem impactante e imersiva, na qual todos os participantes (alunos) v\u00e3o ser postos \u00e0 prova na sua intelig\u00eancia, habilidade, na resolu\u00e7\u00e3o de problemas, na capacidade de observa\u00e7\u00e3o e aten\u00e7\u00e3o, n\u00e3o esquecendo o trabalho colaborativo para resolver todos os desafios do jogo. Assim, com este WS, pretende-se que todos os presentes possam iniciar ou construir um Jogo de Fuga Educativo e falem um pouco dessa sua experi\u00eancia.<\/span><\/p>\r\n\n\r\n<p><span style=\"font-size: 0.875rem; color: #000000;\"><strong>Requisitos necess\u00e1rios:<\/strong>\u00a0<\/span><\/p>\r\n<p dir=\"ltr\" style=\"line-height: 1.2; margin-top: 0pt; margin-bottom: 0pt;\">\n<p><span style=\"font-weight: 400;\">Computador ou Tablet<\/span><\/p>\n<p><span style=\"font-weight: 400;\">Acesso \u00e0 internet<\/span><\/p>\n<p dir=\"ltr\" style=\"line-height: 1.2; margin-top: 0pt; margin-bottom: 0pt;\">&nbsp;<\/p>\n<p dir=\"ltr\" style=\"line-height: 1.2; margin-top: 0pt; margin-bottom: 0pt;\"><\/p>\n<\/p>\r\n<p>&nbsp;<\/p>\r\n<p dir=\"ltr\" style=\"line-height: 1.2; margin-top: 0pt; margin-bottom: 0pt;\">\n<\/p>\r\n<p><strong>Sobre os dinamizadores: <\/strong><\/p>\r\n<p dir=\"ltr\" style=\"line-height: 1.2; margin-top: 0pt; margin-bottom: 0pt;\">\n\n\n\n\n\n\n\n<p dir=\"ltr\" style=\"line-height: 1.2; margin-top: 0pt; margin-bottom: 0pt;\"><span style=\"background-color: transparent; color: #111111; font-family: Calibri, sans-serif; font-size: 12pt; white-space: pre-wrap; text-align: justify;\">Ulisses Mota \u00e9 p<\/span><span style=\"background-color: transparent; color: rgb(34, 34, 34); font-family: Roboto, sans-serif; font-size: 10.5pt; white-space: pre-wrap;\">rofessor de Portugu\u00eas e de Literatura Portuguesa da Escola Secund\u00e1ria C\/3\u00ba Ciclo Henrique Medina, Esposende.<\/span><\/p><span id=\"docs-internal-guid-7348625b-7fff-4e4e-89db-0d92b0d966d3\"><p dir=\"ltr\" style=\"line-height:1.2;margin-top:0pt;margin-bottom:0pt;\"><span style=\"font-size: 10.5pt; font-family: Roboto, sans-serif; color: rgb(34, 34, 34); background-color: transparent; font-variant-numeric: normal; font-variant-east-asian: normal; vertical-align: baseline; white-space: pre-wrap;\">Membro da Equipa de Desenvolvimento Digital da escola.<\/span><\/p><p dir=\"ltr\" style=\"line-height:1.2;margin-top:0pt;margin-bottom:0pt;\"><span style=\"font-size: 10.5pt; font-family: Roboto, sans-serif; color: rgb(34, 34, 34); background-color: transparent; font-variant-numeric: normal; font-variant-east-asian: normal; vertical-align: baseline; white-space: pre-wrap;\">Licenciado em Humanidades pela Faculdade de Filosofia de Braga &#8211;&nbsp; Universidade Cat\u00f3lica.<\/span><\/p><p dir=\"ltr\" style=\"line-height:1.2;margin-top:0pt;margin-bottom:0pt;\"><span style=\"font-size: 10.5pt; font-family: Roboto, sans-serif; color: rgb(34, 34, 34); background-color: transparent; font-variant-numeric: normal; font-variant-east-asian: normal; vertical-align: baseline; white-space: pre-wrap;\">P\u00f3s Gradua\u00e7\u00e3o em Administra\u00e7\u00e3o Escolar pela Universidade do Minho.<\/span><\/p><p dir=\"ltr\" style=\"line-height:1.2;margin-top:0pt;margin-bottom:0pt;\"><span style=\"font-size: 10.5pt; font-family: Roboto, sans-serif; color: rgb(34, 34, 34); background-color: transparent; font-variant-numeric: normal; font-variant-east-asian: normal; vertical-align: baseline; white-space: pre-wrap;\">Um professor apaixonado&nbsp; pela gamifica\u00e7\u00e3o, em especial, pelos JFE como estrat\u00e9gia\/metodologia de facultar aos alunos uma aprendizagem diferente e inovadora.<\/span><\/p><div><span style=\"font-size: 10.5pt; font-family: Roboto, sans-serif; color: rgb(34, 34, 34); background-color: transparent; font-variant-numeric: normal; font-variant-east-asian: normal; vertical-align: baseline; white-space: pre-wrap;\"><br><\/span><\/div><\/span>\n<p dir=\"ltr\" style=\"line-height: 1.2; margin-top: 0pt; margin-bottom: 0pt;\">&nbsp;<\/p>\n<p dir=\"ltr\" style=\"line-height: 1.2; margin-top: 0pt; margin-bottom: 0pt;\"><\/p>\n\n\n\n\n\n\n","protected":false},"excerpt":{"rendered":"","protected":false},"author":17,"featured_media":0,"parent":0,"menu_order":0,"comment_status":"closed","ping_status":"closed","template":"","meta":[],"post_mailing_queue_ids":[],"_links":{"self":[{"href":"https:\/\/wordpress.educom.pt\/TIC-Portugal-22\/wp-json\/wp\/v2\/pages\/12470"}],"collection":[{"href":"https:\/\/wordpress.educom.pt\/TIC-Portugal-22\/wp-json\/wp\/v2\/pages"}],"about":[{"href":"https:\/\/wordpress.educom.pt\/TIC-Portugal-22\/wp-json\/wp\/v2\/types\/page"}],"author":[{"embeddable":true,"href":"https:\/\/wordpress.educom.pt\/TIC-Portugal-22\/wp-json\/wp\/v2\/users\/17"}],"replies":[{"embeddable":true,"href":"https:\/\/wordpress.educom.pt\/TIC-Portugal-22\/wp-json\/wp\/v2\/comments?post=12470"}],"version-history":[{"count":3,"href":"https:\/\/wordpress.educom.pt\/TIC-Portugal-22\/wp-json\/wp\/v2\/pages\/12470\/revisions"}],"predecessor-version":[{"id":12474,"href":"https:\/\/wordpress.educom.pt\/TIC-Portugal-22\/wp-json\/wp\/v2\/pages\/12470\/revisions\/12474"}],"wp:attachment":[{"href":"https:\/\/wordpress.educom.pt\/TIC-Portugal-22\/wp-json\/wp\/v2\/media?parent=12470"}],"curies":[{"name":"wp","href":"https:\/\/api.w.org\/{rel}","templated":true}]}}