{"id":12505,"date":"2022-06-29T16:36:05","date_gmt":"2022-06-29T15:36:05","guid":{"rendered":"https:\/\/wordpress.educom.pt\/TIC-Portugal-22\/?page_id=12064"},"modified":"2022-06-29T16:47:55","modified_gmt":"2022-06-29T15:47:55","slug":"notas-biograficas-jcf","status":"publish","type":"page","link":"https:\/\/wordpress.educom.pt\/TIC-Portugal-22\/notas-biograficas-jcf\/","title":{"rendered":"Notas biogr\u00e1ficas &#8211; JCF"},"content":{"rendered":"\n\n\n<h2>Jo\u00e3o Correia de Freitas<\/h2>\n<p dir=\"ltr\" style=\"line-height: 1.2; margin-top: 0pt; margin-bottom: 0pt;\">&nbsp;EDUCOM &#8211; Associa\u00e7\u00e3o Portuguesa de Telem\u00e1tica Educativa<\/p>\n<\/p>\r\n<p>&nbsp;<\/p>\r\n<p dir=\"ltr\" style=\"line-height: 1.2; margin-top: 0pt; margin-bottom: 0pt;\">\n\n\n\n\n\n\n\n<p dir=\"ltr\" style=\"line-height: 1.2; margin-top: 0pt; margin-bottom: 0pt;\"><font color=\"#222222\" face=\"Roboto, sans-serif\"><span style=\"font-size: 13.3333px; white-space: pre-wrap;\">Jo\u00e3o Correia de Freitas \u00e9 Bi\u00f3logo pela Faculdade de Ci\u00eancias da Universidade de Lisboa e doutor em Ci\u00eancias da Educa\u00e7\u00e3o pela Universidade Nova de Lisboa (UNL). \u00c9 Professor Auxiliar e investigador da Faculdade de Ci\u00eancias e Tecnologia (FCT) da mesma universidade, no dom\u00ednio das Tecnologias Educativas e do e-Learning, lecionando tanto ao n\u00edvel de mestrado como de doutoramento e orientando disserta\u00e7\u00f5es e teses de mestrado e doutoramento neste dom\u00ednio. Na mesma faculdade \u00e9 tamb\u00e9m investigador da UIED \u2013 Unidade de Investiga\u00e7\u00e3o Educa\u00e7\u00e3o e Desenvolvimento e, desde 2008, respons\u00e1vel pelo Laborat\u00f3rio de e-Learning da FCTUNL.<\/span><\/font><\/p>\n<p dir=\"ltr\" style=\"line-height: 1.2; margin-top: 0pt; margin-bottom: 0pt;\"><font color=\"#222222\" face=\"Roboto, sans-serif\"><span style=\"font-size: 13.3333px; white-space: pre-wrap;\">\u00c9 autor ou coautor de artigos cient\u00edficos e tem realizado in\u00fameras palestras sobre Educa\u00e7\u00e3o e Tecnologias. \u00c9 membro da Sec\u00e7\u00e3o de Educa\u00e7\u00e3o a Dist\u00e2ncia da Sociedade Portuguesa de Ci\u00eancias da Educa\u00e7\u00e3o e coordenador do Grupo de Trabalho Ambientes e Pr\u00e1ticas Emergentes.<\/span><\/font><\/p>\n<p dir=\"ltr\" style=\"line-height: 1.2; margin-top: 0pt; margin-bottom: 0pt;\"><font color=\"#222222\" face=\"Roboto, sans-serif\"><span style=\"font-size: 13.3333px; white-space: pre-wrap;\">\u00c9 s\u00f3cio fundador e atual presidente da Dire\u00e7\u00e3o da EDUCOM \u2013 Associa\u00e7\u00e3o Portuguesa de Telem\u00e1tica Educativa, associa\u00e7\u00e3o que promove o uso educativo inovador das tecnologias e ambientes digitais; colaborador da APDSI \u2013 Associa\u00e7\u00e3o Portuguesa para o Desenvolvimento da Sociedade da Informa\u00e7\u00e3o e da Ordem de Bi\u00f3logos.<\/span><\/font><\/p>\n<p dir=\"ltr\" style=\"line-height: 1.2; margin-top: 0pt; margin-bottom: 0pt;\"><font color=\"#222222\" face=\"Roboto, sans-serif\"><span style=\"font-size: 13.3333px; white-space: pre-wrap;\">\u00c9 formador certificado de professores do ensino b\u00e1sico e secund\u00e1rio, no dom\u00ednio das tecnologias educativas. Tem pertencido ao Conselho Geral de escolas e agrupamentos, enquanto membro da comunidade.<\/span><\/font><\/p>\n<p dir=\"ltr\" style=\"line-height: 1.2; margin-top: 0pt; margin-bottom: 0pt;\"><font color=\"#222222\" face=\"Roboto, sans-serif\"><span style=\"font-size: 13.3333px; white-space: pre-wrap;\">Foi professor do Ensino Secund\u00e1rio de 1979 a 1988, tendo em 1983 criado o N\u00facleo de Inform\u00e1tica da Escola Secund\u00e1ria da Parede, vindo a ser destacado para o polo FCT UNL do Projeto MINERVA em 1986. Ingressou como Assistente Convidado na referida faculdade em 1988, mantendo o seu envolvimento no projeto, formando professores e divulgando e apoiando o uso de computadores e redes no ensino superior, tendo coordenado o Servi\u00e7o de Inform\u00e1tica entre 1994 e 1997.<\/span><\/font><\/p>\n<p dir=\"ltr\" style=\"line-height: 1.2; margin-top: 0pt; margin-bottom: 0pt;\"><font color=\"#222222\" face=\"Roboto, sans-serif\"><span style=\"font-size: 13.3333px; white-space: pre-wrap;\">Participou ativamente em projetos e programas de car\u00e1cter nacional no dom\u00ednio do uso educativo das tecnologias desde 1985: foi respons\u00e1vel pelo polo FCT UNL do Projeto MINERVA(1988-1994), pelo centro de compet\u00eancia N\u00f3nio S\u00e9culo XXI da associa\u00e7\u00e3o EDUCOM (1996-1997), pela uARTE \u2013 Programa Internet na Escola do Minist\u00e9rio da Ci\u00eancia e Tecnologia (1997-2002) e pela Equipa de Miss\u00e3o Computadores Redes e Internet nas Escolas (CRIE) do Minist\u00e9rio da Educa\u00e7\u00e3o (2005-2007). Entre 1992 e 2014, participou ainda ativamente no movimento associativo de pais e encarregados de educa\u00e7\u00e3o.<\/span><\/font><br><\/p>\n\n\n","protected":false},"excerpt":{"rendered":"","protected":false},"author":9,"featured_media":0,"parent":0,"menu_order":0,"comment_status":"closed","ping_status":"closed","template":"","meta":[],"post_mailing_queue_ids":[],"_links":{"self":[{"href":"https:\/\/wordpress.educom.pt\/TIC-Portugal-22\/wp-json\/wp\/v2\/pages\/12505"}],"collection":[{"href":"https:\/\/wordpress.educom.pt\/TIC-Portugal-22\/wp-json\/wp\/v2\/pages"}],"about":[{"href":"https:\/\/wordpress.educom.pt\/TIC-Portugal-22\/wp-json\/wp\/v2\/types\/page"}],"author":[{"embeddable":true,"href":"https:\/\/wordpress.educom.pt\/TIC-Portugal-22\/wp-json\/wp\/v2\/users\/9"}],"replies":[{"embeddable":true,"href":"https:\/\/wordpress.educom.pt\/TIC-Portugal-22\/wp-json\/wp\/v2\/comments?post=12505"}],"version-history":[{"count":3,"href":"https:\/\/wordpress.educom.pt\/TIC-Portugal-22\/wp-json\/wp\/v2\/pages\/12505\/revisions"}],"predecessor-version":[{"id":12508,"href":"https:\/\/wordpress.educom.pt\/TIC-Portugal-22\/wp-json\/wp\/v2\/pages\/12505\/revisions\/12508"}],"wp:attachment":[{"href":"https:\/\/wordpress.educom.pt\/TIC-Portugal-22\/wp-json\/wp\/v2\/media?parent=12505"}],"curies":[{"name":"wp","href":"https:\/\/api.w.org\/{rel}","templated":true}]}}