{"id":12535,"date":"2022-07-01T17:27:08","date_gmt":"2022-07-01T16:27:08","guid":{"rendered":"https:\/\/wordpress.educom.pt\/TIC-Portugal-22\/?page_id=12064"},"modified":"2022-07-01T17:27:08","modified_gmt":"2022-07-01T16:27:08","slug":"sp-online-14-a-aula-da-era-digital-metodologias-espacos-ferramentas","status":"publish","type":"page","link":"https:\/\/wordpress.educom.pt\/TIC-Portugal-22\/sp-online-14-a-aula-da-era-digital-metodologias-espacos-ferramentas\/","title":{"rendered":"SP Online 14 &#8211; A aula da era digital: metodologias, espa\u00e7os, ferramentas"},"content":{"rendered":"\r\n\r\n\r\n\r\n\r\n\r\n\r\n<h2>SP Online 14 &#8211; A aula da era digital: metodologias, espa\u00e7os, ferramentas<\/h2>\r\n<p>&nbsp;<\/p>\r\n\r\n\r\n\r\n<p><strong>Por\u00a0<\/strong><b>Agnelo Quelhas e\u00a0Carla Nunes<\/b><\/p>\r\n<p dir=\"ltr\" style=\"line-height: 1.2; margin-top: 0pt; margin-bottom: 0pt;\"><span id=\"docs-internal-guid-b7b31577-7fff-be90-fb7c-0d643d24be9e\"><span style=\"font-variant-numeric: normal; font-variant-east-asian: normal; vertical-align: baseline;\"><strong>Centro de Compet\u00eancia TIC Instituto Polit\u00e9cnico de Castelo Branco e CFAE Alto Tejo\u00a0<\/strong><\/span><\/span><\/p>\r\n<p dir=\"ltr\">\u00a0<\/p>\r\n<p dir=\"ltr\">A utiliza\u00e7\u00e3o de ferramentas digitais e de metodologias ativas implica a evolu\u00e7\u00e3o para um modelo de ensino-aprendizagem diferente, que coloca o aluno como o agente principal da constru\u00e7\u00e3o do seu conhecimento. A aprendizagem deixa de ser encarada como um processo isolado e individual, passando a ser influenciada pela cultura e pela intera\u00e7\u00e3o dos alunos com o meio em que se encontram. Neste modelo s\u00e3o utilizadas estrat\u00e9gias de ensino alternativas e inclusivas realizadas, muitas vezes, em grupo e com recurso \u00e0 tecnologia, onde o professor tem o papel de mediar e dirigir o percurso pessoal de constru\u00e7\u00e3o de conhecimento do aluno.<\/p>\r\n<p dir=\"ltr\">\u00a0<\/p>\r\n<p dir=\"ltr\">Todas estas novas formas de aprender e de ensinar implicam uma mudan\u00e7a de atitude, tanto para os professores como para os alunos, tornando-se o trabalho colaborativo e o trabalho com projetos a chave para o desenvolvimento de m\u00faltiplas compet\u00eancias associadas \u00e0 inova\u00e7\u00e3o e melhoria das aprendizagens. Neste panorama, os recursos digitais acabam por ser um elemento de motiva\u00e7\u00e3o dos alunos para metodologias de trabalho mais ativas, em que se quebra com a rigidez dos espa\u00e7os, criando-se nos alunos uma maior abertura e interesse relativamente aos conte\u00fados disciplinares.<\/p>\r\n<p dir=\"ltr\">\u00a0<\/p>\r\n<p dir=\"ltr\">Nesta sess\u00e3o pr\u00e1tica iremos apresentar algumas ferramentas digitais para utiliza\u00e7\u00e3o em contextos de aprendizagem colaborativa, procurando explicitar algumas das suas vantagens, tanto na aprendizagem de conte\u00fados espec\u00edficos disciplinares como no desenvolvimento de compet\u00eancias essenciais. Iremos tamb\u00e9m dar alguns exemplos de introdu\u00e7\u00e3o destas ferramentas, atrav\u00e9s de metodologias ativas e da reorganiza\u00e7\u00e3o dos espa\u00e7os de aprendizagem.<\/p>\r\n<div>\u00a0<\/div>\r\n\r\n\r\n\r\n<p><span style=\"font-size: 0.875rem; color: #000000;\"><strong>Requisitos necess\u00e1rios:<\/strong>\u00a0<\/span><\/p>\r\n<p dir=\"ltr\" style=\"line-height: 1.2; margin-top: 0pt; margin-bottom: 0pt;\">\r\n\r\n<\/p>\r\n<p><span style=\"font-weight: 400;\">Computador ou Tablet<\/span><\/p>\r\n<p><span style=\"font-weight: 400;\">Acesso \u00e0 internet<\/span><\/p>\r\n<p dir=\"ltr\" style=\"line-height: 1.2; margin-top: 0pt; margin-bottom: 0pt;\">\u00a0<\/p>\r\n<p dir=\"ltr\" style=\"line-height: 1.2; margin-top: 0pt; margin-bottom: 0pt;\">\u00a0<\/p>\r\n<p dir=\"ltr\" style=\"line-height: 1.2; margin-top: 0pt; margin-bottom: 0pt;\">\r\n\r\n<\/p>\r\n<p>&nbsp;<\/p>\r\n<p dir=\"ltr\" style=\"line-height: 1.2; margin-top: 0pt; margin-bottom: 0pt;\">\r\n\r\n<\/p>\r\n<p><strong>Sobre os dinamizadores: <\/strong><\/p>\r\n<p dir=\"ltr\" style=\"line-height: 1.2; margin-top: 0pt; margin-bottom: 0pt;\">\r\n\r\n\r\n\r\n\r\n\r\n\r\n\r\n\r\n\r\n<\/p>\r\n<p dir=\"ltr\" style=\"text-align: justify; line-height: 1.2; margin-top: 0pt; margin-bottom: 0pt;\"><span style=\"color: #111111; font-family: Calibri, sans-serif;\"><span style=\"font-size: 16px; white-space: pre-wrap;\">Agnelo Quelhas \u00e9 professor licenciado em Ensino de Educa\u00e7\u00e3o Visual e Tecnol\u00f3gica (ESE IPCB), com Curso de Especializa\u00e7\u00e3o em Tecnologia Educativa (I.E. Un. Lisboa). Esteve 10 anos afeto ao Centro de Recursos TIC para a Educa\u00e7\u00e3o Especial de Castelo Branco, com fun\u00e7\u00f5es t\u00e9cnico pedag\u00f3gicas. Atualmente est\u00e1 destacado no CCTIC do I.P. Castelo Branco. \u00c1reas de interesse: Tecnologia para a Educa\u00e7\u00e3o Inclusiva, Comunidades de Pr\u00e1tica, Metodologias ativas e espa\u00e7os flex\u00edveis de aprendizagem, plataformas de Gest\u00e3o de Conte\u00fados, Recursos Educativos Digitais.<\/span><\/span><span style=\"background-color: transparent; color: #222222; font-family: Roboto, sans-serif; font-size: 10.5pt; white-space: pre-wrap;\">\u00a0<\/span><\/p>\r\n<p dir=\"ltr\" style=\"line-height: 1.2; margin-top: 0pt; margin-bottom: 0pt;\">\u00a0<\/p>\r\n<p dir=\"ltr\" style=\"line-height: 1.2; margin-top: 0pt; margin-bottom: 0pt;\">\u00a0<\/p>\r\n<p dir=\"ltr\" style=\"line-height: 1.2; margin-top: 0pt; margin-bottom: 0pt;\">\u00a0<\/p>\r\n<p dir=\"ltr\" style=\"line-height: 1.2; margin-top: 0pt; margin-bottom: 0pt;\">\r\n\r\n<\/p>\r\n<p dir=\"ltr\" style=\"line-height: 1.2; margin-top: 0pt; margin-bottom: 0pt;\"><span style=\"font-size: 10.5pt; font-family: Roboto, sans-serif; color: #222222; background-color: transparent; font-style: normal; font-variant: normal; text-decoration: none; vertical-align: baseline; white-space: pre-wrap;\">Carla Nunes<\/span><span style=\"font-size: 10.5pt; font-family: Roboto,sans-serif; color: #222222; background-color: transparent; font-weight: 400; font-style: normal; font-variant: normal; text-decoration: none; vertical-align: baseline; white-space: pre-wrap;\"> \u00e9 professora licenciada em Ensino de Portugues\/Ingl\u00eas (ESE\/ IPCB), P\u00f3s-graduada em Estudos Portugueses Interdisciplinares (Universidade Aberta); Organiza\u00e7\u00e3o e Dinamiza\u00e7\u00e3o de Bibliotecas Escolares\/ Centros de Recursos (ESE Torres Novas); Gest\u00e3o de Bibliotecas Escolares (ISLA Leiria); Mestre em Supervis\u00e3o e Avalia\u00e7\u00e3o Escolar (ESE\/ IPCB). Professora Bibliotec\u00e1ria no AE Afonso de Paiva, Formadora pelo Conselho Cient\u00edfico-Pedag\u00f3gico da Forma\u00e7\u00e3o Cont\u00ednua no CFAE AltoTejo em Castelo Branco.<\/span><\/p>\r\n<p dir=\"ltr\" style=\"text-align: justify; line-height: 1.2; margin-top: 0pt; margin-bottom: 0pt;\"><span id=\"docs-internal-guid-18416f9b-7fff-3b8d-be6e-a3eb880c2e0e\">\u00a0<\/span><\/p>\r\n<p dir=\"ltr\" style=\"line-height: 1.2; margin-top: 0pt; margin-bottom: 0pt;\"><span style=\"font-size: 10.5pt; font-family: Roboto,sans-serif; color: #222222; background-color: transparent; font-weight: 400; font-style: normal; font-variant: normal; text-decoration: underline; -webkit-text-decoration-skip: none; text-decoration-skip-ink: none; vertical-align: baseline; white-space: pre-wrap;\">\u00c1reas de interesse:<\/span><span style=\"font-size: 10.5pt; font-family: Roboto,sans-serif; color: #222222; background-color: transparent; font-weight: 400; font-style: normal; font-variant: normal; text-decoration: none; vertical-align: baseline; white-space: pre-wrap;\"> Bibliotecas Escolares, Tecnologias Educativas, Ferramentas Digitais, Avalia\u00e7\u00e3o.<\/span><\/p>\r\n<p dir=\"ltr\" style=\"line-height: 1.2; margin-top: 0pt; margin-bottom: 0pt;\">\u00a0<\/p>\r\n<p dir=\"ltr\" style=\"line-height: 1.2; margin-top: 0pt; margin-bottom: 0pt;\">\u00a0<\/p>\r\n<p dir=\"ltr\" style=\"line-height: 1.2; margin-top: 0pt; margin-bottom: 0pt;\">\r\n\r\n\r\n\r\n<\/p>","protected":false},"excerpt":{"rendered":"","protected":false},"author":17,"featured_media":0,"parent":0,"menu_order":0,"comment_status":"closed","ping_status":"closed","template":"","meta":[],"post_mailing_queue_ids":[],"_links":{"self":[{"href":"https:\/\/wordpress.educom.pt\/TIC-Portugal-22\/wp-json\/wp\/v2\/pages\/12535"}],"collection":[{"href":"https:\/\/wordpress.educom.pt\/TIC-Portugal-22\/wp-json\/wp\/v2\/pages"}],"about":[{"href":"https:\/\/wordpress.educom.pt\/TIC-Portugal-22\/wp-json\/wp\/v2\/types\/page"}],"author":[{"embeddable":true,"href":"https:\/\/wordpress.educom.pt\/TIC-Portugal-22\/wp-json\/wp\/v2\/users\/17"}],"replies":[{"embeddable":true,"href":"https:\/\/wordpress.educom.pt\/TIC-Portugal-22\/wp-json\/wp\/v2\/comments?post=12535"}],"version-history":[{"count":4,"href":"https:\/\/wordpress.educom.pt\/TIC-Portugal-22\/wp-json\/wp\/v2\/pages\/12535\/revisions"}],"predecessor-version":[{"id":12540,"href":"https:\/\/wordpress.educom.pt\/TIC-Portugal-22\/wp-json\/wp\/v2\/pages\/12535\/revisions\/12540"}],"wp:attachment":[{"href":"https:\/\/wordpress.educom.pt\/TIC-Portugal-22\/wp-json\/wp\/v2\/media?parent=12535"}],"curies":[{"name":"wp","href":"https:\/\/api.w.org\/{rel}","templated":true}]}}