{"id":1270,"date":"2023-06-19T07:12:28","date_gmt":"2023-06-19T07:12:28","guid":{"rendered":"https:\/\/wordpress.educom.pt\/TIC-Portugal-23\/?page_id=1270"},"modified":"2023-06-19T07:16:05","modified_gmt":"2023-06-19T07:16:05","slug":"sponlinemetodologias","status":"publish","type":"page","link":"https:\/\/wordpress.educom.pt\/TIC-Portugal-23\/sponlinemetodologias\/","title":{"rendered":"Metodologias, Estrat\u00e9gias e Ferramentas para cria\u00e7\u00e3o de cen\u00e1rios de aprendizagem ativa"},"content":{"rendered":"\t\t<div data-elementor-type=\"wp-page\" data-elementor-id=\"1270\" class=\"elementor elementor-1270\">\n\t\t\t\t\t\t\t<div class=\"elementor-element elementor-element-9f4961d e-con-boxed e-flex e-con\" data-id=\"9f4961d\" data-element_type=\"container\" data-settings=\"{&quot;content_width&quot;:&quot;boxed&quot;}\">\n\t\t\t\t\t<div class=\"e-con-inner\">\n\t\t\t\t<div class=\"elementor-element elementor-element-fdebc36 elementor-widget elementor-widget-heading\" data-id=\"fdebc36\" data-element_type=\"widget\" data-widget_type=\"heading.default\">\n\t\t\t\t<div class=\"elementor-widget-container\">\n\t\t\t<style>\/*! elementor - v3.13.1 - 09-05-2023 *\/\n.elementor-heading-title{padding:0;margin:0;line-height:1}.elementor-widget-heading .elementor-heading-title[class*=elementor-size-]>a{color:inherit;font-size:inherit;line-height:inherit}.elementor-widget-heading .elementor-heading-title.elementor-size-small{font-size:15px}.elementor-widget-heading .elementor-heading-title.elementor-size-medium{font-size:19px}.elementor-widget-heading .elementor-heading-title.elementor-size-large{font-size:29px}.elementor-widget-heading .elementor-heading-title.elementor-size-xl{font-size:39px}.elementor-widget-heading .elementor-heading-title.elementor-size-xxl{font-size:59px}<\/style><h6 class=\"elementor-heading-title elementor-size-default\">Sess\u00e3o Pr\u00e1tica - TIC@Portugal'23 - Online<\/h6>\t\t<\/div>\n\t\t\t\t<\/div>\n\t\t\t\t<div class=\"elementor-element elementor-element-d58c4f4 elementor-invisible elementor-widget elementor-widget-text-editor\" data-id=\"d58c4f4\" data-element_type=\"widget\" data-settings=\"{&quot;_animation&quot;:&quot;fadeInDown&quot;}\" data-widget_type=\"text-editor.default\">\n\t\t\t\t<div class=\"elementor-widget-container\">\n\t\t\t<style>\/*! elementor - v3.13.1 - 09-05-2023 *\/\n.elementor-widget-text-editor.elementor-drop-cap-view-stacked .elementor-drop-cap{background-color:#69727d;color:#fff}.elementor-widget-text-editor.elementor-drop-cap-view-framed .elementor-drop-cap{color:#69727d;border:3px solid;background-color:transparent}.elementor-widget-text-editor:not(.elementor-drop-cap-view-default) .elementor-drop-cap{margin-top:8px}.elementor-widget-text-editor:not(.elementor-drop-cap-view-default) .elementor-drop-cap-letter{width:1em;height:1em}.elementor-widget-text-editor .elementor-drop-cap{float:left;text-align:center;line-height:1;font-size:50px}.elementor-widget-text-editor .elementor-drop-cap-letter{display:inline-block}<\/style>\t\t\t\t<p>Por <strong>Agnelo Quelhas<\/strong>, <a href=\"https:\/\/cctic.ipcb.pt\/\" target=\"_blank\" rel=\"noopener\">Centro de Compet\u00eancia ESE\/IP de Castelo Branco<\/a><\/p>\t\t\t\t\t\t<\/div>\n\t\t\t\t<\/div>\n\t\t\t\t<div class=\"elementor-element elementor-element-66218f0 elementor-invisible elementor-widget elementor-widget-text-editor\" data-id=\"66218f0\" data-element_type=\"widget\" data-settings=\"{&quot;_animation&quot;:&quot;fadeInUp&quot;}\" data-widget_type=\"text-editor.default\">\n\t\t\t\t<div class=\"elementor-widget-container\">\n\t\t\t\t\t\t\t<p>Nesta sess\u00e3o iremos fazer uma abordagem \u00e0 cria\u00e7\u00e3o de cen\u00e1rios de aprendizagem com a integra\u00e7\u00e3o de metodologias ativas, estrat\u00e9gias de aprendizagem din\u00e2mica e ferramentas digitais. O trabalho pratico ser\u00e1 baseado na cria\u00e7\u00e3o e um cen\u00e1rio de aprendizagem atrav\u00e9s da aplica\u00e7\u00e3o do CCTIC (<a href=\"https:\/\/cctic.ipcb.pt\/cenarios-de-aprendizagem\" target=\"_blank\" rel=\"noopener\">https:\/\/cctic.ipcb.pt\/cenarios-de-aprendizagem<\/a>).<\/p><p><strong>Metodologia:<\/strong><\/p><ul><li>60 minutos &#8211; abordagem metodol\u00f3gica \/ sistematiza\u00e7\u00e3o de estrat\u00e9gias de aprendizagem<\/li><li>30 minutos &#8211; explica\u00e7\u00e3o, experimenta\u00e7\u00e3o da aplica\u00e7\u00e3o<\/li><li>30 minutos &#8211; experimenta\u00e7\u00e3o de ferramentas digitais sugeridas<\/li><li>60 minutos &#8211; cria\u00e7\u00e3o de um cen\u00e1rio de aprendizagem na aplica\u00e7\u00e3o<\/li><\/ul><p><strong>Destinat\u00e1rios:<\/strong> transversal a todos os ciclos e disciplinas<\/p><p><strong>Requisitos de participa\u00e7\u00e3o:<\/strong> computador ou tablet com acesso \u00e0 internet<\/p>\t\t\t\t\t\t<\/div>\n\t\t\t\t<\/div>\n\t\t\t\t\t<\/div>\n\t\t\t\t<\/div>\n\t\t\t\t\t\t\t<\/div>\n\t\t","protected":false},"excerpt":{"rendered":"<p>Sess\u00e3o Pr\u00e1tica &#8211; TIC@Portugal&#8217;23 &#8211; Online Por Agnelo Quelhas, Centro de Compet\u00eancia ESE\/IP de Castelo Branco Nesta sess\u00e3o iremos fazer uma abordagem \u00e0 cria\u00e7\u00e3o de cen\u00e1rios de aprendizagem com a integra\u00e7\u00e3o de metodologias ativas, estrat\u00e9gias de aprendizagem din\u00e2mica e ferramentas digitais. O trabalho pratico ser\u00e1 baseado na cria\u00e7\u00e3o e um cen\u00e1rio de aprendizagem atrav\u00e9s da aplica\u00e7\u00e3o do CCTIC (https:\/\/cctic.ipcb.pt\/cenarios-de-aprendizagem). Metodologia: 60 minutos &#8211; abordagem metodol\u00f3gica \/ sistematiza\u00e7\u00e3o de estrat\u00e9gias de aprendizagem 30 minutos &#8211; explica\u00e7\u00e3o, experimenta\u00e7\u00e3o da aplica\u00e7\u00e3o 30 minutos &#8211; experimenta\u00e7\u00e3o de ferramentas digitais sugeridas 60 minutos &#8211; cria\u00e7\u00e3o de um cen\u00e1rio de aprendizagem na aplica\u00e7\u00e3o Destinat\u00e1rios: transversal a\u2026<\/p>\n","protected":false},"author":2,"featured_media":0,"parent":0,"menu_order":0,"comment_status":"closed","ping_status":"closed","template":"","meta":{"footnotes":""},"class_list":["post-1270","page","type-page","status-publish","hentry"],"blocksy_meta":"","_links":{"self":[{"href":"https:\/\/wordpress.educom.pt\/TIC-Portugal-23\/wp-json\/wp\/v2\/pages\/1270","targetHints":{"allow":["GET"]}}],"collection":[{"href":"https:\/\/wordpress.educom.pt\/TIC-Portugal-23\/wp-json\/wp\/v2\/pages"}],"about":[{"href":"https:\/\/wordpress.educom.pt\/TIC-Portugal-23\/wp-json\/wp\/v2\/types\/page"}],"author":[{"embeddable":true,"href":"https:\/\/wordpress.educom.pt\/TIC-Portugal-23\/wp-json\/wp\/v2\/users\/2"}],"replies":[{"embeddable":true,"href":"https:\/\/wordpress.educom.pt\/TIC-Portugal-23\/wp-json\/wp\/v2\/comments?post=1270"}],"version-history":[{"count":4,"href":"https:\/\/wordpress.educom.pt\/TIC-Portugal-23\/wp-json\/wp\/v2\/pages\/1270\/revisions"}],"predecessor-version":[{"id":1274,"href":"https:\/\/wordpress.educom.pt\/TIC-Portugal-23\/wp-json\/wp\/v2\/pages\/1270\/revisions\/1274"}],"wp:attachment":[{"href":"https:\/\/wordpress.educom.pt\/TIC-Portugal-23\/wp-json\/wp\/v2\/media?parent=1270"}],"curies":[{"name":"wp","href":"https:\/\/api.w.org\/{rel}","templated":true}]}}

Metodologias, Estratégias e Ferramentas para criação de cenários de aprendizagem ativa

<div data-elementor-type="wp-page" data-elementor-id="1270" class="elementor elementor-1270">
							<div class="elementor-element elementor-element-9f4961d e-con-boxed e-flex e-con" data-id="9f4961d" data-element_type="container" data-settings="{&quot;content_width&quot;:&quot;boxed&quot;}">
					<div class="e-con-inner">
				<div class="elementor-element elementor-element-fdebc36 elementor-widget elementor-widget-heading" data-id="fdebc36" data-element_type="widget" data-widget_type="heading.default">
				<div class="elementor-widget-container">
			<style>/*! elementor - v3.13.1 - 09-05-2023 */
.elementor-heading-title{padding:0;margin:0;line-height:1}.elementor-widget-heading .elementor-heading-title[class*=elementor-size-]>a{color:inherit;font-size:inherit;line-height:inherit}.elementor-widget-heading .elementor-heading-title.elementor-size-small{font-size:15px}.elementor-widget-heading .elementor-heading-title.elementor-size-medium{font-size:19px}.elementor-widget-heading .elementor-heading-title.elementor-size-large{font-size:29px}.elementor-widget-heading .elementor-heading-title.elementor-size-xl{font-size:39px}.elementor-widget-heading .elementor-heading-title.elementor-size-xxl{font-size:59px}</style><h6 class="elementor-heading-title elementor-size-default">Sessão Prática - TIC@Portugal'23 - Online</h6>		</div>
				</div>
				<div class="elementor-element elementor-element-d58c4f4 elementor-invisible elementor-widget elementor-widget-text-editor" data-id="d58c4f4" data-element_type="widget" data-settings="{&quot;_animation&quot;:&quot;fadeInDown&quot;}" data-widget_type="text-editor.default">
				<div class="elementor-widget-container">
			<style>/*! elementor - v3.13.1 - 09-05-2023 */
.elementor-widget-text-editor.elementor-drop-cap-view-stacked .elementor-drop-cap{background-color:#69727d;color:#fff}.elementor-widget-text-editor.elementor-drop-cap-view-framed .elementor-drop-cap{color:#69727d;border:3px solid;background-color:transparent}.elementor-widget-text-editor:not(.elementor-drop-cap-view-default) .elementor-drop-cap{margin-top:8px}.elementor-widget-text-editor:not(.elementor-drop-cap-view-default) .elementor-drop-cap-letter{width:1em;height:1em}.elementor-widget-text-editor .elementor-drop-cap{float:left;text-align:center;line-height:1;font-size:50px}.elementor-widget-text-editor .elementor-drop-cap-letter{display:inline-block}</style>				<p>Por <strong>Agnelo Quelhas</strong>, <a href="https://cctic.ipcb.pt/" target="_blank" rel="noopener">Centro de Competência ESE/IP de Castelo Branco</a></p>						</div>
				</div>
				<div class="elementor-element elementor-element-66218f0 elementor-invisible elementor-widget elementor-widget-text-editor" data-id="66218f0" data-element_type="widget" data-settings="{&quot;_animation&quot;:&quot;fadeInUp&quot;}" data-widget_type="text-editor.default">
				<div class="elementor-widget-container">
							<p>Nesta sessão iremos fazer uma abordagem à criação de cenários de aprendizagem com a integração de metodologias ativas, estratégias de aprendizagem dinâmica e ferramentas digitais. O trabalho pratico será baseado na criação e um cenário de aprendizagem através da aplicação do CCTIC (<a href="https://cctic.ipcb.pt/cenarios-de-aprendizagem" target="_blank" rel="noopener">https://cctic.ipcb.pt/cenarios-de-aprendizagem</a>).</p><p><strong>Metodologia:</strong></p><ul><li>60 minutos &#8211; abordagem metodológica / sistematização de estratégias de aprendizagem</li><li>30 minutos &#8211; explicação, experimentação da aplicação</li><li>30 minutos &#8211; experimentação de ferramentas digitais sugeridas</li><li>60 minutos &#8211; criação de um cenário de aprendizagem na aplicação</li></ul><p><strong>Destinatários:</strong> transversal a todos os ciclos e disciplinas</p><p><strong>Requisitos de participação:</strong> computador ou tablet com acesso à internet</p>						</div>
				</div>
					</div>
				</div>
							</div>

<p>Sessão Prática &#8211; TIC@Portugal&#8217;23 &#8211; Online Por Agnelo Quelhas, Centro de Competência ESE/IP de Castelo Branco Nesta sessão iremos fazer uma abordagem à criação de cenários de aprendizagem com a integração de metodologias ativas, estratégias de aprendizagem dinâmica e ferramentas digitais. O trabalho pratico será baseado na criação e um cenário de aprendizagem através da aplicação do CCTIC (https://cctic.ipcb.pt/cenarios-de-aprendizagem). Metodologia: 60 minutos &#8211; abordagem metodológica / sistematização de estratégias de aprendizagem 30 minutos &#8211; explicação, experimentação da aplicação 30 minutos &#8211; experimentação de ferramentas digitais sugeridas 60 minutos &#8211; criação de um cenário de aprendizagem na aplicação Destinatários: transversal a…</p>
