{"id":1309,"date":"2023-06-19T08:05:02","date_gmt":"2023-06-19T08:05:02","guid":{"rendered":"https:\/\/wordpress.educom.pt\/TIC-Portugal-23\/?page_id=1309"},"modified":"2023-06-19T08:06:43","modified_gmt":"2023-06-19T08:06:43","slug":"spmonte2-desafios","status":"publish","type":"page","link":"https:\/\/wordpress.educom.pt\/TIC-Portugal-23\/spmonte2-desafios\/","title":{"rendered":"Desafios e Oportunidades da Intelig\u00eancia Artificial para Professores"},"content":{"rendered":"\t\t<div data-elementor-type=\"wp-page\" data-elementor-id=\"1309\" class=\"elementor elementor-1309\">\n\t\t\t\t\t\t\t<div class=\"elementor-element elementor-element-9f4961d e-con-boxed e-flex e-con\" data-id=\"9f4961d\" data-element_type=\"container\" data-settings=\"{&quot;content_width&quot;:&quot;boxed&quot;}\">\n\t\t\t\t\t<div class=\"e-con-inner\">\n\t\t\t\t<div class=\"elementor-element elementor-element-fdebc36 elementor-widget elementor-widget-heading\" data-id=\"fdebc36\" data-element_type=\"widget\" data-widget_type=\"heading.default\">\n\t\t\t\t<div class=\"elementor-widget-container\">\n\t\t\t<style>\/*! elementor - v3.13.1 - 09-05-2023 *\/\n.elementor-heading-title{padding:0;margin:0;line-height:1}.elementor-widget-heading .elementor-heading-title[class*=elementor-size-]>a{color:inherit;font-size:inherit;line-height:inherit}.elementor-widget-heading .elementor-heading-title.elementor-size-small{font-size:15px}.elementor-widget-heading .elementor-heading-title.elementor-size-medium{font-size:19px}.elementor-widget-heading .elementor-heading-title.elementor-size-large{font-size:29px}.elementor-widget-heading .elementor-heading-title.elementor-size-xl{font-size:39px}.elementor-widget-heading .elementor-heading-title.elementor-size-xxl{font-size:59px}<\/style><h6 class=\"elementor-heading-title elementor-size-default\">Sess\u00e3o Pr\u00e1tica - TIC@Portugal'23 - Monte de Caparica - NOVA School of Science and Technology<\/h6>\t\t<\/div>\n\t\t\t\t<\/div>\n\t\t\t\t<div class=\"elementor-element elementor-element-d58c4f4 elementor-invisible elementor-widget elementor-widget-text-editor\" data-id=\"d58c4f4\" data-element_type=\"widget\" data-settings=\"{&quot;_animation&quot;:&quot;fadeInDown&quot;}\" data-widget_type=\"text-editor.default\">\n\t\t\t\t<div class=\"elementor-widget-container\">\n\t\t\t<style>\/*! elementor - v3.13.1 - 09-05-2023 *\/\n.elementor-widget-text-editor.elementor-drop-cap-view-stacked .elementor-drop-cap{background-color:#69727d;color:#fff}.elementor-widget-text-editor.elementor-drop-cap-view-framed .elementor-drop-cap{color:#69727d;border:3px solid;background-color:transparent}.elementor-widget-text-editor:not(.elementor-drop-cap-view-default) .elementor-drop-cap{margin-top:8px}.elementor-widget-text-editor:not(.elementor-drop-cap-view-default) .elementor-drop-cap-letter{width:1em;height:1em}.elementor-widget-text-editor .elementor-drop-cap{float:left;text-align:center;line-height:1;font-size:50px}.elementor-widget-text-editor .elementor-drop-cap-letter{display:inline-block}<\/style>\t\t\t\t<p>Por <strong>Carla Santos<\/strong>, Centro de Compet\u00eancia TIC EDUCOM<\/p>\t\t\t\t\t\t<\/div>\n\t\t\t\t<\/div>\n\t\t\t\t<div class=\"elementor-element elementor-element-66218f0 elementor-invisible elementor-widget elementor-widget-text-editor\" data-id=\"66218f0\" data-element_type=\"widget\" data-settings=\"{&quot;_animation&quot;:&quot;fadeInUp&quot;}\" data-widget_type=\"text-editor.default\">\n\t\t\t\t<div class=\"elementor-widget-container\">\n\t\t\t\t\t\t\t<p>A Intelig\u00eancia Artificial (IA) est\u00e1 a transformar o mundo, impulsionando avan\u00e7os tecnol\u00f3gicos em diferentes \u00e1reas, desde a sa\u00fade, a educa\u00e7\u00e3o at\u00e9 \u00e0 ind\u00fastria e aos transportes.<br \/>Durante o workshop, iremos debater os desafios e as oportunidades da IA, analisando ferramentas que podem ser utilizadas por professores, demonstrando de forma pr\u00e1tica como podem ser utilizadas. Pretende-se que os participantes obtenham uma compreens\u00e3o clara do impacto da IA, capacitando-os a utilizar ferramentas dispon\u00edveis que possam apoiar a sua pr\u00e1tica docente.<\/p><p><strong>Destinat\u00e1rios:<\/strong> transversal a todos os ciclos e grupos disciplinares<\/p><p><strong>Requisitos de participa\u00e7\u00e3o:<\/strong> computador, tablet ou telem\u00f3vel com acesso \u00e0 internet<\/p>\t\t\t\t\t\t<\/div>\n\t\t\t\t<\/div>\n\t\t\t\t\t<\/div>\n\t\t\t\t<\/div>\n\t\t\t\t\t\t\t<\/div>\n\t\t","protected":false},"excerpt":{"rendered":"<p>Sess\u00e3o Pr\u00e1tica &#8211; TIC@Portugal&#8217;23 &#8211; Monte de Caparica &#8211; NOVA School of Science and Technology Por Carla Santos, Centro de Compet\u00eancia TIC EDUCOM A Intelig\u00eancia Artificial (IA) est\u00e1 a transformar o mundo, impulsionando avan\u00e7os tecnol\u00f3gicos em diferentes \u00e1reas, desde a sa\u00fade, a educa\u00e7\u00e3o at\u00e9 \u00e0 ind\u00fastria e aos transportes.Durante o workshop, iremos debater os desafios e as oportunidades da IA, analisando ferramentas que podem ser utilizadas por professores, demonstrando de forma pr\u00e1tica como podem ser utilizadas. Pretende-se que os participantes obtenham uma compreens\u00e3o clara do impacto da IA, capacitando-os a utilizar ferramentas dispon\u00edveis que possam apoiar a sua pr\u00e1tica docente.\u2026<\/p>\n","protected":false},"author":2,"featured_media":0,"parent":0,"menu_order":0,"comment_status":"closed","ping_status":"closed","template":"","meta":{"footnotes":""},"class_list":["post-1309","page","type-page","status-publish","hentry"],"blocksy_meta":"","_links":{"self":[{"href":"https:\/\/wordpress.educom.pt\/TIC-Portugal-23\/wp-json\/wp\/v2\/pages\/1309","targetHints":{"allow":["GET"]}}],"collection":[{"href":"https:\/\/wordpress.educom.pt\/TIC-Portugal-23\/wp-json\/wp\/v2\/pages"}],"about":[{"href":"https:\/\/wordpress.educom.pt\/TIC-Portugal-23\/wp-json\/wp\/v2\/types\/page"}],"author":[{"embeddable":true,"href":"https:\/\/wordpress.educom.pt\/TIC-Portugal-23\/wp-json\/wp\/v2\/users\/2"}],"replies":[{"embeddable":true,"href":"https:\/\/wordpress.educom.pt\/TIC-Portugal-23\/wp-json\/wp\/v2\/comments?post=1309"}],"version-history":[{"count":4,"href":"https:\/\/wordpress.educom.pt\/TIC-Portugal-23\/wp-json\/wp\/v2\/pages\/1309\/revisions"}],"predecessor-version":[{"id":1313,"href":"https:\/\/wordpress.educom.pt\/TIC-Portugal-23\/wp-json\/wp\/v2\/pages\/1309\/revisions\/1313"}],"wp:attachment":[{"href":"https:\/\/wordpress.educom.pt\/TIC-Portugal-23\/wp-json\/wp\/v2\/media?parent=1309"}],"curies":[{"name":"wp","href":"https:\/\/api.w.org\/{rel}","templated":true}]}}

Desafios e Oportunidades da Inteligência Artificial para Professores

<div data-elementor-type="wp-page" data-elementor-id="1309" class="elementor elementor-1309">
							<div class="elementor-element elementor-element-9f4961d e-con-boxed e-flex e-con" data-id="9f4961d" data-element_type="container" data-settings="{&quot;content_width&quot;:&quot;boxed&quot;}">
					<div class="e-con-inner">
				<div class="elementor-element elementor-element-fdebc36 elementor-widget elementor-widget-heading" data-id="fdebc36" data-element_type="widget" data-widget_type="heading.default">
				<div class="elementor-widget-container">
			<style>/*! elementor - v3.13.1 - 09-05-2023 */
.elementor-heading-title{padding:0;margin:0;line-height:1}.elementor-widget-heading .elementor-heading-title[class*=elementor-size-]>a{color:inherit;font-size:inherit;line-height:inherit}.elementor-widget-heading .elementor-heading-title.elementor-size-small{font-size:15px}.elementor-widget-heading .elementor-heading-title.elementor-size-medium{font-size:19px}.elementor-widget-heading .elementor-heading-title.elementor-size-large{font-size:29px}.elementor-widget-heading .elementor-heading-title.elementor-size-xl{font-size:39px}.elementor-widget-heading .elementor-heading-title.elementor-size-xxl{font-size:59px}</style><h6 class="elementor-heading-title elementor-size-default">Sessão Prática - TIC@Portugal'23 - Monte de Caparica - NOVA School of Science and Technology</h6>		</div>
				</div>
				<div class="elementor-element elementor-element-d58c4f4 elementor-invisible elementor-widget elementor-widget-text-editor" data-id="d58c4f4" data-element_type="widget" data-settings="{&quot;_animation&quot;:&quot;fadeInDown&quot;}" data-widget_type="text-editor.default">
				<div class="elementor-widget-container">
			<style>/*! elementor - v3.13.1 - 09-05-2023 */
.elementor-widget-text-editor.elementor-drop-cap-view-stacked .elementor-drop-cap{background-color:#69727d;color:#fff}.elementor-widget-text-editor.elementor-drop-cap-view-framed .elementor-drop-cap{color:#69727d;border:3px solid;background-color:transparent}.elementor-widget-text-editor:not(.elementor-drop-cap-view-default) .elementor-drop-cap{margin-top:8px}.elementor-widget-text-editor:not(.elementor-drop-cap-view-default) .elementor-drop-cap-letter{width:1em;height:1em}.elementor-widget-text-editor .elementor-drop-cap{float:left;text-align:center;line-height:1;font-size:50px}.elementor-widget-text-editor .elementor-drop-cap-letter{display:inline-block}</style>				<p>Por <strong>Carla Santos</strong>, Centro de Competência TIC EDUCOM</p>						</div>
				</div>
				<div class="elementor-element elementor-element-66218f0 elementor-invisible elementor-widget elementor-widget-text-editor" data-id="66218f0" data-element_type="widget" data-settings="{&quot;_animation&quot;:&quot;fadeInUp&quot;}" data-widget_type="text-editor.default">
				<div class="elementor-widget-container">
							<p>A Inteligência Artificial (IA) está a transformar o mundo, impulsionando avanços tecnológicos em diferentes áreas, desde a saúde, a educação até à indústria e aos transportes.<br />Durante o workshop, iremos debater os desafios e as oportunidades da IA, analisando ferramentas que podem ser utilizadas por professores, demonstrando de forma prática como podem ser utilizadas. Pretende-se que os participantes obtenham uma compreensão clara do impacto da IA, capacitando-os a utilizar ferramentas disponíveis que possam apoiar a sua prática docente.</p><p><strong>Destinatários:</strong> transversal a todos os ciclos e grupos disciplinares</p><p><strong>Requisitos de participação:</strong> computador, tablet ou telemóvel com acesso à internet</p>						</div>
				</div>
					</div>
				</div>
							</div>

<p>Sessão Prática &#8211; TIC@Portugal&#8217;23 &#8211; Monte de Caparica &#8211; NOVA School of Science and Technology Por Carla Santos, Centro de Competência TIC EDUCOM A Inteligência Artificial (IA) está a transformar o mundo, impulsionando avanços tecnológicos em diferentes áreas, desde a saúde, a educação até à indústria e aos transportes.Durante o workshop, iremos debater os desafios e as oportunidades da IA, analisando ferramentas que podem ser utilizadas por professores, demonstrando de forma prática como podem ser utilizadas. Pretende-se que os participantes obtenham uma compreensão clara do impacto da IA, capacitando-os a utilizar ferramentas disponíveis que possam apoiar a sua prática docente.…</p>
