{"id":1434,"date":"2023-06-19T14:07:19","date_gmt":"2023-06-19T14:07:19","guid":{"rendered":"https:\/\/wordpress.educom.pt\/TIC-Portugal-23\/?page_id=1434"},"modified":"2023-06-19T14:10:35","modified_gmt":"2023-06-19T14:10:35","slug":"sp4santarem-steam","status":"publish","type":"page","link":"https:\/\/wordpress.educom.pt\/TIC-Portugal-23\/sp4santarem-steam\/","title":{"rendered":"Pensamento Computacional dimens\u00f5es e conex\u00f5es no \u00e2mbito dos STEAM"},"content":{"rendered":"\t\t<div data-elementor-type=\"wp-page\" data-elementor-id=\"1434\" class=\"elementor elementor-1434\">\n\t\t\t\t\t\t\t<div class=\"elementor-element elementor-element-9f4961d e-con-boxed e-flex e-con\" data-id=\"9f4961d\" data-element_type=\"container\" data-settings=\"{&quot;content_width&quot;:&quot;boxed&quot;}\">\n\t\t\t\t\t<div class=\"e-con-inner\">\n\t\t\t\t<div class=\"elementor-element elementor-element-fdebc36 elementor-widget elementor-widget-heading\" data-id=\"fdebc36\" data-element_type=\"widget\" data-widget_type=\"heading.default\">\n\t\t\t\t<div class=\"elementor-widget-container\">\n\t\t\t<style>\/*! elementor - v3.13.1 - 09-05-2023 *\/\n.elementor-heading-title{padding:0;margin:0;line-height:1}.elementor-widget-heading .elementor-heading-title[class*=elementor-size-]>a{color:inherit;font-size:inherit;line-height:inherit}.elementor-widget-heading .elementor-heading-title.elementor-size-small{font-size:15px}.elementor-widget-heading .elementor-heading-title.elementor-size-medium{font-size:19px}.elementor-widget-heading .elementor-heading-title.elementor-size-large{font-size:29px}.elementor-widget-heading .elementor-heading-title.elementor-size-xl{font-size:39px}.elementor-widget-heading .elementor-heading-title.elementor-size-xxl{font-size:59px}<\/style><h6 class=\"elementor-heading-title elementor-size-default\">Sess\u00e3o Pr\u00e1tica - TIC@Portugal'23 - Santar\u00e9m - Escola Superior de Educa\u00e7\u00e3o de Santar\u00e9m<\/h6>\t\t<\/div>\n\t\t\t\t<\/div>\n\t\t\t\t<div class=\"elementor-element elementor-element-d58c4f4 elementor-invisible elementor-widget elementor-widget-text-editor\" data-id=\"d58c4f4\" data-element_type=\"widget\" data-settings=\"{&quot;_animation&quot;:&quot;fadeInDown&quot;}\" data-widget_type=\"text-editor.default\">\n\t\t\t\t<div class=\"elementor-widget-container\">\n\t\t\t<style>\/*! elementor - v3.13.1 - 09-05-2023 *\/\n.elementor-widget-text-editor.elementor-drop-cap-view-stacked .elementor-drop-cap{background-color:#69727d;color:#fff}.elementor-widget-text-editor.elementor-drop-cap-view-framed .elementor-drop-cap{color:#69727d;border:3px solid;background-color:transparent}.elementor-widget-text-editor:not(.elementor-drop-cap-view-default) .elementor-drop-cap{margin-top:8px}.elementor-widget-text-editor:not(.elementor-drop-cap-view-default) .elementor-drop-cap-letter{width:1em;height:1em}.elementor-widget-text-editor .elementor-drop-cap{float:left;text-align:center;line-height:1;font-size:50px}.elementor-widget-text-editor .elementor-drop-cap-letter{display:inline-block}<\/style>\t\t\t\t<p>Por <b>Paula Abrantes<\/b>, Agrupamento de Escolas Verg\u00edlio Ferreira<\/p>\t\t\t\t\t\t<\/div>\n\t\t\t\t<\/div>\n\t\t\t\t<div class=\"elementor-element elementor-element-66218f0 elementor-invisible elementor-widget elementor-widget-text-editor\" data-id=\"66218f0\" data-element_type=\"widget\" data-settings=\"{&quot;_animation&quot;:&quot;fadeInUp&quot;}\" data-widget_type=\"text-editor.default\">\n\t\t\t\t<div class=\"elementor-widget-container\">\n\t\t\t\t\t\t\t<p>Os avan\u00e7os tecnol\u00f3gicos evidenciam a import\u00e2ncia de promover o desenvolvimento de compet\u00eancias digitais (incluindo programa\u00e7\u00e3o) e de Pensamento Computacional, nas salas de aula desde os primeiros anos.<br \/>Neste workshop desafia-se Educadores e Professores do 1.\u00ba CEB a experimentar a utiliza\u00e7\u00e3o de rob\u00f4s no design e implementa\u00e7\u00e3o de atividades STEAM e observar de que forma podem contribuir para o desenvolvimento das dimens\u00f5es do Pensamento Computacional nas suas crian\u00e7as.<\/p><p><strong>Destinat\u00e1rios:<\/strong> Educa\u00e7\u00e3o Pr\u00e9 Escolar e 1.\u00ba ciclo<\/p><p><strong>Requisitos de participa\u00e7\u00e3o:<\/strong> Computador ou tablet, rob\u00f4s e acesso \u00e0 internet<\/p>\t\t\t\t\t\t<\/div>\n\t\t\t\t<\/div>\n\t\t\t\t\t<\/div>\n\t\t\t\t<\/div>\n\t\t\t\t\t\t\t<\/div>\n\t\t","protected":false},"excerpt":{"rendered":"<p>Sess\u00e3o Pr\u00e1tica &#8211; TIC@Portugal&#8217;23 &#8211; Santar\u00e9m &#8211; Escola Superior de Educa\u00e7\u00e3o de Santar\u00e9m Por Paula Abrantes, Agrupamento de Escolas Verg\u00edlio Ferreira Os avan\u00e7os tecnol\u00f3gicos evidenciam a import\u00e2ncia de promover o desenvolvimento de compet\u00eancias digitais (incluindo programa\u00e7\u00e3o) e de Pensamento Computacional, nas salas de aula desde os primeiros anos.Neste workshop desafia-se Educadores e Professores do 1.\u00ba CEB a experimentar a utiliza\u00e7\u00e3o de rob\u00f4s no design e implementa\u00e7\u00e3o de atividades STEAM e observar de que forma podem contribuir para o desenvolvimento das dimens\u00f5es do Pensamento Computacional nas suas crian\u00e7as. Destinat\u00e1rios: Educa\u00e7\u00e3o Pr\u00e9 Escolar e 1.\u00ba ciclo Requisitos de participa\u00e7\u00e3o: Computador ou tablet,\u2026<\/p>\n","protected":false},"author":2,"featured_media":0,"parent":0,"menu_order":0,"comment_status":"closed","ping_status":"closed","template":"","meta":{"footnotes":""},"class_list":["post-1434","page","type-page","status-publish","hentry"],"blocksy_meta":"","_links":{"self":[{"href":"https:\/\/wordpress.educom.pt\/TIC-Portugal-23\/wp-json\/wp\/v2\/pages\/1434","targetHints":{"allow":["GET"]}}],"collection":[{"href":"https:\/\/wordpress.educom.pt\/TIC-Portugal-23\/wp-json\/wp\/v2\/pages"}],"about":[{"href":"https:\/\/wordpress.educom.pt\/TIC-Portugal-23\/wp-json\/wp\/v2\/types\/page"}],"author":[{"embeddable":true,"href":"https:\/\/wordpress.educom.pt\/TIC-Portugal-23\/wp-json\/wp\/v2\/users\/2"}],"replies":[{"embeddable":true,"href":"https:\/\/wordpress.educom.pt\/TIC-Portugal-23\/wp-json\/wp\/v2\/comments?post=1434"}],"version-history":[{"count":4,"href":"https:\/\/wordpress.educom.pt\/TIC-Portugal-23\/wp-json\/wp\/v2\/pages\/1434\/revisions"}],"predecessor-version":[{"id":1438,"href":"https:\/\/wordpress.educom.pt\/TIC-Portugal-23\/wp-json\/wp\/v2\/pages\/1434\/revisions\/1438"}],"wp:attachment":[{"href":"https:\/\/wordpress.educom.pt\/TIC-Portugal-23\/wp-json\/wp\/v2\/media?parent=1434"}],"curies":[{"name":"wp","href":"https:\/\/api.w.org\/{rel}","templated":true}]}}

Pensamento Computacional dimensões e conexões no âmbito dos STEAM

<div data-elementor-type="wp-page" data-elementor-id="1434" class="elementor elementor-1434">
							<div class="elementor-element elementor-element-9f4961d e-con-boxed e-flex e-con" data-id="9f4961d" data-element_type="container" data-settings="{&quot;content_width&quot;:&quot;boxed&quot;}">
					<div class="e-con-inner">
				<div class="elementor-element elementor-element-fdebc36 elementor-widget elementor-widget-heading" data-id="fdebc36" data-element_type="widget" data-widget_type="heading.default">
				<div class="elementor-widget-container">
			<style>/*! elementor - v3.13.1 - 09-05-2023 */
.elementor-heading-title{padding:0;margin:0;line-height:1}.elementor-widget-heading .elementor-heading-title[class*=elementor-size-]>a{color:inherit;font-size:inherit;line-height:inherit}.elementor-widget-heading .elementor-heading-title.elementor-size-small{font-size:15px}.elementor-widget-heading .elementor-heading-title.elementor-size-medium{font-size:19px}.elementor-widget-heading .elementor-heading-title.elementor-size-large{font-size:29px}.elementor-widget-heading .elementor-heading-title.elementor-size-xl{font-size:39px}.elementor-widget-heading .elementor-heading-title.elementor-size-xxl{font-size:59px}</style><h6 class="elementor-heading-title elementor-size-default">Sessão Prática - TIC@Portugal'23 - Santarém - Escola Superior de Educação de Santarém</h6>		</div>
				</div>
				<div class="elementor-element elementor-element-d58c4f4 elementor-invisible elementor-widget elementor-widget-text-editor" data-id="d58c4f4" data-element_type="widget" data-settings="{&quot;_animation&quot;:&quot;fadeInDown&quot;}" data-widget_type="text-editor.default">
				<div class="elementor-widget-container">
			<style>/*! elementor - v3.13.1 - 09-05-2023 */
.elementor-widget-text-editor.elementor-drop-cap-view-stacked .elementor-drop-cap{background-color:#69727d;color:#fff}.elementor-widget-text-editor.elementor-drop-cap-view-framed .elementor-drop-cap{color:#69727d;border:3px solid;background-color:transparent}.elementor-widget-text-editor:not(.elementor-drop-cap-view-default) .elementor-drop-cap{margin-top:8px}.elementor-widget-text-editor:not(.elementor-drop-cap-view-default) .elementor-drop-cap-letter{width:1em;height:1em}.elementor-widget-text-editor .elementor-drop-cap{float:left;text-align:center;line-height:1;font-size:50px}.elementor-widget-text-editor .elementor-drop-cap-letter{display:inline-block}</style>				<p>Por <b>Paula Abrantes</b>, Agrupamento de Escolas Vergílio Ferreira</p>						</div>
				</div>
				<div class="elementor-element elementor-element-66218f0 elementor-invisible elementor-widget elementor-widget-text-editor" data-id="66218f0" data-element_type="widget" data-settings="{&quot;_animation&quot;:&quot;fadeInUp&quot;}" data-widget_type="text-editor.default">
				<div class="elementor-widget-container">
							<p>Os avanços tecnológicos evidenciam a importância de promover o desenvolvimento de competências digitais (incluindo programação) e de Pensamento Computacional, nas salas de aula desde os primeiros anos.<br />Neste workshop desafia-se Educadores e Professores do 1.º CEB a experimentar a utilização de robôs no design e implementação de atividades STEAM e observar de que forma podem contribuir para o desenvolvimento das dimensões do Pensamento Computacional nas suas crianças.</p><p><strong>Destinatários:</strong> Educação Pré Escolar e 1.º ciclo</p><p><strong>Requisitos de participação:</strong> Computador ou tablet, robôs e acesso à internet</p>						</div>
				</div>
					</div>
				</div>
							</div>

<p>Sessão Prática &#8211; TIC@Portugal&#8217;23 &#8211; Santarém &#8211; Escola Superior de Educação de Santarém Por Paula Abrantes, Agrupamento de Escolas Vergílio Ferreira Os avanços tecnológicos evidenciam a importância de promover o desenvolvimento de competências digitais (incluindo programação) e de Pensamento Computacional, nas salas de aula desde os primeiros anos.Neste workshop desafia-se Educadores e Professores do 1.º CEB a experimentar a utilização de robôs no design e implementação de atividades STEAM e observar de que forma podem contribuir para o desenvolvimento das dimensões do Pensamento Computacional nas suas crianças. Destinatários: Educação Pré Escolar e 1.º ciclo Requisitos de participação: Computador ou tablet,…</p>
