{"id":1517,"date":"2023-06-19T18:49:36","date_gmt":"2023-06-19T18:49:36","guid":{"rendered":"https:\/\/wordpress.educom.pt\/TIC-Portugal-23\/?page_id=1517"},"modified":"2023-06-19T18:50:13","modified_gmt":"2023-06-19T18:50:13","slug":"sp6setubal-imersao","status":"publish","type":"page","link":"https:\/\/wordpress.educom.pt\/TIC-Portugal-23\/sp6setubal-imersao\/","title":{"rendered":"Imers\u00e3o Digital: Workshop de Cria\u00e7\u00e3o de Exposi\u00e7\u00f5es Virtuais"},"content":{"rendered":"\t\t<div data-elementor-type=\"wp-page\" data-elementor-id=\"1517\" class=\"elementor elementor-1517\">\n\t\t\t\t\t\t\t<div class=\"elementor-element elementor-element-9f4961d e-con-boxed e-flex e-con\" data-id=\"9f4961d\" data-element_type=\"container\" data-settings=\"{&quot;content_width&quot;:&quot;boxed&quot;}\">\n\t\t\t\t\t<div class=\"e-con-inner\">\n\t\t\t\t<div class=\"elementor-element elementor-element-fdebc36 elementor-widget elementor-widget-heading\" data-id=\"fdebc36\" data-element_type=\"widget\" data-widget_type=\"heading.default\">\n\t\t\t\t<div class=\"elementor-widget-container\">\n\t\t\t<style>\/*! elementor - v3.13.1 - 09-05-2023 *\/\n.elementor-heading-title{padding:0;margin:0;line-height:1}.elementor-widget-heading .elementor-heading-title[class*=elementor-size-]>a{color:inherit;font-size:inherit;line-height:inherit}.elementor-widget-heading .elementor-heading-title.elementor-size-small{font-size:15px}.elementor-widget-heading .elementor-heading-title.elementor-size-medium{font-size:19px}.elementor-widget-heading .elementor-heading-title.elementor-size-large{font-size:29px}.elementor-widget-heading .elementor-heading-title.elementor-size-xl{font-size:39px}.elementor-widget-heading .elementor-heading-title.elementor-size-xxl{font-size:59px}<\/style><h6 class=\"elementor-heading-title elementor-size-default\">Sess\u00e3o Pr\u00e1tica - TIC@Portugal'23 - Set\u00fabal<\/h6>\t\t<\/div>\n\t\t\t\t<\/div>\n\t\t\t\t<div class=\"elementor-element elementor-element-d58c4f4 elementor-invisible elementor-widget elementor-widget-text-editor\" data-id=\"d58c4f4\" data-element_type=\"widget\" data-settings=\"{&quot;_animation&quot;:&quot;fadeInDown&quot;}\" data-widget_type=\"text-editor.default\">\n\t\t\t\t<div class=\"elementor-widget-container\">\n\t\t\t<style>\/*! elementor - v3.13.1 - 09-05-2023 *\/\n.elementor-widget-text-editor.elementor-drop-cap-view-stacked .elementor-drop-cap{background-color:#69727d;color:#fff}.elementor-widget-text-editor.elementor-drop-cap-view-framed .elementor-drop-cap{color:#69727d;border:3px solid;background-color:transparent}.elementor-widget-text-editor:not(.elementor-drop-cap-view-default) .elementor-drop-cap{margin-top:8px}.elementor-widget-text-editor:not(.elementor-drop-cap-view-default) .elementor-drop-cap-letter{width:1em;height:1em}.elementor-widget-text-editor .elementor-drop-cap{float:left;text-align:center;line-height:1;font-size:50px}.elementor-widget-text-editor .elementor-drop-cap-letter{display:inline-block}<\/style>\t\t\t\t<p>Por<strong> Lu\u00eds Varela<\/strong><\/p>\t\t\t\t\t\t<\/div>\n\t\t\t\t<\/div>\n\t\t\t\t<div class=\"elementor-element elementor-element-66218f0 elementor-invisible elementor-widget elementor-widget-text-editor\" data-id=\"66218f0\" data-element_type=\"widget\" data-settings=\"{&quot;_animation&quot;:&quot;fadeInUp&quot;}\" data-widget_type=\"text-editor.default\">\n\t\t\t\t<div class=\"elementor-widget-container\">\n\t\t\t\t\t\t\t<p>Exposi\u00e7\u00f5es virtuais s\u00e3o cada vez mais populares no contexto educativo, oferecendo diversas vantagens e possibilidades de aplica\u00e7\u00e3o. Quando utilizadas de forma criativa, as Exposi\u00e7\u00f5es Virtuais podem ser um suporte bastante v\u00e1lido para ampliar os conhecimentos e as compet\u00eancias em sala de aula.<br \/>Uma das principais vantagens das exposi\u00e7\u00f5es virtuais \u00e9 a facilidade de acesso. Enquanto as exposi\u00e7\u00f5es f\u00edsicas s\u00e3o limitadas pelo local onde s\u00e3o realizadas, as exposi\u00e7\u00f5es virtuais podem ser visitadas a partir de qualquer lugar, desde que exista um acesso \u00e0 internet. Isso permite que mais pessoas vejam os trabalhos dos alunos, aumentando a visibilidade dos mesmos.<br \/>As aplica\u00e7\u00f5es de cria\u00e7\u00e3o de visitas virtuais tamb\u00e9m devem ser usadas pelos alunos na apresenta\u00e7\u00e3o de determinados tipos de conte\u00fados associados a um Percurso de Aprendizagem.<br \/>Neste workshop iremos utilizar duas ferramentas distintas para criar uma Exposi\u00e7\u00e3o Virtual de forma relativamente simples: Emaze e Artsteps.<\/p><p><strong>Limite:<\/strong> 20 docentes<\/p>\t\t\t\t\t\t<\/div>\n\t\t\t\t<\/div>\n\t\t\t\t\t<\/div>\n\t\t\t\t<\/div>\n\t\t\t\t\t\t\t<\/div>\n\t\t","protected":false},"excerpt":{"rendered":"<p>Sess\u00e3o Pr\u00e1tica &#8211; TIC@Portugal&#8217;23 &#8211; Set\u00fabal Por Lu\u00eds Varela Exposi\u00e7\u00f5es virtuais s\u00e3o cada vez mais populares no contexto educativo, oferecendo diversas vantagens e possibilidades de aplica\u00e7\u00e3o. Quando utilizadas de forma criativa, as Exposi\u00e7\u00f5es Virtuais podem ser um suporte bastante v\u00e1lido para ampliar os conhecimentos e as compet\u00eancias em sala de aula.Uma das principais vantagens das exposi\u00e7\u00f5es virtuais \u00e9 a facilidade de acesso. Enquanto as exposi\u00e7\u00f5es f\u00edsicas s\u00e3o limitadas pelo local onde s\u00e3o realizadas, as exposi\u00e7\u00f5es virtuais podem ser visitadas a partir de qualquer lugar, desde que exista um acesso \u00e0 internet. Isso permite que mais pessoas vejam os trabalhos dos\u2026<\/p>\n","protected":false},"author":2,"featured_media":0,"parent":0,"menu_order":0,"comment_status":"closed","ping_status":"closed","template":"","meta":{"footnotes":""},"class_list":["post-1517","page","type-page","status-publish","hentry"],"blocksy_meta":"","_links":{"self":[{"href":"https:\/\/wordpress.educom.pt\/TIC-Portugal-23\/wp-json\/wp\/v2\/pages\/1517","targetHints":{"allow":["GET"]}}],"collection":[{"href":"https:\/\/wordpress.educom.pt\/TIC-Portugal-23\/wp-json\/wp\/v2\/pages"}],"about":[{"href":"https:\/\/wordpress.educom.pt\/TIC-Portugal-23\/wp-json\/wp\/v2\/types\/page"}],"author":[{"embeddable":true,"href":"https:\/\/wordpress.educom.pt\/TIC-Portugal-23\/wp-json\/wp\/v2\/users\/2"}],"replies":[{"embeddable":true,"href":"https:\/\/wordpress.educom.pt\/TIC-Portugal-23\/wp-json\/wp\/v2\/comments?post=1517"}],"version-history":[{"count":4,"href":"https:\/\/wordpress.educom.pt\/TIC-Portugal-23\/wp-json\/wp\/v2\/pages\/1517\/revisions"}],"predecessor-version":[{"id":1521,"href":"https:\/\/wordpress.educom.pt\/TIC-Portugal-23\/wp-json\/wp\/v2\/pages\/1517\/revisions\/1521"}],"wp:attachment":[{"href":"https:\/\/wordpress.educom.pt\/TIC-Portugal-23\/wp-json\/wp\/v2\/media?parent=1517"}],"curies":[{"name":"wp","href":"https:\/\/api.w.org\/{rel}","templated":true}]}}

Imersão Digital: Workshop de Criação de Exposições Virtuais

<div data-elementor-type="wp-page" data-elementor-id="1517" class="elementor elementor-1517">
							<div class="elementor-element elementor-element-9f4961d e-con-boxed e-flex e-con" data-id="9f4961d" data-element_type="container" data-settings="{&quot;content_width&quot;:&quot;boxed&quot;}">
					<div class="e-con-inner">
				<div class="elementor-element elementor-element-fdebc36 elementor-widget elementor-widget-heading" data-id="fdebc36" data-element_type="widget" data-widget_type="heading.default">
				<div class="elementor-widget-container">
			<style>/*! elementor - v3.13.1 - 09-05-2023 */
.elementor-heading-title{padding:0;margin:0;line-height:1}.elementor-widget-heading .elementor-heading-title[class*=elementor-size-]>a{color:inherit;font-size:inherit;line-height:inherit}.elementor-widget-heading .elementor-heading-title.elementor-size-small{font-size:15px}.elementor-widget-heading .elementor-heading-title.elementor-size-medium{font-size:19px}.elementor-widget-heading .elementor-heading-title.elementor-size-large{font-size:29px}.elementor-widget-heading .elementor-heading-title.elementor-size-xl{font-size:39px}.elementor-widget-heading .elementor-heading-title.elementor-size-xxl{font-size:59px}</style><h6 class="elementor-heading-title elementor-size-default">Sessão Prática - TIC@Portugal'23 - Setúbal</h6>		</div>
				</div>
				<div class="elementor-element elementor-element-d58c4f4 elementor-invisible elementor-widget elementor-widget-text-editor" data-id="d58c4f4" data-element_type="widget" data-settings="{&quot;_animation&quot;:&quot;fadeInDown&quot;}" data-widget_type="text-editor.default">
				<div class="elementor-widget-container">
			<style>/*! elementor - v3.13.1 - 09-05-2023 */
.elementor-widget-text-editor.elementor-drop-cap-view-stacked .elementor-drop-cap{background-color:#69727d;color:#fff}.elementor-widget-text-editor.elementor-drop-cap-view-framed .elementor-drop-cap{color:#69727d;border:3px solid;background-color:transparent}.elementor-widget-text-editor:not(.elementor-drop-cap-view-default) .elementor-drop-cap{margin-top:8px}.elementor-widget-text-editor:not(.elementor-drop-cap-view-default) .elementor-drop-cap-letter{width:1em;height:1em}.elementor-widget-text-editor .elementor-drop-cap{float:left;text-align:center;line-height:1;font-size:50px}.elementor-widget-text-editor .elementor-drop-cap-letter{display:inline-block}</style>				<p>Por<strong> Luís Varela</strong></p>						</div>
				</div>
				<div class="elementor-element elementor-element-66218f0 elementor-invisible elementor-widget elementor-widget-text-editor" data-id="66218f0" data-element_type="widget" data-settings="{&quot;_animation&quot;:&quot;fadeInUp&quot;}" data-widget_type="text-editor.default">
				<div class="elementor-widget-container">
							<p>Exposições virtuais são cada vez mais populares no contexto educativo, oferecendo diversas vantagens e possibilidades de aplicação. Quando utilizadas de forma criativa, as Exposições Virtuais podem ser um suporte bastante válido para ampliar os conhecimentos e as competências em sala de aula.<br />Uma das principais vantagens das exposições virtuais é a facilidade de acesso. Enquanto as exposições físicas são limitadas pelo local onde são realizadas, as exposições virtuais podem ser visitadas a partir de qualquer lugar, desde que exista um acesso à internet. Isso permite que mais pessoas vejam os trabalhos dos alunos, aumentando a visibilidade dos mesmos.<br />As aplicações de criação de visitas virtuais também devem ser usadas pelos alunos na apresentação de determinados tipos de conteúdos associados a um Percurso de Aprendizagem.<br />Neste workshop iremos utilizar duas ferramentas distintas para criar uma Exposição Virtual de forma relativamente simples: Emaze e Artsteps.</p><p><strong>Limite:</strong> 20 docentes</p>						</div>
				</div>
					</div>
				</div>
							</div>

<p>Sessão Prática &#8211; TIC@Portugal&#8217;23 &#8211; Setúbal Por Luís Varela Exposições virtuais são cada vez mais populares no contexto educativo, oferecendo diversas vantagens e possibilidades de aplicação. Quando utilizadas de forma criativa, as Exposições Virtuais podem ser um suporte bastante válido para ampliar os conhecimentos e as competências em sala de aula.Uma das principais vantagens das exposições virtuais é a facilidade de acesso. Enquanto as exposições físicas são limitadas pelo local onde são realizadas, as exposições virtuais podem ser visitadas a partir de qualquer lugar, desde que exista um acesso à internet. Isso permite que mais pessoas vejam os trabalhos dos…</p>
