{"id":1530,"date":"2023-06-19T19:27:29","date_gmt":"2023-06-19T19:27:29","guid":{"rendered":"https:\/\/wordpress.educom.pt\/TIC-Portugal-23\/?page_id=1530"},"modified":"2023-06-19T19:31:31","modified_gmt":"2023-06-19T19:31:31","slug":"sp2coimbra-class","status":"publish","type":"page","link":"https:\/\/wordpress.educom.pt\/TIC-Portugal-23\/sp2coimbra-class\/","title":{"rendered":"PowerPoint interativo com ClassPoint 2.0"},"content":{"rendered":"\t\t<div data-elementor-type=\"wp-page\" data-elementor-id=\"1530\" class=\"elementor elementor-1530\">\n\t\t\t\t\t\t\t<div class=\"elementor-element elementor-element-9f4961d e-con-boxed e-flex e-con\" data-id=\"9f4961d\" data-element_type=\"container\" data-settings=\"{&quot;content_width&quot;:&quot;boxed&quot;}\">\n\t\t\t\t\t<div class=\"e-con-inner\">\n\t\t\t\t<div class=\"elementor-element elementor-element-fdebc36 elementor-widget elementor-widget-heading\" data-id=\"fdebc36\" data-element_type=\"widget\" data-widget_type=\"heading.default\">\n\t\t\t\t<div class=\"elementor-widget-container\">\n\t\t\t<style>\/*! elementor - v3.13.1 - 09-05-2023 *\/\n.elementor-heading-title{padding:0;margin:0;line-height:1}.elementor-widget-heading .elementor-heading-title[class*=elementor-size-]>a{color:inherit;font-size:inherit;line-height:inherit}.elementor-widget-heading .elementor-heading-title.elementor-size-small{font-size:15px}.elementor-widget-heading .elementor-heading-title.elementor-size-medium{font-size:19px}.elementor-widget-heading .elementor-heading-title.elementor-size-large{font-size:29px}.elementor-widget-heading .elementor-heading-title.elementor-size-xl{font-size:39px}.elementor-widget-heading .elementor-heading-title.elementor-size-xxl{font-size:59px}<\/style><h6 class=\"elementor-heading-title elementor-size-default\">Sess\u00e3o Pr\u00e1tica - TIC@Portugal'23 - Coimbra - Escola Secund\u00e1ria de Avelar Brotero<\/h6>\t\t<\/div>\n\t\t\t\t<\/div>\n\t\t\t\t<div class=\"elementor-element elementor-element-d58c4f4 elementor-invisible elementor-widget elementor-widget-text-editor\" data-id=\"d58c4f4\" data-element_type=\"widget\" data-settings=\"{&quot;_animation&quot;:&quot;fadeInDown&quot;}\" data-widget_type=\"text-editor.default\">\n\t\t\t\t<div class=\"elementor-widget-container\">\n\t\t\t<style>\/*! elementor - v3.13.1 - 09-05-2023 *\/\n.elementor-widget-text-editor.elementor-drop-cap-view-stacked .elementor-drop-cap{background-color:#69727d;color:#fff}.elementor-widget-text-editor.elementor-drop-cap-view-framed .elementor-drop-cap{color:#69727d;border:3px solid;background-color:transparent}.elementor-widget-text-editor:not(.elementor-drop-cap-view-default) .elementor-drop-cap{margin-top:8px}.elementor-widget-text-editor:not(.elementor-drop-cap-view-default) .elementor-drop-cap-letter{width:1em;height:1em}.elementor-widget-text-editor .elementor-drop-cap{float:left;text-align:center;line-height:1;font-size:50px}.elementor-widget-text-editor .elementor-drop-cap-letter{display:inline-block}<\/style>\t\t\t\t<p>Por <strong>Filipe Galego<\/strong>, Agrupamento de Escolas Martinho \u00c1rias<\/p>\t\t\t\t\t\t<\/div>\n\t\t\t\t<\/div>\n\t\t\t\t<div class=\"elementor-element elementor-element-66218f0 elementor-invisible elementor-widget elementor-widget-text-editor\" data-id=\"66218f0\" data-element_type=\"widget\" data-settings=\"{&quot;_animation&quot;:&quot;fadeInUp&quot;}\" data-widget_type=\"text-editor.default\">\n\t\t\t\t<div class=\"elementor-widget-container\">\n\t\t\t\t\t\t\t<p>O <em>PowerPoint<\/em> ainda \u00e9 a ferramenta de elei\u00e7\u00e3o de muitos professores para apresenta\u00e7\u00e3o de conte\u00fados. O <em>ClassPoint<\/em> 2.0 \u00e9 um poderoso <em>addon<\/em>, totalmente integrado no <em>PowerPoint<\/em> e que o transforma numa ferramenta interativa. Este permite ao professor realizar v\u00e1rios tipos de quest\u00f5es e atividades interativas, tendo acesso, em tempo real, \u00e0s respostas dos alunos e possibilitando, de forma imediata, a an\u00e1lise e discuss\u00e3o das mesmas com os alunos, aumentando assim a motiva\u00e7\u00e3o e o envolvimento destes nas atividades das aulas. Inclui uma componente de Gamifica\u00e7\u00e3o que os professores podem implementar com as suas turmas.<br \/>O <em>ClassPoint 2.0<\/em> \u00e9 uma ferramenta potente, simples de usar e muito \u00fatil no ensino a dist\u00e2ncia, mas \u00e9 no ensino presencial que conseguimos tirar o m\u00e1ximo partido de todas as suas funcionalidades.<br \/>Os professores inscritos ter\u00e3o acesso a um certificado de presen\u00e7a oficial do <em>ClassPoint<\/em> e uma licen\u00e7a Pro gratuita durante 3 meses.<\/p><p><strong>Conte\u00fados da Sess\u00e3o pr\u00e1tica:<\/strong><br \/>\u2022 Apresenta\u00e7\u00e3o do <em>ClassPoint<\/em> 2.0;<br \/>\u2022 Demonstra\u00e7\u00e3o das principais funcionalidades do <em>ClassPoint<\/em>;<br \/>\u2022 Instala\u00e7\u00e3o e cria\u00e7\u00e3o de conta de utilizador;<br \/>\u2022 Cria\u00e7\u00e3o por parte dos inscritos de uma breve apresenta\u00e7\u00e3o, utilizando funcionalidades do <em>ClassPoint<\/em>;<br \/>\u2022 Partilha de apresenta\u00e7\u00f5es criadas pelos professores inscritos.<\/p><p><strong>N\u00famero m\u00e1ximo de participantes:<\/strong> 40<\/p><p><br \/><strong>Requisitos:<\/strong><br \/>\u2022 Operating system: Windows 11, Windows 10 version 1703 ou posterior<br \/>\u2022 Microsoft PowerPoint vers\u00e3o desktop 2013, 2016, 2019, 2021 ou Office 365<\/p>\t\t\t\t\t\t<\/div>\n\t\t\t\t<\/div>\n\t\t\t\t<div class=\"elementor-element elementor-element-13d4022 elementor-widget-divider--view-line elementor-widget elementor-widget-divider\" data-id=\"13d4022\" data-element_type=\"widget\" data-widget_type=\"divider.default\">\n\t\t\t\t<div class=\"elementor-widget-container\">\n\t\t\t<style>\/*! elementor - v3.13.1 - 09-05-2023 *\/\n.elementor-widget-divider{--divider-border-style:none;--divider-border-width:1px;--divider-color:#0c0d0e;--divider-icon-size:20px;--divider-element-spacing:10px;--divider-pattern-height:24px;--divider-pattern-size:20px;--divider-pattern-url:none;--divider-pattern-repeat:repeat-x}.elementor-widget-divider .elementor-divider{display:flex}.elementor-widget-divider .elementor-divider__text{font-size:15px;line-height:1;max-width:95%}.elementor-widget-divider .elementor-divider__element{margin:0 var(--divider-element-spacing);flex-shrink:0}.elementor-widget-divider .elementor-icon{font-size:var(--divider-icon-size)}.elementor-widget-divider .elementor-divider-separator{display:flex;margin:0;direction:ltr}.elementor-widget-divider--view-line_icon .elementor-divider-separator,.elementor-widget-divider--view-line_text .elementor-divider-separator{align-items:center}.elementor-widget-divider--view-line_icon .elementor-divider-separator:after,.elementor-widget-divider--view-line_icon .elementor-divider-separator:before,.elementor-widget-divider--view-line_text .elementor-divider-separator:after,.elementor-widget-divider--view-line_text .elementor-divider-separator:before{display:block;content:\"\";border-bottom:0;flex-grow:1;border-top:var(--divider-border-width) var(--divider-border-style) var(--divider-color)}.elementor-widget-divider--element-align-left .elementor-divider .elementor-divider-separator>.elementor-divider__svg:first-of-type{flex-grow:0;flex-shrink:100}.elementor-widget-divider--element-align-left .elementor-divider-separator:before{content:none}.elementor-widget-divider--element-align-left .elementor-divider__element{margin-left:0}.elementor-widget-divider--element-align-right .elementor-divider .elementor-divider-separator>.elementor-divider__svg:last-of-type{flex-grow:0;flex-shrink:100}.elementor-widget-divider--element-align-right .elementor-divider-separator:after{content:none}.elementor-widget-divider--element-align-right .elementor-divider__element{margin-right:0}.elementor-widget-divider:not(.elementor-widget-divider--view-line_text):not(.elementor-widget-divider--view-line_icon) .elementor-divider-separator{border-top:var(--divider-border-width) var(--divider-border-style) var(--divider-color)}.elementor-widget-divider--separator-type-pattern{--divider-border-style:none}.elementor-widget-divider--separator-type-pattern.elementor-widget-divider--view-line .elementor-divider-separator,.elementor-widget-divider--separator-type-pattern:not(.elementor-widget-divider--view-line) .elementor-divider-separator:after,.elementor-widget-divider--separator-type-pattern:not(.elementor-widget-divider--view-line) .elementor-divider-separator:before,.elementor-widget-divider--separator-type-pattern:not([class*=elementor-widget-divider--view]) .elementor-divider-separator{width:100%;min-height:var(--divider-pattern-height);-webkit-mask-size:var(--divider-pattern-size) 100%;mask-size:var(--divider-pattern-size) 100%;-webkit-mask-repeat:var(--divider-pattern-repeat);mask-repeat:var(--divider-pattern-repeat);background-color:var(--divider-color);-webkit-mask-image:var(--divider-pattern-url);mask-image:var(--divider-pattern-url)}.elementor-widget-divider--no-spacing{--divider-pattern-size:auto}.elementor-widget-divider--bg-round{--divider-pattern-repeat:round}.rtl .elementor-widget-divider .elementor-divider__text{direction:rtl}.e-con-inner>.elementor-widget-divider,.e-con>.elementor-widget-divider{width:var(--container-widget-width,100%);--flex-grow:var(--container-widget-flex-grow)}<\/style>\t\t<div class=\"elementor-divider\">\n\t\t\t<span class=\"elementor-divider-separator\">\n\t\t\t\t\t\t<\/span>\n\t\t<\/div>\n\t\t\t\t<\/div>\n\t\t\t\t<\/div>\n\t\t\t\t<div class=\"elementor-element elementor-element-f8af89e elementor-invisible elementor-widget elementor-widget-text-editor\" data-id=\"f8af89e\" data-element_type=\"widget\" data-settings=\"{&quot;_animation&quot;:&quot;fadeInUp&quot;}\" data-widget_type=\"text-editor.default\">\n\t\t\t\t<div class=\"elementor-widget-container\">\n\t\t\t\t\t\t\t<p><strong>Filipe Galego<\/strong> \u00e9 licenciado em Matem\u00e1tica \u2013 Ramo Educacional, pela Faculdade de Ci\u00eancias e Tecnologia da Universidade de Coimbra. Professor do Grupo 500 com mais de 20 anos de experi\u00eancia, no Agrupamento de Escolas Martinho \u00c1rias. Exerceu ao longo dos anos, v\u00e1rios cargos de coordena\u00e7\u00e3o nas escolas, tendo tamb\u00e9m lecionado TIC. Formador de professores certificado pelo CCPFC. Formador Certificado ClassPoint e Embaixador ClassPoint em Portugal. Foi formador do Projeto Gen10s &#8211; Programa\u00e7\u00e3o em Scratch no 2.\u00ba Ciclo. Formador de Capacita\u00e7\u00e3o Digital de Docentes. Autor de auxiliares e manuais de Matem\u00e1tica, pela Areal Editores. \u00c9 um entusiasta da tecnologia e durante a pandemia criou um canal de YouTube para apoio de professores e alunos.<\/p>\t\t\t\t\t\t<\/div>\n\t\t\t\t<\/div>\n\t\t\t\t\t<\/div>\n\t\t\t\t<\/div>\n\t\t\t\t\t\t\t<\/div>\n\t\t","protected":false},"excerpt":{"rendered":"<p>Sess\u00e3o Pr\u00e1tica &#8211; TIC@Portugal&#8217;23 &#8211; Coimbra &#8211; Escola Secund\u00e1ria de Avelar Brotero Por Filipe Galego, Agrupamento de Escolas Martinho \u00c1rias O PowerPoint ainda \u00e9 a ferramenta de elei\u00e7\u00e3o de muitos professores para apresenta\u00e7\u00e3o de conte\u00fados. O ClassPoint 2.0 \u00e9 um poderoso addon, totalmente integrado no PowerPoint e que o transforma numa ferramenta interativa. Este permite ao professor realizar v\u00e1rios tipos de quest\u00f5es e atividades interativas, tendo acesso, em tempo real, \u00e0s respostas dos alunos e possibilitando, de forma imediata, a an\u00e1lise e discuss\u00e3o das mesmas com os alunos, aumentando assim a motiva\u00e7\u00e3o e o envolvimento destes nas atividades das aulas.\u2026<\/p>\n","protected":false},"author":2,"featured_media":0,"parent":0,"menu_order":0,"comment_status":"closed","ping_status":"closed","template":"","meta":{"footnotes":""},"class_list":["post-1530","page","type-page","status-publish","hentry"],"blocksy_meta":"","_links":{"self":[{"href":"https:\/\/wordpress.educom.pt\/TIC-Portugal-23\/wp-json\/wp\/v2\/pages\/1530","targetHints":{"allow":["GET"]}}],"collection":[{"href":"https:\/\/wordpress.educom.pt\/TIC-Portugal-23\/wp-json\/wp\/v2\/pages"}],"about":[{"href":"https:\/\/wordpress.educom.pt\/TIC-Portugal-23\/wp-json\/wp\/v2\/types\/page"}],"author":[{"embeddable":true,"href":"https:\/\/wordpress.educom.pt\/TIC-Portugal-23\/wp-json\/wp\/v2\/users\/2"}],"replies":[{"embeddable":true,"href":"https:\/\/wordpress.educom.pt\/TIC-Portugal-23\/wp-json\/wp\/v2\/comments?post=1530"}],"version-history":[{"count":4,"href":"https:\/\/wordpress.educom.pt\/TIC-Portugal-23\/wp-json\/wp\/v2\/pages\/1530\/revisions"}],"predecessor-version":[{"id":1534,"href":"https:\/\/wordpress.educom.pt\/TIC-Portugal-23\/wp-json\/wp\/v2\/pages\/1530\/revisions\/1534"}],"wp:attachment":[{"href":"https:\/\/wordpress.educom.pt\/TIC-Portugal-23\/wp-json\/wp\/v2\/media?parent=1530"}],"curies":[{"name":"wp","href":"https:\/\/api.w.org\/{rel}","templated":true}]}}

<div data-elementor-type="wp-page" data-elementor-id="1530" class="elementor elementor-1530">
							<div class="elementor-element elementor-element-9f4961d e-con-boxed e-flex e-con" data-id="9f4961d" data-element_type="container" data-settings="{&quot;content_width&quot;:&quot;boxed&quot;}">
					<div class="e-con-inner">
				<div class="elementor-element elementor-element-fdebc36 elementor-widget elementor-widget-heading" data-id="fdebc36" data-element_type="widget" data-widget_type="heading.default">
				<div class="elementor-widget-container">
			<style>/*! elementor - v3.13.1 - 09-05-2023 */
.elementor-heading-title{padding:0;margin:0;line-height:1}.elementor-widget-heading .elementor-heading-title[class*=elementor-size-]>a{color:inherit;font-size:inherit;line-height:inherit}.elementor-widget-heading .elementor-heading-title.elementor-size-small{font-size:15px}.elementor-widget-heading .elementor-heading-title.elementor-size-medium{font-size:19px}.elementor-widget-heading .elementor-heading-title.elementor-size-large{font-size:29px}.elementor-widget-heading .elementor-heading-title.elementor-size-xl{font-size:39px}.elementor-widget-heading .elementor-heading-title.elementor-size-xxl{font-size:59px}</style><h6 class="elementor-heading-title elementor-size-default">Sessão Prática - TIC@Portugal'23 - Coimbra - Escola Secundária de Avelar Brotero</h6>		</div>
				</div>
				<div class="elementor-element elementor-element-d58c4f4 elementor-invisible elementor-widget elementor-widget-text-editor" data-id="d58c4f4" data-element_type="widget" data-settings="{&quot;_animation&quot;:&quot;fadeInDown&quot;}" data-widget_type="text-editor.default">
				<div class="elementor-widget-container">
			<style>/*! elementor - v3.13.1 - 09-05-2023 */
.elementor-widget-text-editor.elementor-drop-cap-view-stacked .elementor-drop-cap{background-color:#69727d;color:#fff}.elementor-widget-text-editor.elementor-drop-cap-view-framed .elementor-drop-cap{color:#69727d;border:3px solid;background-color:transparent}.elementor-widget-text-editor:not(.elementor-drop-cap-view-default) .elementor-drop-cap{margin-top:8px}.elementor-widget-text-editor:not(.elementor-drop-cap-view-default) .elementor-drop-cap-letter{width:1em;height:1em}.elementor-widget-text-editor .elementor-drop-cap{float:left;text-align:center;line-height:1;font-size:50px}.elementor-widget-text-editor .elementor-drop-cap-letter{display:inline-block}</style>				<p>Por <strong>Filipe Galego</strong>, Agrupamento de Escolas Martinho Árias</p>						</div>
				</div>
				<div class="elementor-element elementor-element-66218f0 elementor-invisible elementor-widget elementor-widget-text-editor" data-id="66218f0" data-element_type="widget" data-settings="{&quot;_animation&quot;:&quot;fadeInUp&quot;}" data-widget_type="text-editor.default">
				<div class="elementor-widget-container">
							<p>O <em>PowerPoint</em> ainda é a ferramenta de eleição de muitos professores para apresentação de conteúdos. O <em>ClassPoint</em> 2.0 é um poderoso <em>addon</em>, totalmente integrado no <em>PowerPoint</em> e que o transforma numa ferramenta interativa. Este permite ao professor realizar vários tipos de questões e atividades interativas, tendo acesso, em tempo real, às respostas dos alunos e possibilitando, de forma imediata, a análise e discussão das mesmas com os alunos, aumentando assim a motivação e o envolvimento destes nas atividades das aulas. Inclui uma componente de Gamificação que os professores podem implementar com as suas turmas.<br />O <em>ClassPoint 2.0</em> é uma ferramenta potente, simples de usar e muito útil no ensino a distância, mas é no ensino presencial que conseguimos tirar o máximo partido de todas as suas funcionalidades.<br />Os professores inscritos terão acesso a um certificado de presença oficial do <em>ClassPoint</em> e uma licença Pro gratuita durante 3 meses.</p><p><strong>Conteúdos da Sessão prática:</strong><br />• Apresentação do <em>ClassPoint</em> 2.0;<br />• Demonstração das principais funcionalidades do <em>ClassPoint</em>;<br />• Instalação e criação de conta de utilizador;<br />• Criação por parte dos inscritos de uma breve apresentação, utilizando funcionalidades do <em>ClassPoint</em>;<br />• Partilha de apresentações criadas pelos professores inscritos.</p><p><strong>Número máximo de participantes:</strong> 40</p><p><br /><strong>Requisitos:</strong><br />• Operating system: Windows 11, Windows 10 version 1703 ou posterior<br />• Microsoft PowerPoint versão desktop 2013, 2016, 2019, 2021 ou Office 365</p>						</div>
				</div>
				<div class="elementor-element elementor-element-13d4022 elementor-widget-divider--view-line elementor-widget elementor-widget-divider" data-id="13d4022" data-element_type="widget" data-widget_type="divider.default">
				<div class="elementor-widget-container">
			<style>/*! elementor - v3.13.1 - 09-05-2023 */
.elementor-widget-divider{--divider-border-style:none;--divider-border-width:1px;--divider-color:#0c0d0e;--divider-icon-size:20px;--divider-element-spacing:10px;--divider-pattern-height:24px;--divider-pattern-size:20px;--divider-pattern-url:none;--divider-pattern-repeat:repeat-x}.elementor-widget-divider .elementor-divider{display:flex}.elementor-widget-divider .elementor-divider__text{font-size:15px;line-height:1;max-width:95%}.elementor-widget-divider .elementor-divider__element{margin:0 var(--divider-element-spacing);flex-shrink:0}.elementor-widget-divider .elementor-icon{font-size:var(--divider-icon-size)}.elementor-widget-divider .elementor-divider-separator{display:flex;margin:0;direction:ltr}.elementor-widget-divider--view-line_icon .elementor-divider-separator,.elementor-widget-divider--view-line_text .elementor-divider-separator{align-items:center}.elementor-widget-divider--view-line_icon .elementor-divider-separator:after,.elementor-widget-divider--view-line_icon .elementor-divider-separator:before,.elementor-widget-divider--view-line_text .elementor-divider-separator:after,.elementor-widget-divider--view-line_text .elementor-divider-separator:before{display:block;content:"";border-bottom:0;flex-grow:1;border-top:var(--divider-border-width) var(--divider-border-style) var(--divider-color)}.elementor-widget-divider--element-align-left .elementor-divider .elementor-divider-separator>.elementor-divider__svg:first-of-type{flex-grow:0;flex-shrink:100}.elementor-widget-divider--element-align-left .elementor-divider-separator:before{content:none}.elementor-widget-divider--element-align-left .elementor-divider__element{margin-left:0}.elementor-widget-divider--element-align-right .elementor-divider .elementor-divider-separator>.elementor-divider__svg:last-of-type{flex-grow:0;flex-shrink:100}.elementor-widget-divider--element-align-right .elementor-divider-separator:after{content:none}.elementor-widget-divider--element-align-right .elementor-divider__element{margin-right:0}.elementor-widget-divider:not(.elementor-widget-divider--view-line_text):not(.elementor-widget-divider--view-line_icon) .elementor-divider-separator{border-top:var(--divider-border-width) var(--divider-border-style) var(--divider-color)}.elementor-widget-divider--separator-type-pattern{--divider-border-style:none}.elementor-widget-divider--separator-type-pattern.elementor-widget-divider--view-line .elementor-divider-separator,.elementor-widget-divider--separator-type-pattern:not(.elementor-widget-divider--view-line) .elementor-divider-separator:after,.elementor-widget-divider--separator-type-pattern:not(.elementor-widget-divider--view-line) .elementor-divider-separator:before,.elementor-widget-divider--separator-type-pattern:not([class*=elementor-widget-divider--view]) .elementor-divider-separator{width:100%;min-height:var(--divider-pattern-height);-webkit-mask-size:var(--divider-pattern-size) 100%;mask-size:var(--divider-pattern-size) 100%;-webkit-mask-repeat:var(--divider-pattern-repeat);mask-repeat:var(--divider-pattern-repeat);background-color:var(--divider-color);-webkit-mask-image:var(--divider-pattern-url);mask-image:var(--divider-pattern-url)}.elementor-widget-divider--no-spacing{--divider-pattern-size:auto}.elementor-widget-divider--bg-round{--divider-pattern-repeat:round}.rtl .elementor-widget-divider .elementor-divider__text{direction:rtl}.e-con-inner>.elementor-widget-divider,.e-con>.elementor-widget-divider{width:var(--container-widget-width,100%);--flex-grow:var(--container-widget-flex-grow)}</style>		<div class="elementor-divider">
			<span class="elementor-divider-separator">
						</span>
		</div>
				</div>
				</div>
				<div class="elementor-element elementor-element-f8af89e elementor-invisible elementor-widget elementor-widget-text-editor" data-id="f8af89e" data-element_type="widget" data-settings="{&quot;_animation&quot;:&quot;fadeInUp&quot;}" data-widget_type="text-editor.default">
				<div class="elementor-widget-container">
							<p><strong>Filipe Galego</strong> é licenciado em Matemática – Ramo Educacional, pela Faculdade de Ciências e Tecnologia da Universidade de Coimbra. Professor do Grupo 500 com mais de 20 anos de experiência, no Agrupamento de Escolas Martinho Árias. Exerceu ao longo dos anos, vários cargos de coordenação nas escolas, tendo também lecionado TIC. Formador de professores certificado pelo CCPFC. Formador Certificado ClassPoint e Embaixador ClassPoint em Portugal. Foi formador do Projeto Gen10s &#8211; Programação em Scratch no 2.º Ciclo. Formador de Capacitação Digital de Docentes. Autor de auxiliares e manuais de Matemática, pela Areal Editores. É um entusiasta da tecnologia e durante a pandemia criou um canal de YouTube para apoio de professores e alunos.</p>						</div>
				</div>
					</div>
				</div>
							</div>

<p>Sessão Prática &#8211; TIC@Portugal&#8217;23 &#8211; Coimbra &#8211; Escola Secundária de Avelar Brotero Por Filipe Galego, Agrupamento de Escolas Martinho Árias O PowerPoint ainda é a ferramenta de eleição de muitos professores para apresentação de conteúdos. O ClassPoint 2.0 é um poderoso addon, totalmente integrado no PowerPoint e que o transforma numa ferramenta interativa. Este permite ao professor realizar vários tipos de questões e atividades interativas, tendo acesso, em tempo real, às respostas dos alunos e possibilitando, de forma imediata, a análise e discussão das mesmas com os alunos, aumentando assim a motivação e o envolvimento destes nas atividades das aulas.…</p>
