{"id":1550,"date":"2023-06-19T20:44:31","date_gmt":"2023-06-19T20:44:31","guid":{"rendered":"https:\/\/wordpress.educom.pt\/TIC-Portugal-23\/?page_id=1550"},"modified":"2023-06-19T20:48:18","modified_gmt":"2023-06-19T20:48:18","slug":"sp4coimbra-ra-e-rv","status":"publish","type":"page","link":"https:\/\/wordpress.educom.pt\/TIC-Portugal-23\/sp4coimbra-ra-e-rv\/","title":{"rendered":"Realidade Aumentada e Realidade Virtual: A Nova Fronteira do Ensino Interativo em Sala de Aula"},"content":{"rendered":"\t\t<div data-elementor-type=\"wp-page\" data-elementor-id=\"1550\" class=\"elementor elementor-1550\">\n\t\t\t\t\t\t\t<div class=\"elementor-element elementor-element-9f4961d e-con-boxed e-flex e-con\" data-id=\"9f4961d\" data-element_type=\"container\" data-settings=\"{&quot;content_width&quot;:&quot;boxed&quot;}\">\n\t\t\t\t\t<div class=\"e-con-inner\">\n\t\t\t\t<div class=\"elementor-element elementor-element-fdebc36 elementor-widget elementor-widget-heading\" data-id=\"fdebc36\" data-element_type=\"widget\" data-widget_type=\"heading.default\">\n\t\t\t\t<div class=\"elementor-widget-container\">\n\t\t\t<style>\/*! elementor - v3.13.1 - 09-05-2023 *\/\n.elementor-heading-title{padding:0;margin:0;line-height:1}.elementor-widget-heading .elementor-heading-title[class*=elementor-size-]>a{color:inherit;font-size:inherit;line-height:inherit}.elementor-widget-heading .elementor-heading-title.elementor-size-small{font-size:15px}.elementor-widget-heading .elementor-heading-title.elementor-size-medium{font-size:19px}.elementor-widget-heading .elementor-heading-title.elementor-size-large{font-size:29px}.elementor-widget-heading .elementor-heading-title.elementor-size-xl{font-size:39px}.elementor-widget-heading .elementor-heading-title.elementor-size-xxl{font-size:59px}<\/style><h6 class=\"elementor-heading-title elementor-size-default\">Sess\u00e3o Pr\u00e1tica - TIC@Portugal'23 - Coimbra - Escola Secund\u00e1ria de Avelar Brotero<\/h6>\t\t<\/div>\n\t\t\t\t<\/div>\n\t\t\t\t<div class=\"elementor-element elementor-element-d58c4f4 elementor-invisible elementor-widget elementor-widget-text-editor\" data-id=\"d58c4f4\" data-element_type=\"widget\" data-settings=\"{&quot;_animation&quot;:&quot;fadeInDown&quot;}\" data-widget_type=\"text-editor.default\">\n\t\t\t\t<div class=\"elementor-widget-container\">\n\t\t\t<style>\/*! elementor - v3.13.1 - 09-05-2023 *\/\n.elementor-widget-text-editor.elementor-drop-cap-view-stacked .elementor-drop-cap{background-color:#69727d;color:#fff}.elementor-widget-text-editor.elementor-drop-cap-view-framed .elementor-drop-cap{color:#69727d;border:3px solid;background-color:transparent}.elementor-widget-text-editor:not(.elementor-drop-cap-view-default) .elementor-drop-cap{margin-top:8px}.elementor-widget-text-editor:not(.elementor-drop-cap-view-default) .elementor-drop-cap-letter{width:1em;height:1em}.elementor-widget-text-editor .elementor-drop-cap{float:left;text-align:center;line-height:1;font-size:50px}.elementor-widget-text-editor .elementor-drop-cap-letter{display:inline-block}<\/style>\t\t\t\t<p>Por <b>Celestino Magalh\u00e3es<\/b>\u00a0\u2013 Instituto Piaget e <strong>Marco Bento<\/strong> \u2013 Escola Superior de Educa\u00e7\u00e3o de Coimbra<\/p>\t\t\t\t\t\t<\/div>\n\t\t\t\t<\/div>\n\t\t\t\t<div class=\"elementor-element elementor-element-66218f0 elementor-invisible elementor-widget elementor-widget-text-editor\" data-id=\"66218f0\" data-element_type=\"widget\" data-settings=\"{&quot;_animation&quot;:&quot;fadeInUp&quot;}\" data-widget_type=\"text-editor.default\">\n\t\t\t\t<div class=\"elementor-widget-container\">\n\t\t\t\t\t\t\t<p>Neste workshop, os participantes ter\u00e3o a oportunidade de explorar o potencial da Realidade Aumentada (RA) e da Realidade Virtual (RV) em contexto educativo. Ser\u00e3o apresentados conceitos, exemplos e aplica\u00e7\u00f5es pr\u00e1ticas destas tecnologias inovadoras, bem como discuss\u00f5es sobre os desafios e oportunidades que elas apresentam para a educa\u00e7\u00e3o. Os participantes ter\u00e3o a oportunidade de experimentar aplica\u00e7\u00f5es de RA e RV em sala de aula e desenvolver as suas pr\u00f3prias ideias de implementa\u00e7\u00e3o em contexto educativo.<\/p>\t\t\t\t\t\t<\/div>\n\t\t\t\t<\/div>\n\t\t\t\t<div class=\"elementor-element elementor-element-13d4022 elementor-widget-divider--view-line elementor-widget elementor-widget-divider\" data-id=\"13d4022\" data-element_type=\"widget\" data-widget_type=\"divider.default\">\n\t\t\t\t<div class=\"elementor-widget-container\">\n\t\t\t<style>\/*! elementor - v3.13.1 - 09-05-2023 *\/\n.elementor-widget-divider{--divider-border-style:none;--divider-border-width:1px;--divider-color:#0c0d0e;--divider-icon-size:20px;--divider-element-spacing:10px;--divider-pattern-height:24px;--divider-pattern-size:20px;--divider-pattern-url:none;--divider-pattern-repeat:repeat-x}.elementor-widget-divider .elementor-divider{display:flex}.elementor-widget-divider .elementor-divider__text{font-size:15px;line-height:1;max-width:95%}.elementor-widget-divider .elementor-divider__element{margin:0 var(--divider-element-spacing);flex-shrink:0}.elementor-widget-divider .elementor-icon{font-size:var(--divider-icon-size)}.elementor-widget-divider .elementor-divider-separator{display:flex;margin:0;direction:ltr}.elementor-widget-divider--view-line_icon .elementor-divider-separator,.elementor-widget-divider--view-line_text .elementor-divider-separator{align-items:center}.elementor-widget-divider--view-line_icon .elementor-divider-separator:after,.elementor-widget-divider--view-line_icon .elementor-divider-separator:before,.elementor-widget-divider--view-line_text .elementor-divider-separator:after,.elementor-widget-divider--view-line_text .elementor-divider-separator:before{display:block;content:\"\";border-bottom:0;flex-grow:1;border-top:var(--divider-border-width) var(--divider-border-style) var(--divider-color)}.elementor-widget-divider--element-align-left .elementor-divider .elementor-divider-separator>.elementor-divider__svg:first-of-type{flex-grow:0;flex-shrink:100}.elementor-widget-divider--element-align-left .elementor-divider-separator:before{content:none}.elementor-widget-divider--element-align-left .elementor-divider__element{margin-left:0}.elementor-widget-divider--element-align-right .elementor-divider .elementor-divider-separator>.elementor-divider__svg:last-of-type{flex-grow:0;flex-shrink:100}.elementor-widget-divider--element-align-right .elementor-divider-separator:after{content:none}.elementor-widget-divider--element-align-right .elementor-divider__element{margin-right:0}.elementor-widget-divider:not(.elementor-widget-divider--view-line_text):not(.elementor-widget-divider--view-line_icon) .elementor-divider-separator{border-top:var(--divider-border-width) var(--divider-border-style) var(--divider-color)}.elementor-widget-divider--separator-type-pattern{--divider-border-style:none}.elementor-widget-divider--separator-type-pattern.elementor-widget-divider--view-line .elementor-divider-separator,.elementor-widget-divider--separator-type-pattern:not(.elementor-widget-divider--view-line) .elementor-divider-separator:after,.elementor-widget-divider--separator-type-pattern:not(.elementor-widget-divider--view-line) .elementor-divider-separator:before,.elementor-widget-divider--separator-type-pattern:not([class*=elementor-widget-divider--view]) .elementor-divider-separator{width:100%;min-height:var(--divider-pattern-height);-webkit-mask-size:var(--divider-pattern-size) 100%;mask-size:var(--divider-pattern-size) 100%;-webkit-mask-repeat:var(--divider-pattern-repeat);mask-repeat:var(--divider-pattern-repeat);background-color:var(--divider-color);-webkit-mask-image:var(--divider-pattern-url);mask-image:var(--divider-pattern-url)}.elementor-widget-divider--no-spacing{--divider-pattern-size:auto}.elementor-widget-divider--bg-round{--divider-pattern-repeat:round}.rtl .elementor-widget-divider .elementor-divider__text{direction:rtl}.e-con-inner>.elementor-widget-divider,.e-con>.elementor-widget-divider{width:var(--container-widget-width,100%);--flex-grow:var(--container-widget-flex-grow)}<\/style>\t\t<div class=\"elementor-divider\">\n\t\t\t<span class=\"elementor-divider-separator\">\n\t\t\t\t\t\t<\/span>\n\t\t<\/div>\n\t\t\t\t<\/div>\n\t\t\t\t<\/div>\n\t\t\t\t<div class=\"elementor-element elementor-element-f8af89e elementor-invisible elementor-widget elementor-widget-text-editor\" data-id=\"f8af89e\" data-element_type=\"widget\" data-settings=\"{&quot;_animation&quot;:&quot;fadeInUp&quot;}\" data-widget_type=\"text-editor.default\">\n\t\t\t\t<div class=\"elementor-widget-container\">\n\t\t\t\t\t\t\t<p><strong>Celestino Magalh\u00e3es<\/strong>, mestre em Sistemas de Informa\u00e7\u00e3o e mestre em Tecnologias da Informa\u00e7\u00e3o e da Comunica\u00e7\u00e3o (especializa\u00e7\u00e3o em Multim\u00e9dia), investigador em Tecnologia Educativa no CIEd (Centro de Investiga\u00e7\u00e3o em Educa\u00e7\u00e3o) na Universidade do Minho e investigador da RECI (Research in Education and Community Intervention) no Instituto Piaget. Encontra-se na fase de conclus\u00e3o do doutoramento em Ci\u00eancias da Educa\u00e7\u00e3o, na especializa\u00e7\u00e3o de Tecnologia Educativa, no Instituto de Educa\u00e7\u00e3o da Universidade do Minho. Os interesses de investiga\u00e7\u00e3o s\u00e3o o uso criativo de v\u00eddeo em educa\u00e7\u00e3o e como a edi\u00e7\u00e3o de v\u00eddeo usando smartphones e tablets pode ser uma estrat\u00e9gia pedag\u00f3gica na compreens\u00e3o de conceitos complexos nas \u00e1reas STEAM. Coordenador da P\u00f3s-Gradua\u00e7\u00e3o em Tecnologias de Informa\u00e7\u00e3o e Comunica\u00e7\u00e3o: Ecossistemas H\u00edbridos de Aprendizagem no Instituto Piaget de Vila Nova de Gaia e docente convidado no Instituto Piaget. Professor de matem\u00e1tica no Col\u00e9gio Alfacoop. Co Leader do Google Educator Group &#8211; GEG SUPERTABi Portugal. Co autor do livro \u201cVamos Marcar um Golo na Matem\u00e1tica?\u201d.<\/p>\t\t\t\t\t\t<\/div>\n\t\t\t\t<\/div>\n\t\t\t\t<div class=\"elementor-element elementor-element-02d4c1d elementor-invisible elementor-widget elementor-widget-text-editor\" data-id=\"02d4c1d\" data-element_type=\"widget\" data-settings=\"{&quot;_animation&quot;:&quot;fadeInUp&quot;}\" data-widget_type=\"text-editor.default\">\n\t\t\t\t<div class=\"elementor-widget-container\">\n\t\t\t\t\t\t\t<p>Marco Bento &#8211; Professor na Escola Superior de Educa\u00e7\u00e3o de Coimbra. Instituto Polit\u00e9cnico de Coimbra<br \/>Investigador Integrado no N\u00facleo de Investiga\u00e7\u00e3o, Educa\u00e7\u00e3o, Forma\u00e7\u00e3o e Interven\u00e7\u00e3o (NIEFI &#8211; ESEC),Escola Superior de Educa\u00e7\u00e3o de Coimbra<br \/>Investigador Colaborador no Grupo de Pesquisa e Forma\u00e7\u00e3o de Professores e Tecnologias Educacionais da Funda\u00e7\u00e3o de Apoio \u00e0 Escola T\u00e9cnica do Estado do Rio de Janeiro \u2013 FAETEC, Instituto Superior de Educa\u00e7\u00e3o do Rio de Janeiro.<br \/>L\u00edder do N\u00facleo de Investiga\u00e7\u00e3o e Pesquisa de Tecnologia Educativa Luso-Brasileiro &#8211; NIPTecEDU <br \/>Investigador em Tecnologia Educativa, Centro de Investiga\u00e7\u00e3o em Educa\u00e7\u00e3o (CIEd), Universidade do Minho<br \/>Consultor Pedag\u00f3gico em Educa\u00e7\u00e3o<br \/>Coordenador do Projeto SUPERTABi Maia<\/p>\t\t\t\t\t\t<\/div>\n\t\t\t\t<\/div>\n\t\t\t\t\t<\/div>\n\t\t\t\t<\/div>\n\t\t\t\t\t\t\t<\/div>\n\t\t","protected":false},"excerpt":{"rendered":"<p>Sess\u00e3o Pr\u00e1tica &#8211; TIC@Portugal&#8217;23 &#8211; Coimbra &#8211; Escola Secund\u00e1ria de Avelar Brotero Por Celestino Magalh\u00e3es\u00a0\u2013 Instituto Piaget e Marco Bento \u2013 Escola Superior de Educa\u00e7\u00e3o de Coimbra Neste workshop, os participantes ter\u00e3o a oportunidade de explorar o potencial da Realidade Aumentada (RA) e da Realidade Virtual (RV) em contexto educativo. Ser\u00e3o apresentados conceitos, exemplos e aplica\u00e7\u00f5es pr\u00e1ticas destas tecnologias inovadoras, bem como discuss\u00f5es sobre os desafios e oportunidades que elas apresentam para a educa\u00e7\u00e3o. Os participantes ter\u00e3o a oportunidade de experimentar aplica\u00e7\u00f5es de RA e RV em sala de aula e desenvolver as suas pr\u00f3prias ideias de implementa\u00e7\u00e3o em contexto\u2026<\/p>\n","protected":false},"author":2,"featured_media":0,"parent":0,"menu_order":0,"comment_status":"closed","ping_status":"closed","template":"","meta":{"footnotes":""},"class_list":["post-1550","page","type-page","status-publish","hentry"],"blocksy_meta":"","_links":{"self":[{"href":"https:\/\/wordpress.educom.pt\/TIC-Portugal-23\/wp-json\/wp\/v2\/pages\/1550","targetHints":{"allow":["GET"]}}],"collection":[{"href":"https:\/\/wordpress.educom.pt\/TIC-Portugal-23\/wp-json\/wp\/v2\/pages"}],"about":[{"href":"https:\/\/wordpress.educom.pt\/TIC-Portugal-23\/wp-json\/wp\/v2\/types\/page"}],"author":[{"embeddable":true,"href":"https:\/\/wordpress.educom.pt\/TIC-Portugal-23\/wp-json\/wp\/v2\/users\/2"}],"replies":[{"embeddable":true,"href":"https:\/\/wordpress.educom.pt\/TIC-Portugal-23\/wp-json\/wp\/v2\/comments?post=1550"}],"version-history":[{"count":4,"href":"https:\/\/wordpress.educom.pt\/TIC-Portugal-23\/wp-json\/wp\/v2\/pages\/1550\/revisions"}],"predecessor-version":[{"id":1555,"href":"https:\/\/wordpress.educom.pt\/TIC-Portugal-23\/wp-json\/wp\/v2\/pages\/1550\/revisions\/1555"}],"wp:attachment":[{"href":"https:\/\/wordpress.educom.pt\/TIC-Portugal-23\/wp-json\/wp\/v2\/media?parent=1550"}],"curies":[{"name":"wp","href":"https:\/\/api.w.org\/{rel}","templated":true}]}}

<div data-elementor-type="wp-page" data-elementor-id="1550" class="elementor elementor-1550">
							<div class="elementor-element elementor-element-9f4961d e-con-boxed e-flex e-con" data-id="9f4961d" data-element_type="container" data-settings="{&quot;content_width&quot;:&quot;boxed&quot;}">
					<div class="e-con-inner">
				<div class="elementor-element elementor-element-fdebc36 elementor-widget elementor-widget-heading" data-id="fdebc36" data-element_type="widget" data-widget_type="heading.default">
				<div class="elementor-widget-container">
			<style>/*! elementor - v3.13.1 - 09-05-2023 */
.elementor-heading-title{padding:0;margin:0;line-height:1}.elementor-widget-heading .elementor-heading-title[class*=elementor-size-]>a{color:inherit;font-size:inherit;line-height:inherit}.elementor-widget-heading .elementor-heading-title.elementor-size-small{font-size:15px}.elementor-widget-heading .elementor-heading-title.elementor-size-medium{font-size:19px}.elementor-widget-heading .elementor-heading-title.elementor-size-large{font-size:29px}.elementor-widget-heading .elementor-heading-title.elementor-size-xl{font-size:39px}.elementor-widget-heading .elementor-heading-title.elementor-size-xxl{font-size:59px}</style><h6 class="elementor-heading-title elementor-size-default">Sessão Prática - TIC@Portugal'23 - Coimbra - Escola Secundária de Avelar Brotero</h6>		</div>
				</div>
				<div class="elementor-element elementor-element-d58c4f4 elementor-invisible elementor-widget elementor-widget-text-editor" data-id="d58c4f4" data-element_type="widget" data-settings="{&quot;_animation&quot;:&quot;fadeInDown&quot;}" data-widget_type="text-editor.default">
				<div class="elementor-widget-container">
			<style>/*! elementor - v3.13.1 - 09-05-2023 */
.elementor-widget-text-editor.elementor-drop-cap-view-stacked .elementor-drop-cap{background-color:#69727d;color:#fff}.elementor-widget-text-editor.elementor-drop-cap-view-framed .elementor-drop-cap{color:#69727d;border:3px solid;background-color:transparent}.elementor-widget-text-editor:not(.elementor-drop-cap-view-default) .elementor-drop-cap{margin-top:8px}.elementor-widget-text-editor:not(.elementor-drop-cap-view-default) .elementor-drop-cap-letter{width:1em;height:1em}.elementor-widget-text-editor .elementor-drop-cap{float:left;text-align:center;line-height:1;font-size:50px}.elementor-widget-text-editor .elementor-drop-cap-letter{display:inline-block}</style>				<p>Por <b>Celestino Magalhães</b> – Instituto Piaget e <strong>Marco Bento</strong> – Escola Superior de Educação de Coimbra</p>						</div>
				</div>
				<div class="elementor-element elementor-element-66218f0 elementor-invisible elementor-widget elementor-widget-text-editor" data-id="66218f0" data-element_type="widget" data-settings="{&quot;_animation&quot;:&quot;fadeInUp&quot;}" data-widget_type="text-editor.default">
				<div class="elementor-widget-container">
							<p>Neste workshop, os participantes terão a oportunidade de explorar o potencial da Realidade Aumentada (RA) e da Realidade Virtual (RV) em contexto educativo. Serão apresentados conceitos, exemplos e aplicações práticas destas tecnologias inovadoras, bem como discussões sobre os desafios e oportunidades que elas apresentam para a educação. Os participantes terão a oportunidade de experimentar aplicações de RA e RV em sala de aula e desenvolver as suas próprias ideias de implementação em contexto educativo.</p>						</div>
				</div>
				<div class="elementor-element elementor-element-13d4022 elementor-widget-divider--view-line elementor-widget elementor-widget-divider" data-id="13d4022" data-element_type="widget" data-widget_type="divider.default">
				<div class="elementor-widget-container">
			<style>/*! elementor - v3.13.1 - 09-05-2023 */
.elementor-widget-divider{--divider-border-style:none;--divider-border-width:1px;--divider-color:#0c0d0e;--divider-icon-size:20px;--divider-element-spacing:10px;--divider-pattern-height:24px;--divider-pattern-size:20px;--divider-pattern-url:none;--divider-pattern-repeat:repeat-x}.elementor-widget-divider .elementor-divider{display:flex}.elementor-widget-divider .elementor-divider__text{font-size:15px;line-height:1;max-width:95%}.elementor-widget-divider .elementor-divider__element{margin:0 var(--divider-element-spacing);flex-shrink:0}.elementor-widget-divider .elementor-icon{font-size:var(--divider-icon-size)}.elementor-widget-divider .elementor-divider-separator{display:flex;margin:0;direction:ltr}.elementor-widget-divider--view-line_icon .elementor-divider-separator,.elementor-widget-divider--view-line_text .elementor-divider-separator{align-items:center}.elementor-widget-divider--view-line_icon .elementor-divider-separator:after,.elementor-widget-divider--view-line_icon .elementor-divider-separator:before,.elementor-widget-divider--view-line_text .elementor-divider-separator:after,.elementor-widget-divider--view-line_text .elementor-divider-separator:before{display:block;content:"";border-bottom:0;flex-grow:1;border-top:var(--divider-border-width) var(--divider-border-style) var(--divider-color)}.elementor-widget-divider--element-align-left .elementor-divider .elementor-divider-separator>.elementor-divider__svg:first-of-type{flex-grow:0;flex-shrink:100}.elementor-widget-divider--element-align-left .elementor-divider-separator:before{content:none}.elementor-widget-divider--element-align-left .elementor-divider__element{margin-left:0}.elementor-widget-divider--element-align-right .elementor-divider .elementor-divider-separator>.elementor-divider__svg:last-of-type{flex-grow:0;flex-shrink:100}.elementor-widget-divider--element-align-right .elementor-divider-separator:after{content:none}.elementor-widget-divider--element-align-right .elementor-divider__element{margin-right:0}.elementor-widget-divider:not(.elementor-widget-divider--view-line_text):not(.elementor-widget-divider--view-line_icon) .elementor-divider-separator{border-top:var(--divider-border-width) var(--divider-border-style) var(--divider-color)}.elementor-widget-divider--separator-type-pattern{--divider-border-style:none}.elementor-widget-divider--separator-type-pattern.elementor-widget-divider--view-line .elementor-divider-separator,.elementor-widget-divider--separator-type-pattern:not(.elementor-widget-divider--view-line) .elementor-divider-separator:after,.elementor-widget-divider--separator-type-pattern:not(.elementor-widget-divider--view-line) .elementor-divider-separator:before,.elementor-widget-divider--separator-type-pattern:not([class*=elementor-widget-divider--view]) .elementor-divider-separator{width:100%;min-height:var(--divider-pattern-height);-webkit-mask-size:var(--divider-pattern-size) 100%;mask-size:var(--divider-pattern-size) 100%;-webkit-mask-repeat:var(--divider-pattern-repeat);mask-repeat:var(--divider-pattern-repeat);background-color:var(--divider-color);-webkit-mask-image:var(--divider-pattern-url);mask-image:var(--divider-pattern-url)}.elementor-widget-divider--no-spacing{--divider-pattern-size:auto}.elementor-widget-divider--bg-round{--divider-pattern-repeat:round}.rtl .elementor-widget-divider .elementor-divider__text{direction:rtl}.e-con-inner>.elementor-widget-divider,.e-con>.elementor-widget-divider{width:var(--container-widget-width,100%);--flex-grow:var(--container-widget-flex-grow)}</style>		<div class="elementor-divider">
			<span class="elementor-divider-separator">
						</span>
		</div>
				</div>
				</div>
				<div class="elementor-element elementor-element-f8af89e elementor-invisible elementor-widget elementor-widget-text-editor" data-id="f8af89e" data-element_type="widget" data-settings="{&quot;_animation&quot;:&quot;fadeInUp&quot;}" data-widget_type="text-editor.default">
				<div class="elementor-widget-container">
							<p><strong>Celestino Magalhães</strong>, mestre em Sistemas de Informação e mestre em Tecnologias da Informação e da Comunicação (especialização em Multimédia), investigador em Tecnologia Educativa no CIEd (Centro de Investigação em Educação) na Universidade do Minho e investigador da RECI (Research in Education and Community Intervention) no Instituto Piaget. Encontra-se na fase de conclusão do doutoramento em Ciências da Educação, na especialização de Tecnologia Educativa, no Instituto de Educação da Universidade do Minho. Os interesses de investigação são o uso criativo de vídeo em educação e como a edição de vídeo usando smartphones e tablets pode ser uma estratégia pedagógica na compreensão de conceitos complexos nas áreas STEAM. Coordenador da Pós-Graduação em Tecnologias de Informação e Comunicação: Ecossistemas Híbridos de Aprendizagem no Instituto Piaget de Vila Nova de Gaia e docente convidado no Instituto Piaget. Professor de matemática no Colégio Alfacoop. Co Leader do Google Educator Group &#8211; GEG SUPERTABi Portugal. Co autor do livro “Vamos Marcar um Golo na Matemática?”.</p>						</div>
				</div>
				<div class="elementor-element elementor-element-02d4c1d elementor-invisible elementor-widget elementor-widget-text-editor" data-id="02d4c1d" data-element_type="widget" data-settings="{&quot;_animation&quot;:&quot;fadeInUp&quot;}" data-widget_type="text-editor.default">
				<div class="elementor-widget-container">
							<p>Marco Bento &#8211; Professor na Escola Superior de Educação de Coimbra. Instituto Politécnico de Coimbra<br />Investigador Integrado no Núcleo de Investigação, Educação, Formação e Intervenção (NIEFI &#8211; ESEC),Escola Superior de Educação de Coimbra<br />Investigador Colaborador no Grupo de Pesquisa e Formação de Professores e Tecnologias Educacionais da Fundação de Apoio à Escola Técnica do Estado do Rio de Janeiro – FAETEC, Instituto Superior de Educação do Rio de Janeiro.<br />Líder do Núcleo de Investigação e Pesquisa de Tecnologia Educativa Luso-Brasileiro &#8211; NIPTecEDU <br />Investigador em Tecnologia Educativa, Centro de Investigação em Educação (CIEd), Universidade do Minho<br />Consultor Pedagógico em Educação<br />Coordenador do Projeto SUPERTABi Maia</p>						</div>
				</div>
					</div>
				</div>
							</div>

<p>Sessão Prática &#8211; TIC@Portugal&#8217;23 &#8211; Coimbra &#8211; Escola Secundária de Avelar Brotero Por Celestino Magalhães – Instituto Piaget e Marco Bento – Escola Superior de Educação de Coimbra Neste workshop, os participantes terão a oportunidade de explorar o potencial da Realidade Aumentada (RA) e da Realidade Virtual (RV) em contexto educativo. Serão apresentados conceitos, exemplos e aplicações práticas destas tecnologias inovadoras, bem como discussões sobre os desafios e oportunidades que elas apresentam para a educação. Os participantes terão a oportunidade de experimentar aplicações de RA e RV em sala de aula e desenvolver as suas próprias ideias de implementação em contexto…</p>
