{"id":1595,"date":"2023-06-20T07:20:50","date_gmt":"2023-06-20T07:20:50","guid":{"rendered":"https:\/\/wordpress.educom.pt\/TIC-Portugal-23\/?page_id=1595"},"modified":"2023-06-20T07:23:04","modified_gmt":"2023-06-20T07:23:04","slug":"cc6san-cid-dig","status":"publish","type":"page","link":"https:\/\/wordpress.educom.pt\/TIC-Portugal-23\/cc6san-cid-dig\/","title":{"rendered":"Cidadania Digital contributo \u00e0 inclus\u00e3o"},"content":{"rendered":"\t\t<div data-elementor-type=\"wp-page\" data-elementor-id=\"1595\" class=\"elementor elementor-1595\">\n\t\t\t\t\t\t\t<div class=\"elementor-element elementor-element-9f4961d e-con-boxed e-flex e-con\" data-id=\"9f4961d\" data-element_type=\"container\" data-settings=\"{&quot;content_width&quot;:&quot;boxed&quot;}\">\n\t\t\t\t\t<div class=\"e-con-inner\">\n\t\t\t\t<div class=\"elementor-element elementor-element-fdebc36 elementor-widget elementor-widget-heading\" data-id=\"fdebc36\" data-element_type=\"widget\" data-widget_type=\"heading.default\">\n\t\t\t\t<div class=\"elementor-widget-container\">\n\t\t\t<style>\/*! elementor - v3.13.1 - 09-05-2023 *\/\n.elementor-heading-title{padding:0;margin:0;line-height:1}.elementor-widget-heading .elementor-heading-title[class*=elementor-size-]>a{color:inherit;font-size:inherit;line-height:inherit}.elementor-widget-heading .elementor-heading-title.elementor-size-small{font-size:15px}.elementor-widget-heading .elementor-heading-title.elementor-size-medium{font-size:19px}.elementor-widget-heading .elementor-heading-title.elementor-size-large{font-size:29px}.elementor-widget-heading .elementor-heading-title.elementor-size-xl{font-size:39px}.elementor-widget-heading .elementor-heading-title.elementor-size-xxl{font-size:59px}<\/style><h6 class=\"elementor-heading-title elementor-size-default\">Comunica\u00e7\u00e3o Convencional - TIC@Portugal'23 - Santar\u00e9m<\/h6>\t\t<\/div>\n\t\t\t\t<\/div>\n\t\t\t\t<div class=\"elementor-element elementor-element-d58c4f4 elementor-invisible elementor-widget elementor-widget-text-editor\" data-id=\"d58c4f4\" data-element_type=\"widget\" data-settings=\"{&quot;_animation&quot;:&quot;fadeInDown&quot;}\" data-widget_type=\"text-editor.default\">\n\t\t\t\t<div class=\"elementor-widget-container\">\n\t\t\t<style>\/*! elementor - v3.13.1 - 09-05-2023 *\/\n.elementor-widget-text-editor.elementor-drop-cap-view-stacked .elementor-drop-cap{background-color:#69727d;color:#fff}.elementor-widget-text-editor.elementor-drop-cap-view-framed .elementor-drop-cap{color:#69727d;border:3px solid;background-color:transparent}.elementor-widget-text-editor:not(.elementor-drop-cap-view-default) .elementor-drop-cap{margin-top:8px}.elementor-widget-text-editor:not(.elementor-drop-cap-view-default) .elementor-drop-cap-letter{width:1em;height:1em}.elementor-widget-text-editor .elementor-drop-cap{float:left;text-align:center;line-height:1;font-size:50px}.elementor-widget-text-editor .elementor-drop-cap-letter{display:inline-block}<\/style>\t\t\t\t<p>Por <strong>Catarina Samartinho<\/strong><span data-sheets-value=\"{&quot;1&quot;:2,&quot;2&quot;:&quot;Patr\u00edcia Alexandra Lu\u00edsa Viegas&quot;}\" data-sheets-userformat=\"{&quot;2&quot;:8897,&quot;3&quot;:{&quot;1&quot;:0},&quot;9&quot;:1,&quot;10&quot;:0,&quot;12&quot;:0,&quot;16&quot;:12}\">, Agrupamento Gil Paes de Torres Novas<\/span><\/p>\t\t\t\t\t\t<\/div>\n\t\t\t\t<\/div>\n\t\t\t\t<div class=\"elementor-element elementor-element-66218f0 elementor-invisible elementor-widget elementor-widget-text-editor\" data-id=\"66218f0\" data-element_type=\"widget\" data-settings=\"{&quot;_animation&quot;:&quot;fadeInUp&quot;}\" data-widget_type=\"text-editor.default\">\n\t\t\t\t<div class=\"elementor-widget-container\">\n\t\t\t\t\t\t\t<p>Pretendemos partilhar o trabalho colaborativo e inclusivo, feito ao logo deste ano letivo 22\/23 entre o Pr\u00e9-escolar e o Primeiro Ciclo no Centro Escolar de Olaia e Pa\u00e7o, que se encontra sediado na aldeia da Lamarosa e que est\u00e1 integrado no Agrupamento Gil Paes de Torres Novas. Os alunos foram sensibilizados para os desafios propostos pela SeguraNet, foram utilizados v\u00e1rios recursos e jogos disponibilizados no site e tamb\u00e9m dinamizamos sess\u00f5es conjuntas com o Pr\u00e9-Escolar com o objetivo de envolver, esclarecer e ensinar os alunos sobre a import\u00e2ncia da Cidadania Digital. Os alunos participaram nos tr\u00eas desafios sempre em grupos e onde foram inclu\u00eddos os alunos com NE (Necessidades Espec\u00edficas). Pretendemos mostrar com este trabalho a import\u00e2ncia quer da cidadania digital para o dia a dia dos jovens, quer do trabalho colaborativo e inclusivo, n\u00e3o deixando ningu\u00e9m para tr\u00e1s e proporcionando diferentes ritmos de trabalho e de aprendizagens ao longo dos desafios. Foram abordados temas como a Ciberseguran\u00e7a, <em>Bullying<\/em> e <em>Ciberbullying<\/em> e o tema o tema &#8220;Menos vida virtual, mais vida real&#8221;. Para participarem nestes desafios foram utilizadas v\u00e1rios recursos educativos digitais (RED), como <em>Paddlet, Storyjumper, storybboar That<\/em>, que proporcionam um trabalho mais inclusivo, mais motivador e dando oportunidade a que todos estivessem envolvidos e pudessem demostrar as aprendizagens feitas. Salientamos aqui que este trabalho colaborativo permitiu desenvolver compet\u00eancias digitais, compet\u00eancias de escrita e de linguagem na constru\u00e7\u00e3o das bandas desenhadas e <em>eBook<\/em>, n\u00e3o menos importante o trabalho colaborativo que proporcionou levantar a autoestima especialmente dos alunos com NE.<\/p>\t\t\t\t\t\t<\/div>\n\t\t\t\t<\/div>\n\t\t\t\t\t<\/div>\n\t\t\t\t<\/div>\n\t\t\t\t\t\t\t<\/div>\n\t\t","protected":false},"excerpt":{"rendered":"<p>Comunica\u00e7\u00e3o Convencional &#8211; TIC@Portugal&#8217;23 &#8211; Santar\u00e9m Por Catarina Samartinho, Agrupamento Gil Paes de Torres Novas Pretendemos partilhar o trabalho colaborativo e inclusivo, feito ao logo deste ano letivo 22\/23 entre o Pr\u00e9-escolar e o Primeiro Ciclo no Centro Escolar de Olaia e Pa\u00e7o, que se encontra sediado na aldeia da Lamarosa e que est\u00e1 integrado no Agrupamento Gil Paes de Torres Novas. Os alunos foram sensibilizados para os desafios propostos pela SeguraNet, foram utilizados v\u00e1rios recursos e jogos disponibilizados no site e tamb\u00e9m dinamizamos sess\u00f5es conjuntas com o Pr\u00e9-Escolar com o objetivo de envolver, esclarecer e ensinar os alunos sobre\u2026<\/p>\n","protected":false},"author":2,"featured_media":0,"parent":0,"menu_order":0,"comment_status":"closed","ping_status":"closed","template":"","meta":{"footnotes":""},"class_list":["post-1595","page","type-page","status-publish","hentry"],"blocksy_meta":"","_links":{"self":[{"href":"https:\/\/wordpress.educom.pt\/TIC-Portugal-23\/wp-json\/wp\/v2\/pages\/1595","targetHints":{"allow":["GET"]}}],"collection":[{"href":"https:\/\/wordpress.educom.pt\/TIC-Portugal-23\/wp-json\/wp\/v2\/pages"}],"about":[{"href":"https:\/\/wordpress.educom.pt\/TIC-Portugal-23\/wp-json\/wp\/v2\/types\/page"}],"author":[{"embeddable":true,"href":"https:\/\/wordpress.educom.pt\/TIC-Portugal-23\/wp-json\/wp\/v2\/users\/2"}],"replies":[{"embeddable":true,"href":"https:\/\/wordpress.educom.pt\/TIC-Portugal-23\/wp-json\/wp\/v2\/comments?post=1595"}],"version-history":[{"count":4,"href":"https:\/\/wordpress.educom.pt\/TIC-Portugal-23\/wp-json\/wp\/v2\/pages\/1595\/revisions"}],"predecessor-version":[{"id":1600,"href":"https:\/\/wordpress.educom.pt\/TIC-Portugal-23\/wp-json\/wp\/v2\/pages\/1595\/revisions\/1600"}],"wp:attachment":[{"href":"https:\/\/wordpress.educom.pt\/TIC-Portugal-23\/wp-json\/wp\/v2\/media?parent=1595"}],"curies":[{"name":"wp","href":"https:\/\/api.w.org\/{rel}","templated":true}]}}

Cidadania Digital contributo à inclusão

<div data-elementor-type="wp-page" data-elementor-id="1595" class="elementor elementor-1595">
							<div class="elementor-element elementor-element-9f4961d e-con-boxed e-flex e-con" data-id="9f4961d" data-element_type="container" data-settings="{&quot;content_width&quot;:&quot;boxed&quot;}">
					<div class="e-con-inner">
				<div class="elementor-element elementor-element-fdebc36 elementor-widget elementor-widget-heading" data-id="fdebc36" data-element_type="widget" data-widget_type="heading.default">
				<div class="elementor-widget-container">
			<style>/*! elementor - v3.13.1 - 09-05-2023 */
.elementor-heading-title{padding:0;margin:0;line-height:1}.elementor-widget-heading .elementor-heading-title[class*=elementor-size-]>a{color:inherit;font-size:inherit;line-height:inherit}.elementor-widget-heading .elementor-heading-title.elementor-size-small{font-size:15px}.elementor-widget-heading .elementor-heading-title.elementor-size-medium{font-size:19px}.elementor-widget-heading .elementor-heading-title.elementor-size-large{font-size:29px}.elementor-widget-heading .elementor-heading-title.elementor-size-xl{font-size:39px}.elementor-widget-heading .elementor-heading-title.elementor-size-xxl{font-size:59px}</style><h6 class="elementor-heading-title elementor-size-default">Comunicação Convencional - TIC@Portugal'23 - Santarém</h6>		</div>
				</div>
				<div class="elementor-element elementor-element-d58c4f4 elementor-invisible elementor-widget elementor-widget-text-editor" data-id="d58c4f4" data-element_type="widget" data-settings="{&quot;_animation&quot;:&quot;fadeInDown&quot;}" data-widget_type="text-editor.default">
				<div class="elementor-widget-container">
			<style>/*! elementor - v3.13.1 - 09-05-2023 */
.elementor-widget-text-editor.elementor-drop-cap-view-stacked .elementor-drop-cap{background-color:#69727d;color:#fff}.elementor-widget-text-editor.elementor-drop-cap-view-framed .elementor-drop-cap{color:#69727d;border:3px solid;background-color:transparent}.elementor-widget-text-editor:not(.elementor-drop-cap-view-default) .elementor-drop-cap{margin-top:8px}.elementor-widget-text-editor:not(.elementor-drop-cap-view-default) .elementor-drop-cap-letter{width:1em;height:1em}.elementor-widget-text-editor .elementor-drop-cap{float:left;text-align:center;line-height:1;font-size:50px}.elementor-widget-text-editor .elementor-drop-cap-letter{display:inline-block}</style>				<p>Por <strong>Catarina Samartinho</strong><span data-sheets-value="{&quot;1&quot;:2,&quot;2&quot;:&quot;Patrícia Alexandra Luísa Viegas&quot;}" data-sheets-userformat="{&quot;2&quot;:8897,&quot;3&quot;:{&quot;1&quot;:0},&quot;9&quot;:1,&quot;10&quot;:0,&quot;12&quot;:0,&quot;16&quot;:12}">, Agrupamento Gil Paes de Torres Novas</span></p>						</div>
				</div>
				<div class="elementor-element elementor-element-66218f0 elementor-invisible elementor-widget elementor-widget-text-editor" data-id="66218f0" data-element_type="widget" data-settings="{&quot;_animation&quot;:&quot;fadeInUp&quot;}" data-widget_type="text-editor.default">
				<div class="elementor-widget-container">
							<p>Pretendemos partilhar o trabalho colaborativo e inclusivo, feito ao logo deste ano letivo 22/23 entre o Pré-escolar e o Primeiro Ciclo no Centro Escolar de Olaia e Paço, que se encontra sediado na aldeia da Lamarosa e que está integrado no Agrupamento Gil Paes de Torres Novas. Os alunos foram sensibilizados para os desafios propostos pela SeguraNet, foram utilizados vários recursos e jogos disponibilizados no site e também dinamizamos sessões conjuntas com o Pré-Escolar com o objetivo de envolver, esclarecer e ensinar os alunos sobre a importância da Cidadania Digital. Os alunos participaram nos três desafios sempre em grupos e onde foram incluídos os alunos com NE (Necessidades Específicas). Pretendemos mostrar com este trabalho a importância quer da cidadania digital para o dia a dia dos jovens, quer do trabalho colaborativo e inclusivo, não deixando ninguém para trás e proporcionando diferentes ritmos de trabalho e de aprendizagens ao longo dos desafios. Foram abordados temas como a Cibersegurança, <em>Bullying</em> e <em>Ciberbullying</em> e o tema o tema &#8220;Menos vida virtual, mais vida real&#8221;. Para participarem nestes desafios foram utilizadas vários recursos educativos digitais (RED), como <em>Paddlet, Storyjumper, storybboar That</em>, que proporcionam um trabalho mais inclusivo, mais motivador e dando oportunidade a que todos estivessem envolvidos e pudessem demostrar as aprendizagens feitas. Salientamos aqui que este trabalho colaborativo permitiu desenvolver competências digitais, competências de escrita e de linguagem na construção das bandas desenhadas e <em>eBook</em>, não menos importante o trabalho colaborativo que proporcionou levantar a autoestima especialmente dos alunos com NE.</p>						</div>
				</div>
					</div>
				</div>
							</div>

<p>Comunicação Convencional &#8211; TIC@Portugal&#8217;23 &#8211; Santarém Por Catarina Samartinho, Agrupamento Gil Paes de Torres Novas Pretendemos partilhar o trabalho colaborativo e inclusivo, feito ao logo deste ano letivo 22/23 entre o Pré-escolar e o Primeiro Ciclo no Centro Escolar de Olaia e Paço, que se encontra sediado na aldeia da Lamarosa e que está integrado no Agrupamento Gil Paes de Torres Novas. Os alunos foram sensibilizados para os desafios propostos pela SeguraNet, foram utilizados vários recursos e jogos disponibilizados no site e também dinamizamos sessões conjuntas com o Pré-Escolar com o objetivo de envolver, esclarecer e ensinar os alunos sobre…</p>
