{"id":2017,"date":"2023-06-26T14:38:04","date_gmt":"2023-06-26T14:38:04","guid":{"rendered":"https:\/\/wordpress.educom.pt\/TIC-Portugal-23\/?page_id=2017"},"modified":"2023-06-26T14:39:11","modified_gmt":"2023-06-26T14:39:11","slug":"cc7m-robotica","status":"publish","type":"page","link":"https:\/\/wordpress.educom.pt\/TIC-Portugal-23\/cc7m-robotica\/","title":{"rendered":"Pensamento computacional e Rob\u00f3tica"},"content":{"rendered":"\t\t<div data-elementor-type=\"wp-page\" data-elementor-id=\"2017\" class=\"elementor elementor-2017\">\n\t\t\t\t\t\t\t<div class=\"elementor-element elementor-element-9f4961d e-con-boxed e-flex e-con\" data-id=\"9f4961d\" data-element_type=\"container\" data-settings=\"{&quot;content_width&quot;:&quot;boxed&quot;}\">\n\t\t\t\t\t<div class=\"e-con-inner\">\n\t\t\t\t<div class=\"elementor-element elementor-element-fdebc36 elementor-widget elementor-widget-heading\" data-id=\"fdebc36\" data-element_type=\"widget\" data-widget_type=\"heading.default\">\n\t\t\t\t<div class=\"elementor-widget-container\">\n\t\t\t<style>\/*! elementor - v3.13.1 - 09-05-2023 *\/\n.elementor-heading-title{padding:0;margin:0;line-height:1}.elementor-widget-heading .elementor-heading-title[class*=elementor-size-]>a{color:inherit;font-size:inherit;line-height:inherit}.elementor-widget-heading .elementor-heading-title.elementor-size-small{font-size:15px}.elementor-widget-heading .elementor-heading-title.elementor-size-medium{font-size:19px}.elementor-widget-heading .elementor-heading-title.elementor-size-large{font-size:29px}.elementor-widget-heading .elementor-heading-title.elementor-size-xl{font-size:39px}.elementor-widget-heading .elementor-heading-title.elementor-size-xxl{font-size:59px}<\/style><h6 class=\"elementor-heading-title elementor-size-default\">Comunica\u00e7\u00e3o Convencional - TIC@Portugal'23 - Monte de Caparica<\/h6>\t\t<\/div>\n\t\t\t\t<\/div>\n\t\t\t\t<div class=\"elementor-element elementor-element-d58c4f4 elementor-invisible elementor-widget elementor-widget-text-editor\" data-id=\"d58c4f4\" data-element_type=\"widget\" data-settings=\"{&quot;_animation&quot;:&quot;fadeInDown&quot;}\" data-widget_type=\"text-editor.default\">\n\t\t\t\t<div class=\"elementor-widget-container\">\n\t\t\t<style>\/*! elementor - v3.13.1 - 09-05-2023 *\/\n.elementor-widget-text-editor.elementor-drop-cap-view-stacked .elementor-drop-cap{background-color:#69727d;color:#fff}.elementor-widget-text-editor.elementor-drop-cap-view-framed .elementor-drop-cap{color:#69727d;border:3px solid;background-color:transparent}.elementor-widget-text-editor:not(.elementor-drop-cap-view-default) .elementor-drop-cap{margin-top:8px}.elementor-widget-text-editor:not(.elementor-drop-cap-view-default) .elementor-drop-cap-letter{width:1em;height:1em}.elementor-widget-text-editor .elementor-drop-cap{float:left;text-align:center;line-height:1;font-size:50px}.elementor-widget-text-editor .elementor-drop-cap-letter{display:inline-block}<\/style>\t\t\t\t<p>Por <span data-sheets-value=\"{&quot;1&quot;:2,&quot;2&quot;:&quot;Projeto \u201cPensar Local, Agir Racional\u201d&quot;}\" data-sheets-userformat=\"{&quot;2&quot;:771,&quot;3&quot;:{&quot;1&quot;:0},&quot;4&quot;:{&quot;1&quot;:2,&quot;2&quot;:16770457},&quot;11&quot;:4,&quot;12&quot;:0}\"><strong> Maximina Raposo<\/strong>, <strong>Elisabete Mariano<\/strong> e <strong>L\u00eddia Lopes<\/strong><\/span>, Agrupamento de Escolas Professor Ruy Lu\u00eds Gomes<\/p>\t\t\t\t\t\t<\/div>\n\t\t\t\t<\/div>\n\t\t\t\t<div class=\"elementor-element elementor-element-66218f0 elementor-invisible elementor-widget elementor-widget-text-editor\" data-id=\"66218f0\" data-element_type=\"widget\" data-settings=\"{&quot;_animation&quot;:&quot;fadeInUp&quot;}\" data-widget_type=\"text-editor.default\">\n\t\t\t\t<div class=\"elementor-widget-container\">\n\t\t\t\t\t\t\t<p>Nesta comunica\u00e7\u00e3o pretende-se apresentar as estrat\u00e9gias definidas pela equipa do projeto \u201cOficina de Rob\u00f3tica\u201d que t\u00eam permitido desenvolver as diferentes atividades com os alunos deste agrupamento.<br \/>O desenvolvimento do pensamento computacional, a utiliza\u00e7\u00e3o de compet\u00eancias digitais e rob\u00f4s na modela\u00e7\u00e3o, simula\u00e7\u00e3o e resolu\u00e7\u00e3o de problemas s\u00e3o objetivos das atividades propostas, com as quais se desenvolve a literacia digital e compet\u00eancias das \u00e1reas STEAM, cruzando a criatividade e a inova\u00e7\u00e3o com atividades mais cient\u00edficas.<\/p>\t\t\t\t\t\t<\/div>\n\t\t\t\t<\/div>\n\t\t\t\t\t<\/div>\n\t\t\t\t<\/div>\n\t\t\t\t\t\t\t<\/div>\n\t\t","protected":false},"excerpt":{"rendered":"<p>Comunica\u00e7\u00e3o Convencional &#8211; TIC@Portugal&#8217;23 &#8211; Monte de Caparica Por Maximina Raposo, Elisabete Mariano e L\u00eddia Lopes, Agrupamento de Escolas Professor Ruy Lu\u00eds Gomes Nesta comunica\u00e7\u00e3o pretende-se apresentar as estrat\u00e9gias definidas pela equipa do projeto \u201cOficina de Rob\u00f3tica\u201d que t\u00eam permitido desenvolver as diferentes atividades com os alunos deste agrupamento.O desenvolvimento do pensamento computacional, a utiliza\u00e7\u00e3o de compet\u00eancias digitais e rob\u00f4s na modela\u00e7\u00e3o, simula\u00e7\u00e3o e resolu\u00e7\u00e3o de problemas s\u00e3o objetivos das atividades propostas, com as quais se desenvolve a literacia digital e compet\u00eancias das \u00e1reas STEAM, cruzando a criatividade e a inova\u00e7\u00e3o com atividades mais cient\u00edficas.<\/p>\n","protected":false},"author":2,"featured_media":0,"parent":0,"menu_order":0,"comment_status":"closed","ping_status":"closed","template":"","meta":{"footnotes":""},"class_list":["post-2017","page","type-page","status-publish","hentry"],"blocksy_meta":"","_links":{"self":[{"href":"https:\/\/wordpress.educom.pt\/TIC-Portugal-23\/wp-json\/wp\/v2\/pages\/2017","targetHints":{"allow":["GET"]}}],"collection":[{"href":"https:\/\/wordpress.educom.pt\/TIC-Portugal-23\/wp-json\/wp\/v2\/pages"}],"about":[{"href":"https:\/\/wordpress.educom.pt\/TIC-Portugal-23\/wp-json\/wp\/v2\/types\/page"}],"author":[{"embeddable":true,"href":"https:\/\/wordpress.educom.pt\/TIC-Portugal-23\/wp-json\/wp\/v2\/users\/2"}],"replies":[{"embeddable":true,"href":"https:\/\/wordpress.educom.pt\/TIC-Portugal-23\/wp-json\/wp\/v2\/comments?post=2017"}],"version-history":[{"count":4,"href":"https:\/\/wordpress.educom.pt\/TIC-Portugal-23\/wp-json\/wp\/v2\/pages\/2017\/revisions"}],"predecessor-version":[{"id":2021,"href":"https:\/\/wordpress.educom.pt\/TIC-Portugal-23\/wp-json\/wp\/v2\/pages\/2017\/revisions\/2021"}],"wp:attachment":[{"href":"https:\/\/wordpress.educom.pt\/TIC-Portugal-23\/wp-json\/wp\/v2\/media?parent=2017"}],"curies":[{"name":"wp","href":"https:\/\/api.w.org\/{rel}","templated":true}]}}

Pensamento computacional e Robótica

<div data-elementor-type="wp-page" data-elementor-id="2017" class="elementor elementor-2017">
							<div class="elementor-element elementor-element-9f4961d e-con-boxed e-flex e-con" data-id="9f4961d" data-element_type="container" data-settings="{&quot;content_width&quot;:&quot;boxed&quot;}">
					<div class="e-con-inner">
				<div class="elementor-element elementor-element-fdebc36 elementor-widget elementor-widget-heading" data-id="fdebc36" data-element_type="widget" data-widget_type="heading.default">
				<div class="elementor-widget-container">
			<style>/*! elementor - v3.13.1 - 09-05-2023 */
.elementor-heading-title{padding:0;margin:0;line-height:1}.elementor-widget-heading .elementor-heading-title[class*=elementor-size-]>a{color:inherit;font-size:inherit;line-height:inherit}.elementor-widget-heading .elementor-heading-title.elementor-size-small{font-size:15px}.elementor-widget-heading .elementor-heading-title.elementor-size-medium{font-size:19px}.elementor-widget-heading .elementor-heading-title.elementor-size-large{font-size:29px}.elementor-widget-heading .elementor-heading-title.elementor-size-xl{font-size:39px}.elementor-widget-heading .elementor-heading-title.elementor-size-xxl{font-size:59px}</style><h6 class="elementor-heading-title elementor-size-default">Comunicação Convencional - TIC@Portugal'23 - Monte de Caparica</h6>		</div>
				</div>
				<div class="elementor-element elementor-element-d58c4f4 elementor-invisible elementor-widget elementor-widget-text-editor" data-id="d58c4f4" data-element_type="widget" data-settings="{&quot;_animation&quot;:&quot;fadeInDown&quot;}" data-widget_type="text-editor.default">
				<div class="elementor-widget-container">
			<style>/*! elementor - v3.13.1 - 09-05-2023 */
.elementor-widget-text-editor.elementor-drop-cap-view-stacked .elementor-drop-cap{background-color:#69727d;color:#fff}.elementor-widget-text-editor.elementor-drop-cap-view-framed .elementor-drop-cap{color:#69727d;border:3px solid;background-color:transparent}.elementor-widget-text-editor:not(.elementor-drop-cap-view-default) .elementor-drop-cap{margin-top:8px}.elementor-widget-text-editor:not(.elementor-drop-cap-view-default) .elementor-drop-cap-letter{width:1em;height:1em}.elementor-widget-text-editor .elementor-drop-cap{float:left;text-align:center;line-height:1;font-size:50px}.elementor-widget-text-editor .elementor-drop-cap-letter{display:inline-block}</style>				<p>Por <span data-sheets-value="{&quot;1&quot;:2,&quot;2&quot;:&quot;Projeto “Pensar Local, Agir Racional”&quot;}" data-sheets-userformat="{&quot;2&quot;:771,&quot;3&quot;:{&quot;1&quot;:0},&quot;4&quot;:{&quot;1&quot;:2,&quot;2&quot;:16770457},&quot;11&quot;:4,&quot;12&quot;:0}"><strong> Maximina Raposo</strong>, <strong>Elisabete Mariano</strong> e <strong>Lídia Lopes</strong></span>, Agrupamento de Escolas Professor Ruy Luís Gomes</p>						</div>
				</div>
				<div class="elementor-element elementor-element-66218f0 elementor-invisible elementor-widget elementor-widget-text-editor" data-id="66218f0" data-element_type="widget" data-settings="{&quot;_animation&quot;:&quot;fadeInUp&quot;}" data-widget_type="text-editor.default">
				<div class="elementor-widget-container">
							<p>Nesta comunicação pretende-se apresentar as estratégias definidas pela equipa do projeto “Oficina de Robótica” que têm permitido desenvolver as diferentes atividades com os alunos deste agrupamento.<br />O desenvolvimento do pensamento computacional, a utilização de competências digitais e robôs na modelação, simulação e resolução de problemas são objetivos das atividades propostas, com as quais se desenvolve a literacia digital e competências das áreas STEAM, cruzando a criatividade e a inovação com atividades mais científicas.</p>						</div>
				</div>
					</div>
				</div>
							</div>

<p>Comunicação Convencional &#8211; TIC@Portugal&#8217;23 &#8211; Monte de Caparica Por Maximina Raposo, Elisabete Mariano e Lídia Lopes, Agrupamento de Escolas Professor Ruy Luís Gomes Nesta comunicação pretende-se apresentar as estratégias definidas pela equipa do projeto “Oficina de Robótica” que têm permitido desenvolver as diferentes atividades com os alunos deste agrupamento.O desenvolvimento do pensamento computacional, a utilização de competências digitais e robôs na modelação, simulação e resolução de problemas são objetivos das atividades propostas, com as quais se desenvolve a literacia digital e competências das áreas STEAM, cruzando a criatividade e a inovação com atividades mais científicas.</p>
