{"id":2288,"date":"2023-07-03T20:37:05","date_gmt":"2023-07-03T20:37:05","guid":{"rendered":"https:\/\/wordpress.educom.pt\/TIC-Portugal-23\/?page_id=2288"},"modified":"2023-07-03T20:38:12","modified_gmt":"2023-07-03T20:38:12","slug":"sp2seia-dvet","status":"publish","type":"page","link":"https:\/\/wordpress.educom.pt\/TIC-Portugal-23\/sp2seia-dvet\/","title":{"rendered":"DVET \u2013 Desenvolvimento de aulas online direcionadas para o Ensino Profissional"},"content":{"rendered":"\t\t<div data-elementor-type=\"wp-page\" data-elementor-id=\"2288\" class=\"elementor elementor-2288\">\n\t\t\t\t\t\t\t<div class=\"elementor-element elementor-element-9f4961d e-con-boxed e-flex e-con\" data-id=\"9f4961d\" data-element_type=\"container\" data-settings=\"{&quot;content_width&quot;:&quot;boxed&quot;}\">\n\t\t\t\t\t<div class=\"e-con-inner\">\n\t\t\t\t<div class=\"elementor-element elementor-element-fdebc36 elementor-widget elementor-widget-heading\" data-id=\"fdebc36\" data-element_type=\"widget\" data-widget_type=\"heading.default\">\n\t\t\t\t<div class=\"elementor-widget-container\">\n\t\t\t<style>\/*! elementor - v3.13.1 - 09-05-2023 *\/\n.elementor-heading-title{padding:0;margin:0;line-height:1}.elementor-widget-heading .elementor-heading-title[class*=elementor-size-]>a{color:inherit;font-size:inherit;line-height:inherit}.elementor-widget-heading .elementor-heading-title.elementor-size-small{font-size:15px}.elementor-widget-heading .elementor-heading-title.elementor-size-medium{font-size:19px}.elementor-widget-heading .elementor-heading-title.elementor-size-large{font-size:29px}.elementor-widget-heading .elementor-heading-title.elementor-size-xl{font-size:39px}.elementor-widget-heading .elementor-heading-title.elementor-size-xxl{font-size:59px}<\/style><h6 class=\"elementor-heading-title elementor-size-default\">Sess\u00e3o Pr\u00e1tica - TIC@Portugal'23 - Seia<\/h6>\t\t<\/div>\n\t\t\t\t<\/div>\n\t\t\t\t<div class=\"elementor-element elementor-element-d58c4f4 elementor-invisible elementor-widget elementor-widget-text-editor\" data-id=\"d58c4f4\" data-element_type=\"widget\" data-settings=\"{&quot;_animation&quot;:&quot;fadeInDown&quot;}\" data-widget_type=\"text-editor.default\">\n\t\t\t\t<div class=\"elementor-widget-container\">\n\t\t\t<style>\/*! elementor - v3.13.1 - 09-05-2023 *\/\n.elementor-widget-text-editor.elementor-drop-cap-view-stacked .elementor-drop-cap{background-color:#69727d;color:#fff}.elementor-widget-text-editor.elementor-drop-cap-view-framed .elementor-drop-cap{color:#69727d;border:3px solid;background-color:transparent}.elementor-widget-text-editor:not(.elementor-drop-cap-view-default) .elementor-drop-cap{margin-top:8px}.elementor-widget-text-editor:not(.elementor-drop-cap-view-default) .elementor-drop-cap-letter{width:1em;height:1em}.elementor-widget-text-editor .elementor-drop-cap{float:left;text-align:center;line-height:1;font-size:50px}.elementor-widget-text-editor .elementor-drop-cap-letter{display:inline-block}<\/style>\t\t\t\t<p>Por <strong>Filipe Moreira<\/strong> e <strong>David Oliveira<\/strong>, Associa\u00e7\u00e3o Semente<\/p>\t\t\t\t\t\t<\/div>\n\t\t\t\t<\/div>\n\t\t\t\t<div class=\"elementor-element elementor-element-66218f0 elementor-invisible elementor-widget elementor-widget-text-editor\" data-id=\"66218f0\" data-element_type=\"widget\" data-settings=\"{&quot;_animation&quot;:&quot;fadeInUp&quot;}\" data-widget_type=\"text-editor.default\">\n\t\t\t\t<div class=\"elementor-widget-container\">\n\t\t\t\t\t\t\t<p dir=\"ltr\">Com o surgimento da pandemia de Covid-19 e a necessidade de confinamentos prolongados, as institui\u00e7\u00f5es viram-se obrigadas a adaptar as suas pr\u00e1ticas a uma nova realidade. A \u00e1rea da Educa\u00e7\u00e3o n\u00e3o foi exce\u00e7\u00e3o, com todos os constrangimentos que isso causou.<\/p><p dir=\"ltr\">No caso particular do Ensino Profissional e Vocacional, as dificuldades foram especialmente acrescidas, uma vez que \u00e9 um ensino essencialmente direcionado para a pr\u00e1tica. Nesta realidade, surgiu o projeto DVET (com financiamento da Comiss\u00e3o Europeia atrav\u00e9s do Erasmus+) com o objetivo de desenvolver uma metodologia para a cria\u00e7\u00e3o de aulas online para o Ensino Profissional, assim como uma base de dados aberta e online com recursos para este n\u00edvel de ensino.<\/p><p dir=\"ltr\">Neste workshop iremos conhecer mais em pormenor os resultados do projeto at\u00e9 ao momento, explorar, analisar e avaliar os recursos desenvolvidos.<\/p><p dir=\"ltr\"><strong>Destinat\u00e1rios:<\/strong> professores que lecionem a\u00a0 cursos profissionais<\/p><p dir=\"ltr\"><strong>Requisitos de participa\u00e7\u00e3o:<\/strong> computador com acesso \u00e0 internet<\/p>\t\t\t\t\t\t<\/div>\n\t\t\t\t<\/div>\n\t\t\t\t\t<\/div>\n\t\t\t\t<\/div>\n\t\t\t\t\t\t\t<\/div>\n\t\t","protected":false},"excerpt":{"rendered":"<p>Sess\u00e3o Pr\u00e1tica &#8211; TIC@Portugal&#8217;23 &#8211; Seia Por Filipe Moreira e David Oliveira, Associa\u00e7\u00e3o Semente Com o surgimento da pandemia de Covid-19 e a necessidade de confinamentos prolongados, as institui\u00e7\u00f5es viram-se obrigadas a adaptar as suas pr\u00e1ticas a uma nova realidade. A \u00e1rea da Educa\u00e7\u00e3o n\u00e3o foi exce\u00e7\u00e3o, com todos os constrangimentos que isso causou. No caso particular do Ensino Profissional e Vocacional, as dificuldades foram especialmente acrescidas, uma vez que \u00e9 um ensino essencialmente direcionado para a pr\u00e1tica. Nesta realidade, surgiu o projeto DVET (com financiamento da Comiss\u00e3o Europeia atrav\u00e9s do Erasmus+) com o objetivo de desenvolver uma metodologia para\u2026<\/p>\n","protected":false},"author":2,"featured_media":0,"parent":0,"menu_order":0,"comment_status":"closed","ping_status":"closed","template":"","meta":{"footnotes":""},"class_list":["post-2288","page","type-page","status-publish","hentry"],"blocksy_meta":"","_links":{"self":[{"href":"https:\/\/wordpress.educom.pt\/TIC-Portugal-23\/wp-json\/wp\/v2\/pages\/2288","targetHints":{"allow":["GET"]}}],"collection":[{"href":"https:\/\/wordpress.educom.pt\/TIC-Portugal-23\/wp-json\/wp\/v2\/pages"}],"about":[{"href":"https:\/\/wordpress.educom.pt\/TIC-Portugal-23\/wp-json\/wp\/v2\/types\/page"}],"author":[{"embeddable":true,"href":"https:\/\/wordpress.educom.pt\/TIC-Portugal-23\/wp-json\/wp\/v2\/users\/2"}],"replies":[{"embeddable":true,"href":"https:\/\/wordpress.educom.pt\/TIC-Portugal-23\/wp-json\/wp\/v2\/comments?post=2288"}],"version-history":[{"count":4,"href":"https:\/\/wordpress.educom.pt\/TIC-Portugal-23\/wp-json\/wp\/v2\/pages\/2288\/revisions"}],"predecessor-version":[{"id":2295,"href":"https:\/\/wordpress.educom.pt\/TIC-Portugal-23\/wp-json\/wp\/v2\/pages\/2288\/revisions\/2295"}],"wp:attachment":[{"href":"https:\/\/wordpress.educom.pt\/TIC-Portugal-23\/wp-json\/wp\/v2\/media?parent=2288"}],"curies":[{"name":"wp","href":"https:\/\/api.w.org\/{rel}","templated":true}]}}

<div data-elementor-type="wp-page" data-elementor-id="2288" class="elementor elementor-2288">
							<div class="elementor-element elementor-element-9f4961d e-con-boxed e-flex e-con" data-id="9f4961d" data-element_type="container" data-settings="{&quot;content_width&quot;:&quot;boxed&quot;}">
					<div class="e-con-inner">
				<div class="elementor-element elementor-element-fdebc36 elementor-widget elementor-widget-heading" data-id="fdebc36" data-element_type="widget" data-widget_type="heading.default">
				<div class="elementor-widget-container">
			<style>/*! elementor - v3.13.1 - 09-05-2023 */
.elementor-heading-title{padding:0;margin:0;line-height:1}.elementor-widget-heading .elementor-heading-title[class*=elementor-size-]>a{color:inherit;font-size:inherit;line-height:inherit}.elementor-widget-heading .elementor-heading-title.elementor-size-small{font-size:15px}.elementor-widget-heading .elementor-heading-title.elementor-size-medium{font-size:19px}.elementor-widget-heading .elementor-heading-title.elementor-size-large{font-size:29px}.elementor-widget-heading .elementor-heading-title.elementor-size-xl{font-size:39px}.elementor-widget-heading .elementor-heading-title.elementor-size-xxl{font-size:59px}</style><h6 class="elementor-heading-title elementor-size-default">Sessão Prática - TIC@Portugal'23 - Seia</h6>		</div>
				</div>
				<div class="elementor-element elementor-element-d58c4f4 elementor-invisible elementor-widget elementor-widget-text-editor" data-id="d58c4f4" data-element_type="widget" data-settings="{&quot;_animation&quot;:&quot;fadeInDown&quot;}" data-widget_type="text-editor.default">
				<div class="elementor-widget-container">
			<style>/*! elementor - v3.13.1 - 09-05-2023 */
.elementor-widget-text-editor.elementor-drop-cap-view-stacked .elementor-drop-cap{background-color:#69727d;color:#fff}.elementor-widget-text-editor.elementor-drop-cap-view-framed .elementor-drop-cap{color:#69727d;border:3px solid;background-color:transparent}.elementor-widget-text-editor:not(.elementor-drop-cap-view-default) .elementor-drop-cap{margin-top:8px}.elementor-widget-text-editor:not(.elementor-drop-cap-view-default) .elementor-drop-cap-letter{width:1em;height:1em}.elementor-widget-text-editor .elementor-drop-cap{float:left;text-align:center;line-height:1;font-size:50px}.elementor-widget-text-editor .elementor-drop-cap-letter{display:inline-block}</style>				<p>Por <strong>Filipe Moreira</strong> e <strong>David Oliveira</strong>, Associação Semente</p>						</div>
				</div>
				<div class="elementor-element elementor-element-66218f0 elementor-invisible elementor-widget elementor-widget-text-editor" data-id="66218f0" data-element_type="widget" data-settings="{&quot;_animation&quot;:&quot;fadeInUp&quot;}" data-widget_type="text-editor.default">
				<div class="elementor-widget-container">
							<p dir="ltr">Com o surgimento da pandemia de Covid-19 e a necessidade de confinamentos prolongados, as instituições viram-se obrigadas a adaptar as suas práticas a uma nova realidade. A área da Educação não foi exceção, com todos os constrangimentos que isso causou.</p><p dir="ltr">No caso particular do Ensino Profissional e Vocacional, as dificuldades foram especialmente acrescidas, uma vez que é um ensino essencialmente direcionado para a prática. Nesta realidade, surgiu o projeto DVET (com financiamento da Comissão Europeia através do Erasmus+) com o objetivo de desenvolver uma metodologia para a criação de aulas online para o Ensino Profissional, assim como uma base de dados aberta e online com recursos para este nível de ensino.</p><p dir="ltr">Neste workshop iremos conhecer mais em pormenor os resultados do projeto até ao momento, explorar, analisar e avaliar os recursos desenvolvidos.</p><p dir="ltr"><strong>Destinatários:</strong> professores que lecionem a  cursos profissionais</p><p dir="ltr"><strong>Requisitos de participação:</strong> computador com acesso à internet</p>						</div>
				</div>
					</div>
				</div>
							</div>

<p>Sessão Prática &#8211; TIC@Portugal&#8217;23 &#8211; Seia Por Filipe Moreira e David Oliveira, Associação Semente Com o surgimento da pandemia de Covid-19 e a necessidade de confinamentos prolongados, as instituições viram-se obrigadas a adaptar as suas práticas a uma nova realidade. A área da Educação não foi exceção, com todos os constrangimentos que isso causou. No caso particular do Ensino Profissional e Vocacional, as dificuldades foram especialmente acrescidas, uma vez que é um ensino essencialmente direcionado para a prática. Nesta realidade, surgiu o projeto DVET (com financiamento da Comissão Europeia através do Erasmus+) com o objetivo de desenvolver uma metodologia para…</p>
