{"id":2302,"date":"2023-07-03T20:41:35","date_gmt":"2023-07-03T20:41:35","guid":{"rendered":"https:\/\/wordpress.educom.pt\/TIC-Portugal-23\/?page_id=2302"},"modified":"2023-07-03T20:42:11","modified_gmt":"2023-07-03T20:42:11","slug":"sp5seia-a4g","status":"publish","type":"page","link":"https:\/\/wordpress.educom.pt\/TIC-Portugal-23\/sp5seia-a4g\/","title":{"rendered":"Capacitar para a Inova\u00e7\u00e3o, Tecnologia e Empreendedorismo com o Programa Apps for Good"},"content":{"rendered":"\t\t<div data-elementor-type=\"wp-page\" data-elementor-id=\"2302\" class=\"elementor elementor-2302\">\n\t\t\t\t\t\t\t<div class=\"elementor-element elementor-element-9f4961d e-con-boxed e-flex e-con\" data-id=\"9f4961d\" data-element_type=\"container\" data-settings=\"{&quot;content_width&quot;:&quot;boxed&quot;}\">\n\t\t\t\t\t<div class=\"e-con-inner\">\n\t\t\t\t<div class=\"elementor-element elementor-element-fdebc36 elementor-widget elementor-widget-heading\" data-id=\"fdebc36\" data-element_type=\"widget\" data-widget_type=\"heading.default\">\n\t\t\t\t<div class=\"elementor-widget-container\">\n\t\t\t<style>\/*! elementor - v3.13.1 - 09-05-2023 *\/\n.elementor-heading-title{padding:0;margin:0;line-height:1}.elementor-widget-heading .elementor-heading-title[class*=elementor-size-]>a{color:inherit;font-size:inherit;line-height:inherit}.elementor-widget-heading .elementor-heading-title.elementor-size-small{font-size:15px}.elementor-widget-heading .elementor-heading-title.elementor-size-medium{font-size:19px}.elementor-widget-heading .elementor-heading-title.elementor-size-large{font-size:29px}.elementor-widget-heading .elementor-heading-title.elementor-size-xl{font-size:39px}.elementor-widget-heading .elementor-heading-title.elementor-size-xxl{font-size:59px}<\/style><h6 class=\"elementor-heading-title elementor-size-default\">Sess\u00e3o Pr\u00e1tica - TIC@Portugal'23 - Seia<\/h6>\t\t<\/div>\n\t\t\t\t<\/div>\n\t\t\t\t<div class=\"elementor-element elementor-element-d58c4f4 elementor-invisible elementor-widget elementor-widget-text-editor\" data-id=\"d58c4f4\" data-element_type=\"widget\" data-settings=\"{&quot;_animation&quot;:&quot;fadeInDown&quot;}\" data-widget_type=\"text-editor.default\">\n\t\t\t\t<div class=\"elementor-widget-container\">\n\t\t\t<style>\/*! elementor - v3.13.1 - 09-05-2023 *\/\n.elementor-widget-text-editor.elementor-drop-cap-view-stacked .elementor-drop-cap{background-color:#69727d;color:#fff}.elementor-widget-text-editor.elementor-drop-cap-view-framed .elementor-drop-cap{color:#69727d;border:3px solid;background-color:transparent}.elementor-widget-text-editor:not(.elementor-drop-cap-view-default) .elementor-drop-cap{margin-top:8px}.elementor-widget-text-editor:not(.elementor-drop-cap-view-default) .elementor-drop-cap-letter{width:1em;height:1em}.elementor-widget-text-editor .elementor-drop-cap{float:left;text-align:center;line-height:1;font-size:50px}.elementor-widget-text-editor .elementor-drop-cap-letter{display:inline-block}<\/style>\t\t\t\t<p>Por <strong>Maria Silva<\/strong>, AE de S\u00e1t\u00e3o e EduFor<\/p>\t\t\t\t\t\t<\/div>\n\t\t\t\t<\/div>\n\t\t\t\t<div class=\"elementor-element elementor-element-66218f0 elementor-invisible elementor-widget elementor-widget-text-editor\" data-id=\"66218f0\" data-element_type=\"widget\" data-settings=\"{&quot;_animation&quot;:&quot;fadeInUp&quot;}\" data-widget_type=\"text-editor.default\">\n\t\t\t\t<div class=\"elementor-widget-container\">\n\t\t\t\t\t\t\t<p dir=\"ltr\">Este workshop destina-se a professores interessados em levar inova\u00e7\u00e3o, tecnologia e empreendedorismo para a sala de aula.\u00a0 O programa Apps for Good tem como principal objetivo estimular e capacitar os jovens a aplicarem o potencial da tecnologia para transformar o mundo, desenvolvendo aplica\u00e7\u00f5es que contribuam para a resolu\u00e7\u00e3o de problemas do dia a dia das comunidades nas quais se inserem.\u00a0<\/p><p dir=\"ltr\">Durante a sess\u00e3o, os participantes ter\u00e3o uma vis\u00e3o geral do programa, da sua miss\u00e3o e dos resultados alcan\u00e7ados at\u00e9 ao momento. Ser\u00e3o exploradas diferentes formas de integrar o Programa Apps for Good no curr\u00edculo existente, atrav\u00e9s da apresenta\u00e7\u00e3o das diferentes etapas envolvidas na implementa\u00e7\u00e3o do programa. Os participantes ter\u00e3o a oportunidade de trabalhar em grupos multidisciplinares, no sentido de criarem, colaborativamente, propostas para a integra\u00e7\u00e3o curricular do programa nas suas turmas\/disciplinas. A sess\u00e3o culminar\u00e1 num momento de partilha e reflex\u00e3o final em grande grupo.<\/p><p dir=\"ltr\"><strong>Destinat\u00e1rios:<\/strong> transversal a todos os ciclos (exceto pr\u00e9-escolar) e disciplinas<\/p><p dir=\"ltr\"><strong>Requisitos de participa\u00e7\u00e3o:<\/strong> computador com acesso \u00e0 internet<\/p>\t\t\t\t\t\t<\/div>\n\t\t\t\t<\/div>\n\t\t\t\t\t<\/div>\n\t\t\t\t<\/div>\n\t\t\t\t\t\t\t<\/div>\n\t\t","protected":false},"excerpt":{"rendered":"<p>Sess\u00e3o Pr\u00e1tica &#8211; TIC@Portugal&#8217;23 &#8211; Seia Por Maria Silva, AE de S\u00e1t\u00e3o e EduFor Este workshop destina-se a professores interessados em levar inova\u00e7\u00e3o, tecnologia e empreendedorismo para a sala de aula.\u00a0 O programa Apps for Good tem como principal objetivo estimular e capacitar os jovens a aplicarem o potencial da tecnologia para transformar o mundo, desenvolvendo aplica\u00e7\u00f5es que contribuam para a resolu\u00e7\u00e3o de problemas do dia a dia das comunidades nas quais se inserem.\u00a0 Durante a sess\u00e3o, os participantes ter\u00e3o uma vis\u00e3o geral do programa, da sua miss\u00e3o e dos resultados alcan\u00e7ados at\u00e9 ao momento. Ser\u00e3o exploradas diferentes formas de\u2026<\/p>\n","protected":false},"author":2,"featured_media":0,"parent":0,"menu_order":0,"comment_status":"closed","ping_status":"closed","template":"","meta":{"footnotes":""},"class_list":["post-2302","page","type-page","status-publish","hentry"],"blocksy_meta":"","_links":{"self":[{"href":"https:\/\/wordpress.educom.pt\/TIC-Portugal-23\/wp-json\/wp\/v2\/pages\/2302","targetHints":{"allow":["GET"]}}],"collection":[{"href":"https:\/\/wordpress.educom.pt\/TIC-Portugal-23\/wp-json\/wp\/v2\/pages"}],"about":[{"href":"https:\/\/wordpress.educom.pt\/TIC-Portugal-23\/wp-json\/wp\/v2\/types\/page"}],"author":[{"embeddable":true,"href":"https:\/\/wordpress.educom.pt\/TIC-Portugal-23\/wp-json\/wp\/v2\/users\/2"}],"replies":[{"embeddable":true,"href":"https:\/\/wordpress.educom.pt\/TIC-Portugal-23\/wp-json\/wp\/v2\/comments?post=2302"}],"version-history":[{"count":4,"href":"https:\/\/wordpress.educom.pt\/TIC-Portugal-23\/wp-json\/wp\/v2\/pages\/2302\/revisions"}],"predecessor-version":[{"id":2306,"href":"https:\/\/wordpress.educom.pt\/TIC-Portugal-23\/wp-json\/wp\/v2\/pages\/2302\/revisions\/2306"}],"wp:attachment":[{"href":"https:\/\/wordpress.educom.pt\/TIC-Portugal-23\/wp-json\/wp\/v2\/media?parent=2302"}],"curies":[{"name":"wp","href":"https:\/\/api.w.org\/{rel}","templated":true}]}}

Capacitar para a Inovação, Tecnologia e Empreendedorismo com o Programa Apps for Good

<div data-elementor-type="wp-page" data-elementor-id="2302" class="elementor elementor-2302">
							<div class="elementor-element elementor-element-9f4961d e-con-boxed e-flex e-con" data-id="9f4961d" data-element_type="container" data-settings="{&quot;content_width&quot;:&quot;boxed&quot;}">
					<div class="e-con-inner">
				<div class="elementor-element elementor-element-fdebc36 elementor-widget elementor-widget-heading" data-id="fdebc36" data-element_type="widget" data-widget_type="heading.default">
				<div class="elementor-widget-container">
			<style>/*! elementor - v3.13.1 - 09-05-2023 */
.elementor-heading-title{padding:0;margin:0;line-height:1}.elementor-widget-heading .elementor-heading-title[class*=elementor-size-]>a{color:inherit;font-size:inherit;line-height:inherit}.elementor-widget-heading .elementor-heading-title.elementor-size-small{font-size:15px}.elementor-widget-heading .elementor-heading-title.elementor-size-medium{font-size:19px}.elementor-widget-heading .elementor-heading-title.elementor-size-large{font-size:29px}.elementor-widget-heading .elementor-heading-title.elementor-size-xl{font-size:39px}.elementor-widget-heading .elementor-heading-title.elementor-size-xxl{font-size:59px}</style><h6 class="elementor-heading-title elementor-size-default">Sessão Prática - TIC@Portugal'23 - Seia</h6>		</div>
				</div>
				<div class="elementor-element elementor-element-d58c4f4 elementor-invisible elementor-widget elementor-widget-text-editor" data-id="d58c4f4" data-element_type="widget" data-settings="{&quot;_animation&quot;:&quot;fadeInDown&quot;}" data-widget_type="text-editor.default">
				<div class="elementor-widget-container">
			<style>/*! elementor - v3.13.1 - 09-05-2023 */
.elementor-widget-text-editor.elementor-drop-cap-view-stacked .elementor-drop-cap{background-color:#69727d;color:#fff}.elementor-widget-text-editor.elementor-drop-cap-view-framed .elementor-drop-cap{color:#69727d;border:3px solid;background-color:transparent}.elementor-widget-text-editor:not(.elementor-drop-cap-view-default) .elementor-drop-cap{margin-top:8px}.elementor-widget-text-editor:not(.elementor-drop-cap-view-default) .elementor-drop-cap-letter{width:1em;height:1em}.elementor-widget-text-editor .elementor-drop-cap{float:left;text-align:center;line-height:1;font-size:50px}.elementor-widget-text-editor .elementor-drop-cap-letter{display:inline-block}</style>				<p>Por <strong>Maria Silva</strong>, AE de Sátão e EduFor</p>						</div>
				</div>
				<div class="elementor-element elementor-element-66218f0 elementor-invisible elementor-widget elementor-widget-text-editor" data-id="66218f0" data-element_type="widget" data-settings="{&quot;_animation&quot;:&quot;fadeInUp&quot;}" data-widget_type="text-editor.default">
				<div class="elementor-widget-container">
							<p dir="ltr">Este workshop destina-se a professores interessados em levar inovação, tecnologia e empreendedorismo para a sala de aula.  O programa Apps for Good tem como principal objetivo estimular e capacitar os jovens a aplicarem o potencial da tecnologia para transformar o mundo, desenvolvendo aplicações que contribuam para a resolução de problemas do dia a dia das comunidades nas quais se inserem. </p><p dir="ltr">Durante a sessão, os participantes terão uma visão geral do programa, da sua missão e dos resultados alcançados até ao momento. Serão exploradas diferentes formas de integrar o Programa Apps for Good no currículo existente, através da apresentação das diferentes etapas envolvidas na implementação do programa. Os participantes terão a oportunidade de trabalhar em grupos multidisciplinares, no sentido de criarem, colaborativamente, propostas para a integração curricular do programa nas suas turmas/disciplinas. A sessão culminará num momento de partilha e reflexão final em grande grupo.</p><p dir="ltr"><strong>Destinatários:</strong> transversal a todos os ciclos (exceto pré-escolar) e disciplinas</p><p dir="ltr"><strong>Requisitos de participação:</strong> computador com acesso à internet</p>						</div>
				</div>
					</div>
				</div>
							</div>

<p>Sessão Prática &#8211; TIC@Portugal&#8217;23 &#8211; Seia Por Maria Silva, AE de Sátão e EduFor Este workshop destina-se a professores interessados em levar inovação, tecnologia e empreendedorismo para a sala de aula.  O programa Apps for Good tem como principal objetivo estimular e capacitar os jovens a aplicarem o potencial da tecnologia para transformar o mundo, desenvolvendo aplicações que contribuam para a resolução de problemas do dia a dia das comunidades nas quais se inserem.  Durante a sessão, os participantes terão uma visão geral do programa, da sua missão e dos resultados alcançados até ao momento. Serão exploradas diferentes formas de…</p>
